--
-- Host: 127.0.0.1    Database: hermeswp_fdcraft
-- ------------------------------------------------------


--
-- Table structure for table `addresses`
--

CREATE TABLE `addresses` (
  `id` int(11) NOT NULL,
  `primaryOwnerId` int(11) DEFAULT NULL,
  `fieldId` int(11) DEFAULT NULL,
  `countryCode` varchar(255) NOT NULL,
  `administrativeArea` varchar(255) DEFAULT NULL,
  `locality` varchar(255) DEFAULT NULL,
  `dependentLocality` varchar(255) DEFAULT NULL,
  `postalCode` varchar(255) DEFAULT NULL,
  `sortingCode` varchar(255) DEFAULT NULL,
  `addressLine1` varchar(255) DEFAULT NULL,
  `addressLine2` varchar(255) DEFAULT NULL,
  `addressLine3` varchar(255) DEFAULT NULL,
  `organization` varchar(255) DEFAULT NULL,
  `organizationTaxId` varchar(255) DEFAULT NULL,
  `fullName` varchar(255) DEFAULT NULL,
  `firstName` varchar(255) DEFAULT NULL,
  `lastName` varchar(255) DEFAULT NULL,
  `latitude` varchar(255) DEFAULT NULL,
  `longitude` varchar(255) DEFAULT NULL,
  `dateCreated` datetime NOT NULL,
  `dateUpdated` datetime NOT NULL,
  PRIMARY KEY (`id`),
  KEY `fk_zdmwgposfpccidebkwzqrtnnvpopjqbsbfxm` (`primaryOwnerId`),
  CONSTRAINT `fk_bsithlhlouevgxpwdrxspyhhfenxpjxjqquz` FOREIGN KEY (`id`) REFERENCES `elements` (`id`) ON DELETE CASCADE,
  CONSTRAINT `fk_zdmwgposfpccidebkwzqrtnnvpopjqbsbfxm` FOREIGN KEY (`primaryOwnerId`) REFERENCES `elements` (`id`) ON DELETE CASCADE
) ENGINE=InnoDB DEFAULT CHARSET=utf8mb4 COLLATE=utf8mb4_unicode_ci;

--
-- Table structure for table `announcements`
--

CREATE TABLE `announcements` (
  `id` int(11) NOT NULL AUTO_INCREMENT,
  `userId` int(11) NOT NULL,
  `pluginId` int(11) DEFAULT NULL,
  `heading` varchar(255) NOT NULL,
  `body` text NOT NULL,
  `unread` tinyint(1) NOT NULL DEFAULT 1,
  `dateRead` datetime DEFAULT NULL,
  `dateCreated` datetime NOT NULL,
  PRIMARY KEY (`id`),
  KEY `idx_mklbdqamtkteskakzxsyarlnwzoxhtoiozfq` (`userId`,`unread`,`dateRead`,`dateCreated`),
  KEY `idx_dklwvipvirfjcjjgipltsgfdljbytswpkllc` (`dateRead`),
  KEY `fk_dmeewltiiutgpncuvojoeohvrvqbhbqphgwa` (`pluginId`),
  CONSTRAINT `fk_dmeewltiiutgpncuvojoeohvrvqbhbqphgwa` FOREIGN KEY (`pluginId`) REFERENCES `plugins` (`id`) ON DELETE CASCADE,
  CONSTRAINT `fk_rmovfvpvhalcutocaffkohyeobbvxrvqxycz` FOREIGN KEY (`userId`) REFERENCES `users` (`id`) ON DELETE CASCADE
) ENGINE=InnoDB DEFAULT CHARSET=utf8mb4 COLLATE=utf8mb4_unicode_ci;

--
-- Table structure for table `assetindexingsessions`
--

CREATE TABLE `assetindexingsessions` (
  `id` int(11) NOT NULL AUTO_INCREMENT,
  `indexedVolumes` text DEFAULT NULL,
  `totalEntries` int(11) DEFAULT NULL,
  `processedEntries` int(11) NOT NULL DEFAULT 0,
  `cacheRemoteImages` tinyint(1) DEFAULT NULL,
  `listEmptyFolders` tinyint(1) DEFAULT 0,
  `isCli` tinyint(1) DEFAULT 0,
  `actionRequired` tinyint(1) DEFAULT 0,
  `processIfRootEmpty` tinyint(1) DEFAULT 0,
  `dateCreated` datetime NOT NULL,
  `dateUpdated` datetime NOT NULL,
  `uid` char(36) NOT NULL DEFAULT '0',
  PRIMARY KEY (`id`)
) ENGINE=InnoDB DEFAULT CHARSET=utf8mb4 COLLATE=utf8mb4_unicode_ci;

--
-- Table structure for table `assets`
--

CREATE TABLE `assets` (
  `id` int(11) NOT NULL,
  `volumeId` int(11) DEFAULT NULL,
  `folderId` int(11) NOT NULL,
  `uploaderId` int(11) DEFAULT NULL,
  `filename` varchar(255) NOT NULL,
  `mimeType` varchar(255) DEFAULT NULL,
  `kind` varchar(50) NOT NULL DEFAULT 'unknown',
  `alt` text DEFAULT NULL,
  `width` int(11) unsigned DEFAULT NULL,
  `height` int(11) unsigned DEFAULT NULL,
  `size` bigint(20) unsigned DEFAULT NULL,
  `focalPoint` varchar(13) DEFAULT NULL,
  `deletedWithVolume` tinyint(1) DEFAULT NULL,
  `keptFile` tinyint(1) DEFAULT NULL,
  `dateModified` datetime DEFAULT NULL,
  `dateCreated` datetime NOT NULL,
  `dateUpdated` datetime NOT NULL,
  PRIMARY KEY (`id`),
  KEY `idx_vlvixnyaxnvjsikslumberbvicklpyvnsgqd` (`filename`,`folderId`),
  KEY `idx_pubqgaryiywxgyebqptqanbyamvrpxdefjdf` (`folderId`),
  KEY `idx_bnsdxnuapyqhwxjllziulmbwvaybixatwijr` (`volumeId`),
  KEY `fk_nmgkhdoeagmnmkjrstjoemrwvhchagykjbtv` (`uploaderId`),
  CONSTRAINT `fk_flsxhfiptaftftsxtmzqqtcjchgbihvsryvb` FOREIGN KEY (`folderId`) REFERENCES `volumefolders` (`id`) ON DELETE CASCADE,
  CONSTRAINT `fk_kftxzcqzdwoowmbkgkbjnkjflrctwwwwsdmf` FOREIGN KEY (`id`) REFERENCES `elements` (`id`) ON DELETE CASCADE,
  CONSTRAINT `fk_nmgkhdoeagmnmkjrstjoemrwvhchagykjbtv` FOREIGN KEY (`uploaderId`) REFERENCES `users` (`id`) ON DELETE SET NULL,
  CONSTRAINT `fk_nsmkgfwfcpwvrnuyklmegsekhcoaayootttr` FOREIGN KEY (`volumeId`) REFERENCES `volumes` (`id`) ON DELETE CASCADE
) ENGINE=InnoDB DEFAULT CHARSET=utf8mb4 COLLATE=utf8mb4_unicode_ci;

--
-- Table structure for table `assets_sites`
--

CREATE TABLE `assets_sites` (
  `assetId` int(11) NOT NULL,
  `siteId` int(11) NOT NULL,
  `alt` text DEFAULT NULL,
  PRIMARY KEY (`assetId`,`siteId`),
  KEY `fk_zhsjlxwjzwhfrwpsgucomntdrccfltyckrys` (`siteId`),
  CONSTRAINT `fk_kzpkumidbmspuxgolsnybcgjmworgtygqxnm` FOREIGN KEY (`assetId`) REFERENCES `assets` (`id`) ON DELETE CASCADE,
  CONSTRAINT `fk_zhsjlxwjzwhfrwpsgucomntdrccfltyckrys` FOREIGN KEY (`siteId`) REFERENCES `sites` (`id`) ON DELETE CASCADE ON UPDATE CASCADE
) ENGINE=InnoDB DEFAULT CHARSET=utf8mb4 COLLATE=utf8mb4_unicode_ci;

--
-- Table structure for table `categories`
--

CREATE TABLE `categories` (
  `id` int(11) NOT NULL,
  `groupId` int(11) NOT NULL,
  `parentId` int(11) DEFAULT NULL,
  `deletedWithGroup` tinyint(1) DEFAULT NULL,
  `dateCreated` datetime NOT NULL,
  `dateUpdated` datetime NOT NULL,
  PRIMARY KEY (`id`),
  KEY `idx_uxtwgzceyyumeovymzxkjbupvmtvvldnbvcg` (`groupId`),
  KEY `fk_chkmvvjcyygskrqswerhhlcjnilpgxmirauv` (`parentId`),
  CONSTRAINT `fk_chkmvvjcyygskrqswerhhlcjnilpgxmirauv` FOREIGN KEY (`parentId`) REFERENCES `categories` (`id`) ON DELETE SET NULL,
  CONSTRAINT `fk_mcecwffrqwgtvfglqvgqkteqotzenjynyisg` FOREIGN KEY (`id`) REFERENCES `elements` (`id`) ON DELETE CASCADE,
  CONSTRAINT `fk_zmqzwepqqsacwuhdaiwldksspajcluhqwkul` FOREIGN KEY (`groupId`) REFERENCES `categorygroups` (`id`) ON DELETE CASCADE
) ENGINE=InnoDB DEFAULT CHARSET=utf8mb4 COLLATE=utf8mb4_unicode_ci;

--
-- Table structure for table `categorygroups`
--

CREATE TABLE `categorygroups` (
  `id` int(11) NOT NULL AUTO_INCREMENT,
  `structureId` int(11) NOT NULL,
  `fieldLayoutId` int(11) DEFAULT NULL,
  `name` varchar(255) NOT NULL,
  `handle` varchar(255) NOT NULL,
  `defaultPlacement` enum('beginning','end') NOT NULL DEFAULT 'end',
  `dateCreated` datetime NOT NULL,
  `dateUpdated` datetime NOT NULL,
  `dateDeleted` datetime DEFAULT NULL,
  `uid` char(36) NOT NULL DEFAULT '0',
  PRIMARY KEY (`id`),
  KEY `idx_dqrhjvrasarzqchgigoryignazlxzksewzfi` (`name`),
  KEY `idx_mhstbqaqxtgjaftdhxjyivqxsyjhekmmmlzx` (`handle`),
  KEY `idx_atjkiyzxmtiesmrhaxcnlhaxgmnmdxyztyfh` (`structureId`),
  KEY `idx_lqrxrbbfnylxekzebvaqzxexnwjjkaeltgos` (`fieldLayoutId`),
  KEY `idx_inzhwuwsdhwqhacqwpkxlkottwifbhhznxji` (`dateDeleted`),
  CONSTRAINT `fk_flopklptqxwtsnxhdoduennphxobhqpgmpzl` FOREIGN KEY (`fieldLayoutId`) REFERENCES `fieldlayouts` (`id`) ON DELETE SET NULL,
  CONSTRAINT `fk_waqyecduuxeprkjrkdxpcmyazletozrbndqx` FOREIGN KEY (`structureId`) REFERENCES `structures` (`id`) ON DELETE CASCADE
) ENGINE=InnoDB DEFAULT CHARSET=utf8mb4 COLLATE=utf8mb4_unicode_ci;

--
-- Table structure for table `categorygroups_sites`
--

CREATE TABLE `categorygroups_sites` (
  `id` int(11) NOT NULL AUTO_INCREMENT,
  `groupId` int(11) NOT NULL,
  `siteId` int(11) NOT NULL,
  `hasUrls` tinyint(1) NOT NULL DEFAULT 1,
  `uriFormat` text DEFAULT NULL,
  `template` varchar(500) DEFAULT NULL,
  `dateCreated` datetime NOT NULL,
  `dateUpdated` datetime NOT NULL,
  `uid` char(36) NOT NULL DEFAULT '0',
  PRIMARY KEY (`id`),
  UNIQUE KEY `idx_ihercnnjrjkfetiamsruvbzxbauvqqvtisps` (`groupId`,`siteId`),
  KEY `idx_tgdgxwsjgvhwfexgalyebslfvjnuinzusyay` (`siteId`),
  CONSTRAINT `fk_teffynlgbdlhxcqfeqenfeuvpuyxujbjfwmn` FOREIGN KEY (`siteId`) REFERENCES `sites` (`id`) ON DELETE CASCADE ON UPDATE CASCADE,
  CONSTRAINT `fk_ystabqcvsslretmuhmsfxlkaokkszsuwqeme` FOREIGN KEY (`groupId`) REFERENCES `categorygroups` (`id`) ON DELETE CASCADE
) ENGINE=InnoDB DEFAULT CHARSET=utf8mb4 COLLATE=utf8mb4_unicode_ci;

--
-- Table structure for table `changedattributes`
--

CREATE TABLE `changedattributes` (
  `elementId` int(11) NOT NULL,
  `siteId` int(11) NOT NULL,
  `attribute` varchar(255) NOT NULL,
  `dateUpdated` datetime NOT NULL,
  `propagated` tinyint(1) NOT NULL,
  `userId` int(11) DEFAULT NULL,
  PRIMARY KEY (`elementId`,`siteId`,`attribute`),
  KEY `idx_mwjdsaplrkmtofqhxcbwfxsvzsvndjngrotk` (`elementId`,`siteId`,`dateUpdated`),
  KEY `fk_kacmnyasgozdzaehvmtneskpqlbltmbihnwe` (`siteId`),
  KEY `fk_eikaxcmzhiqfnrzsbrdjaplrtiilhdjwvywn` (`userId`),
  CONSTRAINT `fk_eikaxcmzhiqfnrzsbrdjaplrtiilhdjwvywn` FOREIGN KEY (`userId`) REFERENCES `users` (`id`) ON DELETE SET NULL ON UPDATE CASCADE,
  CONSTRAINT `fk_kacmnyasgozdzaehvmtneskpqlbltmbihnwe` FOREIGN KEY (`siteId`) REFERENCES `sites` (`id`) ON DELETE CASCADE ON UPDATE CASCADE,
  CONSTRAINT `fk_ogykxmuugyieyiiornesjicucmbziztbxluf` FOREIGN KEY (`elementId`) REFERENCES `elements` (`id`) ON DELETE CASCADE ON UPDATE CASCADE
) ENGINE=InnoDB DEFAULT CHARSET=utf8mb4 COLLATE=utf8mb4_unicode_ci;

--
-- Table structure for table `changedfields`
--

CREATE TABLE `changedfields` (
  `elementId` int(11) NOT NULL,
  `siteId` int(11) NOT NULL,
  `fieldId` int(11) NOT NULL,
  `layoutElementUid` char(36) NOT NULL DEFAULT '0',
  `dateUpdated` datetime NOT NULL,
  `propagated` tinyint(1) NOT NULL,
  `userId` int(11) DEFAULT NULL,
  PRIMARY KEY (`elementId`,`siteId`,`fieldId`,`layoutElementUid`),
  KEY `idx_rftqkdqgvhowoyxdxixoknhyggpzljuxjedw` (`elementId`,`siteId`,`dateUpdated`),
  KEY `fk_ctbpohmpfvbeovlpxrhgpzrbrmgmfjzjdehd` (`siteId`),
  KEY `fk_pavvtyikagwuontlckirmevdimuqxjhdjqot` (`fieldId`),
  KEY `fk_tomyiketmirkgusmylzdmkpapayxpsrfsory` (`userId`),
  CONSTRAINT `fk_ctbpohmpfvbeovlpxrhgpzrbrmgmfjzjdehd` FOREIGN KEY (`siteId`) REFERENCES `sites` (`id`) ON DELETE CASCADE ON UPDATE CASCADE,
  CONSTRAINT `fk_pavvtyikagwuontlckirmevdimuqxjhdjqot` FOREIGN KEY (`fieldId`) REFERENCES `fields` (`id`) ON DELETE CASCADE ON UPDATE CASCADE,
  CONSTRAINT `fk_tgvcrpfmptkbgqbpwugegbnynkvkxoreeghc` FOREIGN KEY (`elementId`) REFERENCES `elements` (`id`) ON DELETE CASCADE ON UPDATE CASCADE,
  CONSTRAINT `fk_tomyiketmirkgusmylzdmkpapayxpsrfsory` FOREIGN KEY (`userId`) REFERENCES `users` (`id`) ON DELETE SET NULL ON UPDATE CASCADE
) ENGINE=InnoDB DEFAULT CHARSET=utf8mb4 COLLATE=utf8mb4_unicode_ci;

--
-- Table structure for table `contentblocks`
--

CREATE TABLE `contentblocks` (
  `id` int(11) NOT NULL,
  `primaryOwnerId` int(11) DEFAULT NULL,
  `fieldId` int(11) DEFAULT NULL,
  PRIMARY KEY (`id`),
  KEY `idx_wuhbxnokvbohjafkbfgeexcxfzarqdfpejfg` (`primaryOwnerId`),
  KEY `idx_qnjtjjvrqoprqxjvjdclpjcxvrhnpfkmpmjy` (`fieldId`),
  CONSTRAINT `fk_vlulrleqaymhoghjtjcjmfwslwavkxskqjmu` FOREIGN KEY (`id`) REFERENCES `elements` (`id`) ON DELETE CASCADE,
  CONSTRAINT `fk_xczefrtgsnxqjlfzwgsyqhovsnqeaxzhvytf` FOREIGN KEY (`fieldId`) REFERENCES `fields` (`id`) ON DELETE CASCADE,
  CONSTRAINT `fk_ymkqtalsvguokxftyyjkiwmicwrkskivwuew` FOREIGN KEY (`primaryOwnerId`) REFERENCES `elements` (`id`) ON DELETE CASCADE
) ENGINE=InnoDB DEFAULT CHARSET=utf8mb4 COLLATE=utf8mb4_unicode_ci;

--
-- Table structure for table `drafts`
--

CREATE TABLE `drafts` (
  `id` int(11) NOT NULL AUTO_INCREMENT,
  `canonicalId` int(11) DEFAULT NULL,
  `creatorId` int(11) DEFAULT NULL,
  `provisional` tinyint(1) NOT NULL DEFAULT 0,
  `name` varchar(255) NOT NULL,
  `notes` text DEFAULT NULL,
  `trackChanges` tinyint(1) NOT NULL DEFAULT 0,
  `dateLastMerged` datetime DEFAULT NULL,
  `saved` tinyint(1) NOT NULL DEFAULT 1,
  PRIMARY KEY (`id`),
  KEY `idx_veswlpapdjvrbmuphfntnwbvaguxgzgxwtld` (`creatorId`,`provisional`),
  KEY `idx_wpsnwweqpjngwklpavctmaknzhlllesbmnlf` (`saved`),
  KEY `fk_vbqzmwnbehvdiorxapcrptbcbharwuzcgyrs` (`canonicalId`),
  CONSTRAINT `fk_ufojkyddasthniyekoftotmlnthamhipfzmh` FOREIGN KEY (`creatorId`) REFERENCES `users` (`id`) ON DELETE SET NULL,
  CONSTRAINT `fk_vbqzmwnbehvdiorxapcrptbcbharwuzcgyrs` FOREIGN KEY (`canonicalId`) REFERENCES `elements` (`id`) ON DELETE CASCADE
) ENGINE=InnoDB AUTO_INCREMENT=566 DEFAULT CHARSET=utf8mb4 COLLATE=utf8mb4_unicode_ci;

--
-- Table structure for table `elementactivity`
--

CREATE TABLE `elementactivity` (
  `elementId` int(11) NOT NULL,
  `userId` int(11) NOT NULL,
  `siteId` int(11) NOT NULL,
  `draftId` int(11) DEFAULT NULL,
  `type` varchar(255) NOT NULL,
  `timestamp` datetime DEFAULT NULL,
  PRIMARY KEY (`elementId`,`userId`,`type`),
  KEY `idx_oqmdaziyutcmogxexwidcoivgkjmauvdwybo` (`elementId`,`timestamp`,`userId`),
  KEY `fk_vrsvffcukifftdqbvfarndbkcestlrurqadl` (`userId`),
  KEY `fk_nkwlupzbfchehzhzxeqnhmiwleqrkbegpblg` (`siteId`),
  KEY `fk_jsumhuuohcqnretoxqxfarwveptauqucobnf` (`draftId`),
  CONSTRAINT `fk_fqqzxhfaxzddijxwnideirineolqilbljqzo` FOREIGN KEY (`elementId`) REFERENCES `elements` (`id`) ON DELETE CASCADE,
  CONSTRAINT `fk_jsumhuuohcqnretoxqxfarwveptauqucobnf` FOREIGN KEY (`draftId`) REFERENCES `drafts` (`id`) ON DELETE CASCADE,
  CONSTRAINT `fk_nkwlupzbfchehzhzxeqnhmiwleqrkbegpblg` FOREIGN KEY (`siteId`) REFERENCES `sites` (`id`) ON DELETE CASCADE,
  CONSTRAINT `fk_vrsvffcukifftdqbvfarndbkcestlrurqadl` FOREIGN KEY (`userId`) REFERENCES `users` (`id`) ON DELETE CASCADE
) ENGINE=InnoDB DEFAULT CHARSET=utf8mb4 COLLATE=utf8mb4_unicode_ci;

--
-- Table structure for table `elements`
--

CREATE TABLE `elements` (
  `id` int(11) NOT NULL AUTO_INCREMENT,
  `canonicalId` int(11) DEFAULT NULL,
  `draftId` int(11) DEFAULT NULL,
  `revisionId` int(11) DEFAULT NULL,
  `fieldLayoutId` int(11) DEFAULT NULL,
  `type` varchar(255) NOT NULL,
  `enabled` tinyint(1) NOT NULL DEFAULT 1,
  `archived` tinyint(1) NOT NULL DEFAULT 0,
  `dateCreated` datetime NOT NULL,
  `dateUpdated` datetime NOT NULL,
  `dateLastMerged` datetime DEFAULT NULL,
  `dateDeleted` datetime DEFAULT NULL,
  `deletedWithOwner` tinyint(1) DEFAULT NULL,
  `uid` char(36) NOT NULL DEFAULT '0',
  PRIMARY KEY (`id`),
  KEY `idx_nvwwaevufnqmvoweqpyklqudmlhujsuplqxh` (`dateDeleted`),
  KEY `idx_blcwpkbejwuxzuvufhymprppxgdslqbbfmtp` (`fieldLayoutId`),
  KEY `idx_uexmvmhdfxtysbjvqrlscpveivtjbgrtnsqe` (`type`),
  KEY `idx_jwjxyxubrmkatsvejllatnkzsqapoulahfso` (`enabled`),
  KEY `idx_xmtlpclmwbnqbgedftqntyulpkknmlejpdtw` (`canonicalId`),
  KEY `idx_xapzimabtxitydzgqvtvucfvvkofvgkrzcsl` (`archived`,`dateCreated`),
  KEY `idx_dxclfmfeovvttenrzbqlagkomttrythmjrzq` (`archived`,`dateDeleted`,`draftId`,`revisionId`,`canonicalId`),
  KEY `idx_ofrzuuzdynhywzajefoszvicyfncsiaohmmj` (`archived`,`dateDeleted`,`draftId`,`revisionId`,`canonicalId`,`enabled`),
  KEY `fk_blvglbedvwhwqvmcgtiefwsjatjcezzpzids` (`draftId`),
  KEY `fk_tfwhnwcjfmwalwdpbbhmehqzkcxothtamlxq` (`revisionId`),
  CONSTRAINT `fk_bfpytikgrxpvzzlnddnkpzmwztmgpnuebxhv` FOREIGN KEY (`fieldLayoutId`) REFERENCES `fieldlayouts` (`id`) ON DELETE SET NULL,
  CONSTRAINT `fk_blvglbedvwhwqvmcgtiefwsjatjcezzpzids` FOREIGN KEY (`draftId`) REFERENCES `drafts` (`id`) ON DELETE CASCADE,
  CONSTRAINT `fk_glqzcpwnvubhdrazelgtmnmxecrhzericpll` FOREIGN KEY (`canonicalId`) REFERENCES `elements` (`id`) ON DELETE SET NULL,
  CONSTRAINT `fk_tfwhnwcjfmwalwdpbbhmehqzkcxothtamlxq` FOREIGN KEY (`revisionId`) REFERENCES `revisions` (`id`) ON DELETE CASCADE
) ENGINE=InnoDB AUTO_INCREMENT=1441 DEFAULT CHARSET=utf8mb4 COLLATE=utf8mb4_unicode_ci;

--
-- Table structure for table `elements_owners`
--

CREATE TABLE `elements_owners` (
  `elementId` int(11) NOT NULL,
  `ownerId` int(11) NOT NULL,
  `sortOrder` smallint(6) unsigned NOT NULL,
  PRIMARY KEY (`elementId`,`ownerId`),
  KEY `fk_ekfhmzctoxtlrxfwpskuvwvpblgnrwhtmgaf` (`ownerId`),
  CONSTRAINT `fk_bspfcbwczypkvnhqlqcstskmxwbhhkasskrv` FOREIGN KEY (`elementId`) REFERENCES `elements` (`id`) ON DELETE CASCADE,
  CONSTRAINT `fk_ekfhmzctoxtlrxfwpskuvwvpblgnrwhtmgaf` FOREIGN KEY (`ownerId`) REFERENCES `elements` (`id`) ON DELETE CASCADE
) ENGINE=InnoDB DEFAULT CHARSET=utf8mb4 COLLATE=utf8mb4_unicode_ci;

--
-- Table structure for table `elements_sites`
--

CREATE TABLE `elements_sites` (
  `id` int(11) NOT NULL AUTO_INCREMENT,
  `elementId` int(11) NOT NULL,
  `siteId` int(11) NOT NULL,
  `title` varchar(255) DEFAULT NULL,
  `slug` varchar(255) DEFAULT NULL,
  `uri` varchar(255) DEFAULT NULL,
  `content` longtext CHARACTER SET utf8mb4 COLLATE utf8mb4_bin DEFAULT NULL CHECK (json_valid(`content`)),
  `enabled` tinyint(1) NOT NULL DEFAULT 1,
  `dateCreated` datetime NOT NULL,
  `dateUpdated` datetime NOT NULL,
  `uid` char(36) NOT NULL DEFAULT '0',
  PRIMARY KEY (`id`),
  UNIQUE KEY `idx_efcuofowhrhzikdgtjicyuabojsweoztqavv` (`elementId`,`siteId`),
  KEY `idx_rdzvewgawxvgmkslkxuorbzeolgxfpbkwbbb` (`siteId`),
  KEY `idx_batcepytslwagbkhbitvcqpaimtvzwnivpsl` (`title`,`siteId`),
  KEY `idx_stajadtrcucmiobmsibykrphzcbaakxrsebk` (`slug`,`siteId`),
  KEY `idx_womkcttvsgxxuotkojhtgsjshpavbytleaqu` (`enabled`),
  KEY `idx_mivmpqkdsxhfwhasjimdmalpcvagwjirngck` (`uri`,`siteId`),
  CONSTRAINT `fk_dvmwawixerfzsiwnlrjwbvsmqwrlvypvtvse` FOREIGN KEY (`siteId`) REFERENCES `sites` (`id`) ON DELETE CASCADE ON UPDATE CASCADE,
  CONSTRAINT `fk_hmwdbvskpfbhfdafhvdnjygnwbxrazooyzbg` FOREIGN KEY (`elementId`) REFERENCES `elements` (`id`) ON DELETE CASCADE
) ENGINE=InnoDB AUTO_INCREMENT=1441 DEFAULT CHARSET=utf8mb4 COLLATE=utf8mb4_unicode_ci;

--
-- Table structure for table `entries`
--

CREATE TABLE `entries` (
  `id` int(11) NOT NULL,
  `sectionId` int(11) DEFAULT NULL,
  `parentId` int(11) DEFAULT NULL,
  `primaryOwnerId` int(11) DEFAULT NULL,
  `fieldId` int(11) DEFAULT NULL,
  `typeId` int(11) NOT NULL,
  `postDate` datetime DEFAULT NULL,
  `expiryDate` datetime DEFAULT NULL,
  `status` enum('live','pending','expired') NOT NULL DEFAULT 'live',
  `deletedWithEntryType` tinyint(1) DEFAULT NULL,
  `deletedWithSection` tinyint(1) DEFAULT NULL,
  `dateCreated` datetime NOT NULL,
  `dateUpdated` datetime NOT NULL,
  PRIMARY KEY (`id`),
  KEY `idx_ghsqutqdhikvnhedptigtthjjyywkhqvccvo` (`postDate`),
  KEY `idx_fnqafbskciycshvpoldicrprhdkrnijzqvif` (`expiryDate`),
  KEY `idx_tvnjhymudznavghyujygmrwfiajsremnzuhy` (`status`),
  KEY `idx_mxuvuwqnkfzzznutebvjbzshlskurntywvmg` (`sectionId`),
  KEY `idx_jvtomhtriilnyjyfeupvxprvqdllykcuilbe` (`typeId`),
  KEY `idx_yserypidaqmkzysnojcdqkfuytifyvwotbfq` (`primaryOwnerId`),
  KEY `idx_aedjnftjiryategkbptopwjltsgdkguiaurz` (`fieldId`),
  KEY `fk_zoybixiasvkrzmwaibtwmexzrkduyvvmaugv` (`parentId`),
  CONSTRAINT `fk_nqmivwclbbgowvyupxbixcmmetdylkglwucx` FOREIGN KEY (`typeId`) REFERENCES `entrytypes` (`id`) ON DELETE CASCADE,
  CONSTRAINT `fk_pagvcmqyirvircusivndvqbcbtjbkgujgtno` FOREIGN KEY (`id`) REFERENCES `elements` (`id`) ON DELETE CASCADE,
  CONSTRAINT `fk_pbeczqdftgxyfymczbovqefnozqicpsdgszf` FOREIGN KEY (`sectionId`) REFERENCES `sections` (`id`) ON DELETE CASCADE,
  CONSTRAINT `fk_quhjuqxxywtmmygepnjxggwqochjrxnkqdwk` FOREIGN KEY (`fieldId`) REFERENCES `fields` (`id`) ON DELETE CASCADE,
  CONSTRAINT `fk_vfwcycsbireidkwsxubtwzryrtdnedylnrnw` FOREIGN KEY (`primaryOwnerId`) REFERENCES `elements` (`id`) ON DELETE CASCADE,
  CONSTRAINT `fk_zoybixiasvkrzmwaibtwmexzrkduyvvmaugv` FOREIGN KEY (`parentId`) REFERENCES `entries` (`id`) ON DELETE SET NULL
) ENGINE=InnoDB DEFAULT CHARSET=utf8mb4 COLLATE=utf8mb4_unicode_ci;

--
-- Table structure for table `entries_authors`
--

CREATE TABLE `entries_authors` (
  `entryId` int(11) NOT NULL,
  `authorId` int(11) NOT NULL,
  `sortOrder` smallint(6) unsigned NOT NULL,
  PRIMARY KEY (`entryId`,`authorId`),
  KEY `idx_xjmjjrgfdwfoqvxzprrmhbyqcjkfcwcifmbf` (`authorId`),
  KEY `idx_xzinpaxvoclmegydufckoxbmzbkkbbkuxzzh` (`entryId`,`sortOrder`),
  CONSTRAINT `fk_epvgjaannswjlcwxdwicnsuknjhddqpvzoms` FOREIGN KEY (`entryId`) REFERENCES `entries` (`id`) ON DELETE CASCADE,
  CONSTRAINT `fk_fmscwdhgdjpwfrydxturrpxfvlxfeavjkzka` FOREIGN KEY (`authorId`) REFERENCES `users` (`id`) ON DELETE CASCADE
) ENGINE=InnoDB DEFAULT CHARSET=utf8mb4 COLLATE=utf8mb4_unicode_ci;

--
-- Table structure for table `entrytypes`
--

CREATE TABLE `entrytypes` (
  `id` int(11) NOT NULL AUTO_INCREMENT,
  `fieldLayoutId` int(11) DEFAULT NULL,
  `name` varchar(255) NOT NULL,
  `handle` varchar(255) NOT NULL,
  `description` text DEFAULT NULL,
  `icon` varchar(255) DEFAULT NULL,
  `color` varchar(255) DEFAULT NULL,
  `hasTitleField` tinyint(1) NOT NULL DEFAULT 1,
  `titleTranslationMethod` varchar(255) NOT NULL DEFAULT 'site',
  `titleTranslationKeyFormat` text DEFAULT NULL,
  `titleFormat` varchar(255) DEFAULT NULL,
  `showSlugField` tinyint(1) DEFAULT 1,
  `slugTranslationMethod` varchar(255) NOT NULL DEFAULT 'site',
  `slugTranslationKeyFormat` text DEFAULT NULL,
  `showStatusField` tinyint(1) DEFAULT 1,
  `dateCreated` datetime NOT NULL,
  `dateUpdated` datetime NOT NULL,
  `dateDeleted` datetime DEFAULT NULL,
  `uid` char(36) NOT NULL DEFAULT '0',
  PRIMARY KEY (`id`),
  KEY `idx_mrqtbjugumthezcaitskluxeemmswcycuduj` (`fieldLayoutId`),
  KEY `idx_ukuhlqjfpiaksxwzvytscjtizwrzcmmzsowz` (`dateDeleted`),
  CONSTRAINT `fk_vrlgodufdobdcwdgvindkjliwrbymqljihac` FOREIGN KEY (`fieldLayoutId`) REFERENCES `fieldlayouts` (`id`) ON DELETE SET NULL
) ENGINE=InnoDB AUTO_INCREMENT=44 DEFAULT CHARSET=utf8mb4 COLLATE=utf8mb4_unicode_ci;

--
-- Table structure for table `fieldlayouts`
--

CREATE TABLE `fieldlayouts` (
  `id` int(11) NOT NULL AUTO_INCREMENT,
  `type` varchar(255) NOT NULL,
  `config` longtext CHARACTER SET utf8mb4 COLLATE utf8mb4_bin DEFAULT NULL CHECK (json_valid(`config`)),
  `dateCreated` datetime NOT NULL,
  `dateUpdated` datetime NOT NULL,
  `dateDeleted` datetime DEFAULT NULL,
  `uid` char(36) NOT NULL DEFAULT '0',
  PRIMARY KEY (`id`),
  KEY `idx_iqetdlxcpkrthhcfokyyvdjxkdcnqnjmhdxk` (`dateDeleted`),
  KEY `idx_xrpgwtifenterxevtvsstlbelpoagyzbhfwu` (`type`)
) ENGINE=InnoDB AUTO_INCREMENT=49 DEFAULT CHARSET=utf8mb4 COLLATE=utf8mb4_unicode_ci;

--
-- Table structure for table `fields`
--

CREATE TABLE `fields` (
  `id` int(11) NOT NULL AUTO_INCREMENT,
  `name` text NOT NULL,
  `handle` varchar(64) NOT NULL,
  `context` varchar(255) NOT NULL DEFAULT 'global',
  `columnSuffix` char(8) DEFAULT NULL,
  `instructions` text DEFAULT NULL,
  `searchable` tinyint(1) NOT NULL DEFAULT 1,
  `translationMethod` varchar(255) NOT NULL DEFAULT 'none',
  `translationKeyFormat` text DEFAULT NULL,
  `type` varchar(255) NOT NULL,
  `settings` text DEFAULT NULL,
  `dateCreated` datetime NOT NULL,
  `dateUpdated` datetime NOT NULL,
  `dateDeleted` datetime DEFAULT NULL,
  `uid` char(36) NOT NULL DEFAULT '0',
  PRIMARY KEY (`id`),
  KEY `idx_fiqmkqyfzrkykdmijuckwwlzexxwvmugyuxx` (`handle`,`context`),
  KEY `idx_yphoaczljttrbgdxhxnjaxefnnsiuihfebso` (`context`),
  KEY `idx_zdkwtgeziacxmjdeeqdpwnzuqrxbgcymcbhz` (`dateDeleted`)
) ENGINE=InnoDB AUTO_INCREMENT=71 DEFAULT CHARSET=utf8mb4 COLLATE=utf8mb4_unicode_ci;

--
-- Table structure for table `globalsets`
--

CREATE TABLE `globalsets` (
  `id` int(11) NOT NULL AUTO_INCREMENT,
  `name` varchar(255) NOT NULL,
  `handle` varchar(255) NOT NULL,
  `fieldLayoutId` int(11) DEFAULT NULL,
  `sortOrder` smallint(6) unsigned DEFAULT NULL,
  `dateCreated` datetime NOT NULL,
  `dateUpdated` datetime NOT NULL,
  `uid` char(36) NOT NULL DEFAULT '0',
  PRIMARY KEY (`id`),
  KEY `idx_bqyvdbivovmmxiqgaiebpbtolupygjatrwbq` (`name`),
  KEY `idx_xqmmocnodzbiijvsslwzprwsbutmxyvpoutg` (`handle`),
  KEY `idx_boeazmyagdyuffnbhyqpfrhvrwsqesevlood` (`fieldLayoutId`),
  KEY `idx_rqqjpzsgyiegnoehilxrydbxngogcqxzowkk` (`sortOrder`),
  CONSTRAINT `fk_gkkfcfaahrwemkihuqbtzrcffnesrqfazzzq` FOREIGN KEY (`fieldLayoutId`) REFERENCES `fieldlayouts` (`id`) ON DELETE SET NULL,
  CONSTRAINT `fk_jrxepgarssphyxgwsvcloxdjuioxzpwhcuqt` FOREIGN KEY (`id`) REFERENCES `elements` (`id`) ON DELETE CASCADE
) ENGINE=InnoDB AUTO_INCREMENT=244 DEFAULT CHARSET=utf8mb4 COLLATE=utf8mb4_unicode_ci;

--
-- Table structure for table `gqlschemas`
--

CREATE TABLE `gqlschemas` (
  `id` int(11) NOT NULL AUTO_INCREMENT,
  `name` varchar(255) NOT NULL,
  `scope` longtext CHARACTER SET utf8mb4 COLLATE utf8mb4_bin DEFAULT NULL CHECK (json_valid(`scope`)),
  `isPublic` tinyint(1) NOT NULL DEFAULT 0,
  `dateCreated` datetime NOT NULL,
  `dateUpdated` datetime NOT NULL,
  `uid` char(36) NOT NULL DEFAULT '0',
  PRIMARY KEY (`id`)
) ENGINE=InnoDB AUTO_INCREMENT=2 DEFAULT CHARSET=utf8mb4 COLLATE=utf8mb4_unicode_ci;

--
-- Table structure for table `imagetransformindex`
--

CREATE TABLE `imagetransformindex` (
  `id` int(11) NOT NULL AUTO_INCREMENT,
  `assetId` int(11) NOT NULL,
  `transformer` varchar(255) DEFAULT NULL,
  `filename` varchar(255) DEFAULT NULL,
  `format` varchar(255) DEFAULT NULL,
  `transformString` varchar(255) NOT NULL,
  `fileExists` tinyint(1) NOT NULL DEFAULT 0,
  `inProgress` tinyint(1) NOT NULL DEFAULT 0,
  `error` tinyint(1) NOT NULL DEFAULT 0,
  `dateIndexed` datetime DEFAULT NULL,
  `dateCreated` datetime NOT NULL,
  `dateUpdated` datetime NOT NULL,
  `uid` char(36) NOT NULL DEFAULT '0',
  PRIMARY KEY (`id`),
  KEY `idx_tlbmueqhfznyakmyaasbwxmcimocahyyswal` (`assetId`,`transformString`)
) ENGINE=InnoDB AUTO_INCREMENT=110 DEFAULT CHARSET=utf8mb4 COLLATE=utf8mb4_unicode_ci;

--
-- Table structure for table `imagetransforms`
--

CREATE TABLE `imagetransforms` (
  `id` int(11) NOT NULL AUTO_INCREMENT,
  `name` varchar(255) NOT NULL,
  `handle` varchar(255) NOT NULL,
  `mode` enum('stretch','fit','crop','letterbox') NOT NULL DEFAULT 'crop',
  `position` enum('top-left','top-center','top-right','center-left','center-center','center-right','bottom-left','bottom-center','bottom-right') NOT NULL DEFAULT 'center-center',
  `width` int(11) unsigned DEFAULT NULL,
  `height` int(11) unsigned DEFAULT NULL,
  `format` varchar(255) DEFAULT NULL,
  `quality` int(11) DEFAULT NULL,
  `interlace` enum('none','line','plane','partition') NOT NULL DEFAULT 'none',
  `fill` varchar(11) DEFAULT NULL,
  `upscale` tinyint(1) NOT NULL DEFAULT 1,
  `parameterChangeTime` datetime DEFAULT NULL,
  `dateCreated` datetime NOT NULL,
  `dateUpdated` datetime NOT NULL,
  `uid` char(36) NOT NULL DEFAULT '0',
  PRIMARY KEY (`id`),
  KEY `idx_aozleuujjuygooqmwgstitahuxymmvsferqh` (`name`),
  KEY `idx_wfnmscjgypytofrnjvhfmxfajprzzvnclqsu` (`handle`)
) ENGINE=InnoDB DEFAULT CHARSET=utf8mb4 COLLATE=utf8mb4_unicode_ci;

--
-- Table structure for table `info`
--

CREATE TABLE `info` (
  `id` int(11) NOT NULL AUTO_INCREMENT,
  `version` varchar(50) NOT NULL,
  `schemaVersion` varchar(15) NOT NULL,
  `maintenance` tinyint(1) NOT NULL DEFAULT 0,
  `configVersion` char(12) NOT NULL DEFAULT '000000000000',
  `fieldVersion` char(12) NOT NULL DEFAULT '000000000000',
  `dateCreated` datetime NOT NULL,
  `dateUpdated` datetime NOT NULL,
  `uid` char(36) NOT NULL DEFAULT '0',
  PRIMARY KEY (`id`)
) ENGINE=InnoDB AUTO_INCREMENT=2 DEFAULT CHARSET=utf8mb4 COLLATE=utf8mb4_unicode_ci;

--
-- Table structure for table `migrations`
--

CREATE TABLE `migrations` (
  `id` int(11) NOT NULL AUTO_INCREMENT,
  `track` varchar(255) NOT NULL,
  `name` varchar(255) NOT NULL,
  `applyTime` datetime NOT NULL,
  `dateCreated` datetime NOT NULL,
  `dateUpdated` datetime NOT NULL,
  `uid` char(36) NOT NULL DEFAULT '0',
  PRIMARY KEY (`id`),
  UNIQUE KEY `idx_frtmogqlcnptiqgcyskdlsdujpusdsoxozmr` (`track`,`name`)
) ENGINE=InnoDB AUTO_INCREMENT=51 DEFAULT CHARSET=utf8mb4 COLLATE=utf8mb4_unicode_ci;

--
-- Table structure for table `navigation_navs`
--

CREATE TABLE `navigation_navs` (
  `id` int(11) NOT NULL AUTO_INCREMENT,
  `structureId` int(11) NOT NULL,
  `name` varchar(255) NOT NULL,
  `handle` varchar(255) NOT NULL,
  `instructions` text DEFAULT NULL,
  `sortOrder` smallint(6) unsigned DEFAULT NULL,
  `propagationMethod` varchar(255) NOT NULL DEFAULT 'all',
  `maxNodes` int(11) DEFAULT NULL,
  `maxNodesSettings` text DEFAULT NULL,
  `permissions` text DEFAULT NULL,
  `fieldLayoutId` int(11) DEFAULT NULL,
  `defaultPlacement` enum('beginning','end') NOT NULL DEFAULT 'end',
  `dateCreated` datetime NOT NULL,
  `dateUpdated` datetime NOT NULL,
  `dateDeleted` datetime DEFAULT NULL,
  `uid` char(36) NOT NULL DEFAULT '0',
  PRIMARY KEY (`id`),
  KEY `idx_wtjhxoitihfnaegucgwkncjjrzcaimvorpey` (`handle`),
  KEY `idx_gxxfcvqviyscyouxkmxdqnjroqsovvuyyryz` (`structureId`),
  KEY `idx_crvcpkagzkyomqaxeyufasteutzyqgvdqufl` (`fieldLayoutId`),
  KEY `idx_keglioislfzxfhwxbbhpeosexjfscezlumvo` (`dateDeleted`),
  CONSTRAINT `fk_czeeoccjdemybylbjomfqkxmlintyvslkxah` FOREIGN KEY (`structureId`) REFERENCES `structures` (`id`) ON DELETE CASCADE,
  CONSTRAINT `fk_dvaemhlwnjaisujlugtssyuprehrxuabdnje` FOREIGN KEY (`fieldLayoutId`) REFERENCES `fieldlayouts` (`id`) ON DELETE SET NULL
) ENGINE=InnoDB AUTO_INCREMENT=4 DEFAULT CHARSET=utf8mb4 COLLATE=utf8mb4_unicode_ci;

--
-- Table structure for table `navigation_navs_sites`
--

CREATE TABLE `navigation_navs_sites` (
  `id` int(11) NOT NULL AUTO_INCREMENT,
  `navId` int(11) NOT NULL,
  `siteId` int(11) NOT NULL,
  `enabled` tinyint(1) NOT NULL DEFAULT 1,
  `dateCreated` datetime NOT NULL,
  `dateUpdated` datetime NOT NULL,
  `uid` char(36) NOT NULL DEFAULT '0',
  PRIMARY KEY (`id`),
  UNIQUE KEY `idx_xhrchyrhdoepqwwylzbionyizguhrbhlyiiv` (`navId`,`siteId`),
  KEY `idx_fsmdtqdkwvejkidbubwsnuneoychpstnfpap` (`siteId`),
  CONSTRAINT `fk_fhsevpugwmdtznuourruemtwsckxnhyqjmoj` FOREIGN KEY (`siteId`) REFERENCES `sites` (`id`) ON DELETE CASCADE ON UPDATE CASCADE,
  CONSTRAINT `fk_ilinjvrtldfmhzvlzwfsotbyqctfzjxuhouq` FOREIGN KEY (`navId`) REFERENCES `navigation_navs` (`id`) ON DELETE CASCADE
) ENGINE=InnoDB AUTO_INCREMENT=4 DEFAULT CHARSET=utf8mb4 COLLATE=utf8mb4_unicode_ci;

--
-- Table structure for table `navigation_nodes`
--

CREATE TABLE `navigation_nodes` (
  `id` int(11) NOT NULL,
  `elementId` int(11) DEFAULT NULL,
  `navId` int(11) NOT NULL,
  `parentId` int(11) DEFAULT NULL,
  `url` text DEFAULT NULL,
  `type` varchar(255) DEFAULT NULL,
  `classes` varchar(255) DEFAULT NULL,
  `urlSuffix` varchar(255) DEFAULT NULL,
  `customAttributes` text DEFAULT NULL,
  `data` text DEFAULT NULL,
  `newWindow` tinyint(1) DEFAULT 0,
  `deletedWithNav` tinyint(1) DEFAULT NULL,
  `dateCreated` datetime NOT NULL,
  `dateUpdated` datetime NOT NULL,
  `uid` char(36) NOT NULL DEFAULT '0',
  PRIMARY KEY (`id`),
  KEY `idx_cdcibdzsmkvcqhspskgcctxyilwkouklrznd` (`navId`),
  KEY `fk_ciitpgkragbpnjgmfzpdbokzduvagoprprwo` (`elementId`),
  CONSTRAINT `fk_ciitpgkragbpnjgmfzpdbokzduvagoprprwo` FOREIGN KEY (`elementId`) REFERENCES `elements` (`id`) ON DELETE SET NULL,
  CONSTRAINT `fk_ljyyoelftulemqupjvjtzocidjekumuprmnm` FOREIGN KEY (`id`) REFERENCES `elements` (`id`) ON DELETE CASCADE,
  CONSTRAINT `fk_yqupblnqkysvppvgrahssbgvlmzinjkkmuri` FOREIGN KEY (`navId`) REFERENCES `navigation_navs` (`id`) ON DELETE CASCADE
) ENGINE=InnoDB DEFAULT CHARSET=utf8mb4 COLLATE=utf8mb4_unicode_ci;

--
-- Table structure for table `plugins`
--

CREATE TABLE `plugins` (
  `id` int(11) NOT NULL AUTO_INCREMENT,
  `handle` varchar(255) NOT NULL,
  `version` varchar(255) NOT NULL,
  `schemaVersion` varchar(255) NOT NULL,
  `installDate` datetime NOT NULL,
  `dateCreated` datetime NOT NULL,
  `dateUpdated` datetime NOT NULL,
  `uid` char(36) NOT NULL DEFAULT '0',
  PRIMARY KEY (`id`),
  UNIQUE KEY `idx_lbmvglbtrtlquvpuxfrpqgnegcmuabwwlczd` (`handle`)
) ENGINE=InnoDB AUTO_INCREMENT=4 DEFAULT CHARSET=utf8mb4 COLLATE=utf8mb4_unicode_ci;

--
-- Table structure for table `projectconfig`
--

CREATE TABLE `projectconfig` (
  `path` varchar(255) NOT NULL,
  `value` text NOT NULL,
  PRIMARY KEY (`path`)
) ENGINE=InnoDB DEFAULT CHARSET=utf8mb4 COLLATE=utf8mb4_unicode_ci;

--
-- Table structure for table `queue`
--

CREATE TABLE `queue` (
  `id` int(11) NOT NULL AUTO_INCREMENT,
  `channel` varchar(255) NOT NULL DEFAULT 'queue',
  `job` longblob NOT NULL,
  `description` text DEFAULT NULL,
  `timePushed` int(11) NOT NULL,
  `ttr` int(11) NOT NULL,
  `delay` int(11) NOT NULL DEFAULT 0,
  `priority` int(11) unsigned NOT NULL DEFAULT 1024,
  `dateReserved` datetime DEFAULT NULL,
  `timeUpdated` int(11) DEFAULT NULL,
  `progress` smallint(6) NOT NULL DEFAULT 0,
  `progressLabel` varchar(255) DEFAULT NULL,
  `attempt` int(11) DEFAULT NULL,
  `fail` tinyint(1) DEFAULT 0,
  `dateFailed` datetime DEFAULT NULL,
  `error` text DEFAULT NULL,
  PRIMARY KEY (`id`),
  KEY `idx_lmsqfzjpfygzawlllrvplogmwtuuobtmcxvc` (`channel`,`fail`,`timeUpdated`,`timePushed`),
  KEY `idx_pkeexhkdqbmoactlxrhwgvdtsepjujsjoqmn` (`channel`,`fail`,`timeUpdated`,`delay`)
) ENGINE=InnoDB AUTO_INCREMENT=2521 DEFAULT CHARSET=utf8mb4 COLLATE=utf8mb4_unicode_ci;

--
-- Table structure for table `relations`
--

CREATE TABLE `relations` (
  `id` int(11) NOT NULL AUTO_INCREMENT,
  `fieldId` int(11) NOT NULL,
  `sourceId` int(11) NOT NULL,
  `sourceSiteId` int(11) DEFAULT NULL,
  `targetId` int(11) NOT NULL,
  `sortOrder` smallint(6) unsigned DEFAULT NULL,
  `dateCreated` datetime NOT NULL,
  `dateUpdated` datetime NOT NULL,
  `uid` char(36) NOT NULL DEFAULT '0',
  PRIMARY KEY (`id`),
  UNIQUE KEY `idx_dleixvlgxooqxhemitpssepvjstexcrukurn` (`fieldId`,`sourceId`,`sourceSiteId`,`targetId`),
  KEY `idx_kceajelblnanotqapzgfzwzswxfxhviabaov` (`sourceId`),
  KEY `idx_hedvenhbpyepkfvuvhulguqdcrxrcdrbcqbi` (`targetId`),
  KEY `idx_vxnhzkmoluzltuziwgaysqyccfttsjrphatm` (`sourceSiteId`),
  CONSTRAINT `fk_gsnsleyffnttbjzbptiuxrcndjdbnmzfhtkt` FOREIGN KEY (`sourceId`) REFERENCES `elements` (`id`) ON DELETE CASCADE,
  CONSTRAINT `fk_nfmtpwsmlyjwzfnmrhfglniohxkcnxmxybrd` FOREIGN KEY (`fieldId`) REFERENCES `fields` (`id`) ON DELETE CASCADE,
  CONSTRAINT `fk_xkhiokrqrbaqzhxeifrzpfkwicmtnwcdshgh` FOREIGN KEY (`sourceSiteId`) REFERENCES `sites` (`id`) ON DELETE CASCADE ON UPDATE CASCADE
) ENGINE=InnoDB AUTO_INCREMENT=594 DEFAULT CHARSET=utf8mb4 COLLATE=utf8mb4_unicode_ci;

--
-- Table structure for table `revisions`
--

CREATE TABLE `revisions` (
  `id` int(11) NOT NULL AUTO_INCREMENT,
  `canonicalId` int(11) NOT NULL,
  `creatorId` int(11) DEFAULT NULL,
  `num` int(11) NOT NULL,
  `notes` text DEFAULT NULL,
  PRIMARY KEY (`id`),
  UNIQUE KEY `idx_hhykgnwvwqrobpcjwaeiyohqguadtqkobqtn` (`canonicalId`,`num`),
  KEY `fk_hjuuvvwncupflwkrdkpkhpgvpbmxbsrlaugb` (`creatorId`),
  CONSTRAINT `fk_hjuuvvwncupflwkrdkpkhpgvpbmxbsrlaugb` FOREIGN KEY (`creatorId`) REFERENCES `users` (`id`) ON DELETE SET NULL,
  CONSTRAINT `fk_vssiwxivbmuyqtljodaxjdijwnthwdobdzle` FOREIGN KEY (`canonicalId`) REFERENCES `elements` (`id`) ON DELETE CASCADE
) ENGINE=InnoDB AUTO_INCREMENT=581 DEFAULT CHARSET=utf8mb4 COLLATE=utf8mb4_unicode_ci;

--
-- Table structure for table `searchindex`
--

CREATE TABLE `searchindex` (
  `elementId` int(11) NOT NULL,
  `attribute` varchar(25) NOT NULL,
  `fieldId` int(11) NOT NULL,
  `siteId` int(11) NOT NULL,
  `keywords` text NOT NULL,
  PRIMARY KEY (`elementId`,`attribute`,`fieldId`,`siteId`),
  FULLTEXT KEY `idx_fkttjpdfugjydauoptxhafjztgxxrxagovyo` (`keywords`)
) ENGINE=InnoDB DEFAULT CHARSET=utf8mb4 COLLATE=utf8mb4_unicode_ci;

--
-- Table structure for table `searchindexqueue`
--

CREATE TABLE `searchindexqueue` (
  `id` int(11) NOT NULL AUTO_INCREMENT,
  `elementId` int(11) NOT NULL,
  `siteId` int(11) NOT NULL,
  `reserved` tinyint(1) NOT NULL DEFAULT 0,
  PRIMARY KEY (`id`),
  KEY `idx_zwztawggpdjdsxzetnxlkiydpomrqyxwvnlu` (`elementId`,`siteId`,`reserved`),
  CONSTRAINT `fk_xpqoyxepemehnwoiynwlzzhcbubskcrdeivs` FOREIGN KEY (`elementId`) REFERENCES `elements` (`id`) ON DELETE CASCADE
) ENGINE=InnoDB AUTO_INCREMENT=1260 DEFAULT CHARSET=utf8mb4 COLLATE=utf8mb4_unicode_ci;

--
-- Table structure for table `searchindexqueue_fields`
--

CREATE TABLE `searchindexqueue_fields` (
  `jobId` int(11) NOT NULL,
  `fieldHandle` varchar(255) NOT NULL,
  PRIMARY KEY (`jobId`,`fieldHandle`),
  UNIQUE KEY `idx_rocjvxeoygmxmfydiachlqdgdrgnnxfbxlbb` (`jobId`,`fieldHandle`),
  CONSTRAINT `fk_yqultvrtuoeozzhbhghytzkpypmyokjficyl` FOREIGN KEY (`jobId`) REFERENCES `searchindexqueue` (`id`) ON DELETE CASCADE
) ENGINE=InnoDB DEFAULT CHARSET=utf8mb4 COLLATE=utf8mb4_unicode_ci;

--
-- Table structure for table `sections`
--

CREATE TABLE `sections` (
  `id` int(11) NOT NULL AUTO_INCREMENT,
  `structureId` int(11) DEFAULT NULL,
  `name` varchar(255) NOT NULL,
  `handle` varchar(255) NOT NULL,
  `type` enum('single','channel','structure') NOT NULL DEFAULT 'channel',
  `enableVersioning` tinyint(1) NOT NULL DEFAULT 0,
  `maxAuthors` smallint(6) unsigned DEFAULT NULL,
  `propagationMethod` varchar(255) NOT NULL DEFAULT 'all',
  `defaultPlacement` enum('beginning','end') NOT NULL DEFAULT 'end',
  `previewTargets` longtext CHARACTER SET utf8mb4 COLLATE utf8mb4_bin DEFAULT NULL CHECK (json_valid(`previewTargets`)),
  `dateCreated` datetime NOT NULL,
  `dateUpdated` datetime NOT NULL,
  `dateDeleted` datetime DEFAULT NULL,
  `uid` char(36) NOT NULL DEFAULT '0',
  PRIMARY KEY (`id`),
  KEY `idx_zaxrafjcxrzrpkkyfbqvnzuogitauzxunwyb` (`handle`),
  KEY `idx_mblhycraflysmpqubfubqhwbzlbuhwpfsdpz` (`name`),
  KEY `idx_aexitlmqzvoklzflbfnsukiaqvgsvlpdsvwh` (`structureId`),
  KEY `idx_ioybdkqpmcrlluhhtwuwimahwrzzfzerxzik` (`dateDeleted`),
  CONSTRAINT `fk_qinukfukjjvohxbdlqiemhmelbytxcfhyzdp` FOREIGN KEY (`structureId`) REFERENCES `structures` (`id`) ON DELETE SET NULL
) ENGINE=InnoDB AUTO_INCREMENT=13 DEFAULT CHARSET=utf8mb4 COLLATE=utf8mb4_unicode_ci;

--
-- Table structure for table `sections_entrytypes`
--

CREATE TABLE `sections_entrytypes` (
  `sectionId` int(11) NOT NULL,
  `typeId` int(11) NOT NULL,
  `sortOrder` smallint(6) unsigned NOT NULL,
  `name` varchar(255) DEFAULT NULL,
  `handle` varchar(255) DEFAULT NULL,
  `description` text DEFAULT NULL,
  PRIMARY KEY (`sectionId`,`typeId`),
  KEY `fk_akkdhlowhnoobzltejwwgqwksypgbkivprnu` (`typeId`),
  CONSTRAINT `fk_akkdhlowhnoobzltejwwgqwksypgbkivprnu` FOREIGN KEY (`typeId`) REFERENCES `entrytypes` (`id`) ON DELETE CASCADE,
  CONSTRAINT `fk_fkcainukgubcrbmzaedliulnnrrrydjqybyy` FOREIGN KEY (`sectionId`) REFERENCES `sections` (`id`) ON DELETE CASCADE
) ENGINE=InnoDB DEFAULT CHARSET=utf8mb4 COLLATE=utf8mb4_unicode_ci;

--
-- Table structure for table `sections_sites`
--

CREATE TABLE `sections_sites` (
  `id` int(11) NOT NULL AUTO_INCREMENT,
  `sectionId` int(11) NOT NULL,
  `siteId` int(11) NOT NULL,
  `hasUrls` tinyint(1) NOT NULL DEFAULT 1,
  `uriFormat` text DEFAULT NULL,
  `template` varchar(500) DEFAULT NULL,
  `enabledByDefault` tinyint(1) NOT NULL DEFAULT 1,
  `dateCreated` datetime NOT NULL,
  `dateUpdated` datetime NOT NULL,
  `uid` char(36) NOT NULL DEFAULT '0',
  PRIMARY KEY (`id`),
  UNIQUE KEY `idx_eckmdbfahktnombjmesswnygsvilvebpvuzb` (`sectionId`,`siteId`),
  KEY `idx_tqzrqdnvrzzyulykmwceohcpmohwdhwgdnwm` (`siteId`),
  CONSTRAINT `fk_iyolzndetivamasofswvmnupvrvsvneihthl` FOREIGN KEY (`sectionId`) REFERENCES `sections` (`id`) ON DELETE CASCADE,
  CONSTRAINT `fk_xhctmzxtzqfslbqldfigohurbioowtpkcxvd` FOREIGN KEY (`siteId`) REFERENCES `sites` (`id`) ON DELETE CASCADE ON UPDATE CASCADE
) ENGINE=InnoDB AUTO_INCREMENT=13 DEFAULT CHARSET=utf8mb4 COLLATE=utf8mb4_unicode_ci;

--
-- Table structure for table `sequences`
--

CREATE TABLE `sequences` (
  `name` varchar(255) NOT NULL,
  `next` int(11) unsigned NOT NULL DEFAULT 1,
  PRIMARY KEY (`name`)
) ENGINE=InnoDB DEFAULT CHARSET=utf8mb4 COLLATE=utf8mb4_unicode_ci;

--
-- Table structure for table `shunnedmessages`
--

CREATE TABLE `shunnedmessages` (
  `id` int(11) NOT NULL AUTO_INCREMENT,
  `userId` int(11) NOT NULL,
  `message` varchar(255) NOT NULL,
  `expiryDate` datetime DEFAULT NULL,
  `dateCreated` datetime NOT NULL,
  `dateUpdated` datetime NOT NULL,
  `uid` char(36) NOT NULL DEFAULT '0',
  PRIMARY KEY (`id`),
  UNIQUE KEY `idx_murryzfcmdwmxubimtrleryfblnddohrpofx` (`userId`,`message`),
  CONSTRAINT `fk_cyxhavwdvemxijqbgprseisstfkpybstiglb` FOREIGN KEY (`userId`) REFERENCES `users` (`id`) ON DELETE CASCADE
) ENGINE=InnoDB DEFAULT CHARSET=utf8mb4 COLLATE=utf8mb4_unicode_ci;

--
-- Table structure for table `sitegroups`
--

CREATE TABLE `sitegroups` (
  `id` int(11) NOT NULL AUTO_INCREMENT,
  `name` varchar(255) NOT NULL,
  `dateCreated` datetime NOT NULL,
  `dateUpdated` datetime NOT NULL,
  `dateDeleted` datetime DEFAULT NULL,
  `uid` char(36) NOT NULL DEFAULT '0',
  PRIMARY KEY (`id`),
  KEY `idx_bzvoyjwgaxwinzwqbkkqmkvpngrdgxjhcxpy` (`name`)
) ENGINE=InnoDB AUTO_INCREMENT=2 DEFAULT CHARSET=utf8mb4 COLLATE=utf8mb4_unicode_ci;

--
-- Table structure for table `sites`
--

CREATE TABLE `sites` (
  `id` int(11) NOT NULL AUTO_INCREMENT,
  `groupId` int(11) NOT NULL,
  `primary` tinyint(1) NOT NULL,
  `enabled` varchar(255) NOT NULL DEFAULT 'true',
  `name` varchar(255) NOT NULL,
  `handle` varchar(255) NOT NULL,
  `language` varchar(255) NOT NULL,
  `hasUrls` tinyint(1) NOT NULL DEFAULT 0,
  `baseUrl` varchar(255) DEFAULT NULL,
  `sortOrder` smallint(6) unsigned DEFAULT NULL,
  `dateCreated` datetime NOT NULL,
  `dateUpdated` datetime NOT NULL,
  `dateDeleted` datetime DEFAULT NULL,
  `uid` char(36) NOT NULL DEFAULT '0',
  PRIMARY KEY (`id`),
  KEY `idx_qodxumaofhaqrqiyixwqwirvvdtwtzvcqyco` (`dateDeleted`),
  KEY `idx_ycofujlgfqztoyvyzdhsznyfkykjdddlbftf` (`handle`),
  KEY `idx_izxfexpkkytvndpdvvcooabxysbmsplmmzgl` (`sortOrder`),
  KEY `fk_uyndnfmsbltwopqnxinsxbncylieinifsvqy` (`groupId`),
  CONSTRAINT `fk_uyndnfmsbltwopqnxinsxbncylieinifsvqy` FOREIGN KEY (`groupId`) REFERENCES `sitegroups` (`id`) ON DELETE CASCADE
) ENGINE=InnoDB AUTO_INCREMENT=2 DEFAULT CHARSET=utf8mb4 COLLATE=utf8mb4_unicode_ci;

--
-- Table structure for table `sso_identities`
--

CREATE TABLE `sso_identities` (
  `provider` varchar(255) NOT NULL,
  `identityId` varchar(255) NOT NULL,
  `userId` int(11) NOT NULL,
  `dateCreated` datetime NOT NULL,
  `dateUpdated` datetime NOT NULL,
  PRIMARY KEY (`provider`,`identityId`,`userId`),
  KEY `fk_cdosuuwqnpddbwowyyocfqksitgigfmuqrvz` (`userId`),
  CONSTRAINT `fk_cdosuuwqnpddbwowyyocfqksitgigfmuqrvz` FOREIGN KEY (`userId`) REFERENCES `users` (`id`) ON DELETE CASCADE
) ENGINE=InnoDB DEFAULT CHARSET=utf8mb4 COLLATE=utf8mb4_unicode_ci;

--
-- Table structure for table `structureelements`
--

CREATE TABLE `structureelements` (
  `id` int(11) NOT NULL AUTO_INCREMENT,
  `structureId` int(11) NOT NULL,
  `elementId` int(11) DEFAULT NULL,
  `root` int(11) unsigned DEFAULT NULL,
  `lft` int(11) unsigned NOT NULL,
  `rgt` int(11) unsigned NOT NULL,
  `level` smallint(6) unsigned NOT NULL,
  `dateCreated` datetime NOT NULL,
  `dateUpdated` datetime NOT NULL,
  `uid` char(36) NOT NULL DEFAULT '0',
  PRIMARY KEY (`id`),
  UNIQUE KEY `idx_miyrgccwkfjhrjxifksjvylfjplbyrfovgxn` (`structureId`,`elementId`),
  KEY `idx_ubjohwatfgdorkkhmabagzapavuosafsftbm` (`root`),
  KEY `idx_rxnqsjqsqygvdwcttjxxbsibipqlngbqhnxr` (`lft`),
  KEY `idx_outwofjsgoffuzskqixlxdqlawhjjfzdifqk` (`rgt`),
  KEY `idx_rujartbsrtqnuxgbpwqawzijoxbnnpsjyamz` (`level`),
  KEY `idx_ewiglwowuovpykautncbvohonbscpwqkitxm` (`elementId`),
  CONSTRAINT `fk_gznivcfwgxqnslvunjtoprqacleqkxzeggbv` FOREIGN KEY (`structureId`) REFERENCES `structures` (`id`) ON DELETE CASCADE
) ENGINE=InnoDB AUTO_INCREMENT=39 DEFAULT CHARSET=utf8mb4 COLLATE=utf8mb4_unicode_ci;

--
-- Table structure for table `structures`
--

CREATE TABLE `structures` (
  `id` int(11) NOT NULL AUTO_INCREMENT,
  `maxLevels` smallint(6) unsigned DEFAULT NULL,
  `dateCreated` datetime NOT NULL,
  `dateUpdated` datetime NOT NULL,
  `dateDeleted` datetime DEFAULT NULL,
  `uid` char(36) NOT NULL DEFAULT '0',
  PRIMARY KEY (`id`),
  KEY `idx_eusnvoethnwxvmutbpkqpxcingkmcdtftfgb` (`dateDeleted`)
) ENGINE=InnoDB AUTO_INCREMENT=4 DEFAULT CHARSET=utf8mb4 COLLATE=utf8mb4_unicode_ci;

--
-- Table structure for table `taggroups`
--

CREATE TABLE `taggroups` (
  `id` int(11) NOT NULL AUTO_INCREMENT,
  `name` varchar(255) NOT NULL,
  `handle` varchar(255) NOT NULL,
  `fieldLayoutId` int(11) DEFAULT NULL,
  `dateCreated` datetime NOT NULL,
  `dateUpdated` datetime NOT NULL,
  `dateDeleted` datetime DEFAULT NULL,
  `uid` char(36) NOT NULL DEFAULT '0',
  PRIMARY KEY (`id`),
  KEY `idx_izebrjzivrrbfqtdzpvqexvpwbdbyztfuage` (`name`),
  KEY `idx_jmswvtxdfatprgwyfziibabghjpjfbtsqbzh` (`handle`),
  KEY `idx_pswyikqcvxxgppompfrxfiqqzsccztedjtgk` (`dateDeleted`),
  KEY `fk_sdrvhbxkonfxjfqkapkigjducgdvrtlsdkgd` (`fieldLayoutId`),
  CONSTRAINT `fk_sdrvhbxkonfxjfqkapkigjducgdvrtlsdkgd` FOREIGN KEY (`fieldLayoutId`) REFERENCES `fieldlayouts` (`id`) ON DELETE SET NULL
) ENGINE=InnoDB DEFAULT CHARSET=utf8mb4 COLLATE=utf8mb4_unicode_ci;

--
-- Table structure for table `tags`
--

CREATE TABLE `tags` (
  `id` int(11) NOT NULL,
  `groupId` int(11) NOT NULL,
  `deletedWithGroup` tinyint(1) DEFAULT NULL,
  `dateCreated` datetime NOT NULL,
  `dateUpdated` datetime NOT NULL,
  PRIMARY KEY (`id`),
  KEY `idx_lyqyicbtsxhgjcplydtbeuywqvumyhiifvdo` (`groupId`),
  CONSTRAINT `fk_hhjykwpltxiwkljvaexrktrjqtaiovbzcbjd` FOREIGN KEY (`groupId`) REFERENCES `taggroups` (`id`) ON DELETE CASCADE,
  CONSTRAINT `fk_lcarrafuhmpqhyduhtmwtbitnwlqrpezqonk` FOREIGN KEY (`id`) REFERENCES `elements` (`id`) ON DELETE CASCADE
) ENGINE=InnoDB DEFAULT CHARSET=utf8mb4 COLLATE=utf8mb4_unicode_ci;

--
-- Table structure for table `usergroups`
--

CREATE TABLE `usergroups` (
  `id` int(11) NOT NULL AUTO_INCREMENT,
  `name` varchar(255) NOT NULL,
  `handle` varchar(255) NOT NULL,
  `description` text DEFAULT NULL,
  `dateCreated` datetime NOT NULL,
  `dateUpdated` datetime NOT NULL,
  `uid` char(36) NOT NULL DEFAULT '0',
  PRIMARY KEY (`id`),
  KEY `idx_jtxvuaocmgpmiafqjpnjewpkjsmuyowwvsut` (`handle`),
  KEY `idx_wpvnhgkuaiewanhhnwdfxwqynzqplzouhztg` (`name`)
) ENGINE=InnoDB DEFAULT CHARSET=utf8mb4 COLLATE=utf8mb4_unicode_ci;

--
-- Table structure for table `usergroups_users`
--

CREATE TABLE `usergroups_users` (
  `id` int(11) NOT NULL AUTO_INCREMENT,
  `groupId` int(11) NOT NULL,
  `userId` int(11) NOT NULL,
  `dateCreated` datetime NOT NULL,
  `dateUpdated` datetime NOT NULL,
  `uid` char(36) NOT NULL DEFAULT '0',
  PRIMARY KEY (`id`),
  UNIQUE KEY `idx_bopfhzsnlesikmvmnnawfjxfabzprzrppqby` (`groupId`,`userId`),
  KEY `idx_evpjprisvgsyokywoppepwahlokrqcmlvryo` (`userId`),
  CONSTRAINT `fk_ikswmvvxndtohismwaocrdrkuqliatxulnoy` FOREIGN KEY (`userId`) REFERENCES `users` (`id`) ON DELETE CASCADE,
  CONSTRAINT `fk_zxsvwtlpfzujefxibnfaqgrwpzlyxycryuky` FOREIGN KEY (`groupId`) REFERENCES `usergroups` (`id`) ON DELETE CASCADE
) ENGINE=InnoDB DEFAULT CHARSET=utf8mb4 COLLATE=utf8mb4_unicode_ci;

--
-- Table structure for table `userpermissions`
--

CREATE TABLE `userpermissions` (
  `id` int(11) NOT NULL AUTO_INCREMENT,
  `name` varchar(255) NOT NULL,
  `dateCreated` datetime NOT NULL,
  `dateUpdated` datetime NOT NULL,
  `uid` char(36) NOT NULL DEFAULT '0',
  PRIMARY KEY (`id`),
  UNIQUE KEY `idx_smwkoqxjjtioxpidhvokqcdsrtefwbptnkrw` (`name`)
) ENGINE=InnoDB DEFAULT CHARSET=utf8mb4 COLLATE=utf8mb4_unicode_ci;

--
-- Table structure for table `userpermissions_usergroups`
--

CREATE TABLE `userpermissions_usergroups` (
  `id` int(11) NOT NULL AUTO_INCREMENT,
  `permissionId` int(11) NOT NULL,
  `groupId` int(11) NOT NULL,
  `dateCreated` datetime NOT NULL,
  `dateUpdated` datetime NOT NULL,
  `uid` char(36) NOT NULL DEFAULT '0',
  PRIMARY KEY (`id`),
  UNIQUE KEY `idx_eomihphyscckjnvlqatyhrqnnzjjxtjzkhnl` (`permissionId`,`groupId`),
  KEY `idx_vtarqwsnmlenwrylosqitvxeetrzyksfiyvd` (`groupId`),
  CONSTRAINT `fk_gwlujavssavavmfibuwehtiygnhquaumedan` FOREIGN KEY (`groupId`) REFERENCES `usergroups` (`id`) ON DELETE CASCADE,
  CONSTRAINT `fk_xcfqfmpmjkxsnaufijnkfrsfyngldmcmsfmx` FOREIGN KEY (`permissionId`) REFERENCES `userpermissions` (`id`) ON DELETE CASCADE
) ENGINE=InnoDB DEFAULT CHARSET=utf8mb4 COLLATE=utf8mb4_unicode_ci;

--
-- Table structure for table `userpermissions_users`
--

CREATE TABLE `userpermissions_users` (
  `id` int(11) NOT NULL AUTO_INCREMENT,
  `permissionId` int(11) NOT NULL,
  `userId` int(11) NOT NULL,
  `dateCreated` datetime NOT NULL,
  `dateUpdated` datetime NOT NULL,
  `uid` char(36) NOT NULL DEFAULT '0',
  PRIMARY KEY (`id`),
  UNIQUE KEY `idx_pfbgrixzbtynocqwixsrvmcvunipxdmhajsy` (`permissionId`,`userId`),
  KEY `idx_kmfiztazqycxsewdlvfuqdgzoiflypzvcokh` (`userId`),
  CONSTRAINT `fk_gitnooapwdowazqxrxzphnxeuakugziupmmb` FOREIGN KEY (`permissionId`) REFERENCES `userpermissions` (`id`) ON DELETE CASCADE,
  CONSTRAINT `fk_jqpkiyameirvzapyvcqvvdpxlbrajmvrjdpg` FOREIGN KEY (`userId`) REFERENCES `users` (`id`) ON DELETE CASCADE
) ENGINE=InnoDB DEFAULT CHARSET=utf8mb4 COLLATE=utf8mb4_unicode_ci;

--
-- Table structure for table `userpreferences`
--

CREATE TABLE `userpreferences` (
  `userId` int(11) NOT NULL AUTO_INCREMENT,
  `preferences` longtext CHARACTER SET utf8mb4 COLLATE utf8mb4_bin DEFAULT NULL CHECK (json_valid(`preferences`)),
  PRIMARY KEY (`userId`),
  CONSTRAINT `fk_ochchfuzboemdqklocfbmeviomvsfqlmfowo` FOREIGN KEY (`userId`) REFERENCES `users` (`id`) ON DELETE CASCADE
) ENGINE=InnoDB AUTO_INCREMENT=2 DEFAULT CHARSET=utf8mb4 COLLATE=utf8mb4_unicode_ci;

--
-- Table structure for table `volumefolders`
--

CREATE TABLE `volumefolders` (
  `id` int(11) NOT NULL AUTO_INCREMENT,
  `parentId` int(11) DEFAULT NULL,
  `volumeId` int(11) DEFAULT NULL,
  `name` varchar(255) NOT NULL,
  `path` varchar(255) DEFAULT NULL,
  `dateCreated` datetime NOT NULL,
  `dateUpdated` datetime NOT NULL,
  `uid` char(36) NOT NULL DEFAULT '0',
  PRIMARY KEY (`id`),
  UNIQUE KEY `idx_ttvfnzsftxcdpitrzfttxpuswugcipweetoq` (`name`,`parentId`,`volumeId`),
  KEY `idx_vmkdtqtzfvrjurprscjizvauherelrncusxy` (`parentId`),
  KEY `idx_tnymthcvphdaeznmmdkbppisvepybnpeiiey` (`volumeId`),
  CONSTRAINT `fk_ockgnuyxeksxicnmewwxwcfwsdlfrotnfmqv` FOREIGN KEY (`volumeId`) REFERENCES `volumes` (`id`) ON DELETE CASCADE,
  CONSTRAINT `fk_vknjkvkigdaqyocfqylmgsouhfbudjlfowpw` FOREIGN KEY (`parentId`) REFERENCES `volumefolders` (`id`) ON DELETE CASCADE
) ENGINE=InnoDB AUTO_INCREMENT=4 DEFAULT CHARSET=utf8mb4 COLLATE=utf8mb4_unicode_ci;

--
-- Table structure for table `volumes`
--

CREATE TABLE `volumes` (
  `id` int(11) NOT NULL AUTO_INCREMENT,
  `fieldLayoutId` int(11) DEFAULT NULL,
  `name` varchar(255) NOT NULL,
  `handle` varchar(255) NOT NULL,
  `fs` varchar(255) NOT NULL,
  `subpath` varchar(255) DEFAULT NULL,
  `transformFs` varchar(255) DEFAULT NULL,
  `transformSubpath` varchar(255) DEFAULT NULL,
  `titleTranslationMethod` varchar(255) NOT NULL DEFAULT 'site',
  `titleTranslationKeyFormat` text DEFAULT NULL,
  `altTranslationMethod` varchar(255) NOT NULL DEFAULT 'site',
  `altTranslationKeyFormat` text DEFAULT NULL,
  `sortOrder` smallint(6) unsigned DEFAULT NULL,
  `dateCreated` datetime NOT NULL,
  `dateUpdated` datetime NOT NULL,
  `dateDeleted` datetime DEFAULT NULL,
  `uid` char(36) NOT NULL DEFAULT '0',
  PRIMARY KEY (`id`),
  KEY `idx_newmjvftulzawptovlptfdqwzvibdfzmjooq` (`name`),
  KEY `idx_uxmltstetpackdlsfuimwpfxpxwddqhwxvon` (`handle`),
  KEY `idx_wsfovkewqvzvbdahbbgfqunpmignnmrebakp` (`fieldLayoutId`),
  KEY `idx_jumrfoojblurapwyucfuxeqydcsxxftxayzv` (`dateDeleted`),
  CONSTRAINT `fk_thlnxcsamrsaycrqmrojeibrrgpcqsghoakm` FOREIGN KEY (`fieldLayoutId`) REFERENCES `fieldlayouts` (`id`) ON DELETE SET NULL
) ENGINE=InnoDB AUTO_INCREMENT=2 DEFAULT CHARSET=utf8mb4 COLLATE=utf8mb4_unicode_ci;

--
-- Table structure for table `widgets`
--

CREATE TABLE `widgets` (
  `id` int(11) NOT NULL AUTO_INCREMENT,
  `userId` int(11) NOT NULL,
  `type` varchar(255) NOT NULL,
  `sortOrder` smallint(6) unsigned DEFAULT NULL,
  `colspan` tinyint(3) DEFAULT NULL,
  `settings` longtext CHARACTER SET utf8mb4 COLLATE utf8mb4_bin DEFAULT NULL CHECK (json_valid(`settings`)),
  `enabled` tinyint(1) NOT NULL DEFAULT 1,
  `dateCreated` datetime NOT NULL,
  `dateUpdated` datetime NOT NULL,
  `uid` char(36) NOT NULL DEFAULT '0',
  PRIMARY KEY (`id`),
  KEY `idx_qwrdyrxeewhlhrlfymfjlzvikzcohlojvyty` (`userId`),
  CONSTRAINT `fk_dntvapvgspvhuwiiafhhodobvatvzovldywr` FOREIGN KEY (`userId`) REFERENCES `users` (`id`) ON DELETE CASCADE
) ENGINE=InnoDB AUTO_INCREMENT=5 DEFAULT CHARSET=utf8mb4 COLLATE=utf8mb4_unicode_ci;

--
-- Dumping routines for database 'hermeswp_fdcraft'
--


--
-- Host: 127.0.0.1    Database: hermeswp_fdcraft
-- ------------------------------------------------------


--
-- Dumping data for table `addresses`
--

COMMIT;

--
-- Dumping data for table `announcements`
--

COMMIT;

--
-- Dumping data for table `assetindexingsessions`
--

COMMIT;

--
-- Dumping data for table `assets`
--

INSERT INTO `assets` VALUES
(7,1,3,1,'logo.png','image/png','image',NULL,1285,645,17237,NULL,NULL,NULL,'2025-11-30 11:19:43','2025-11-30 11:19:43','2025-11-30 11:19:43'),
(36,1,3,1,'logob.png','image/png','image',NULL,1285,645,20567,NULL,NULL,NULL,'2025-11-30 14:11:48','2025-11-30 14:11:48','2025-11-30 14:11:48'),
(48,1,3,1,'shutterstock_1956162976-1-2048x1366.jpg','image/jpeg','image',NULL,2048,1366,100494,NULL,NULL,NULL,'2025-11-30 19:44:26','2025-11-30 19:44:26','2025-11-30 19:44:26'),
(81,1,3,1,'Baton-Rouge-Office.JPG.webp','image/webp','image',NULL,1200,795,102578,NULL,NULL,NULL,'2026-02-21 15:54:43','2025-11-30 20:19:00','2026-02-21 15:54:43'),
(90,1,3,1,'before4.jpg','image/jpeg','image',NULL,1035,1508,128249,NULL,NULL,NULL,'2025-12-02 15:40:05','2025-12-02 15:40:05','2025-12-02 15:40:05'),
(91,1,3,1,'after4.jpg','image/jpeg','image',NULL,1035,1508,122700,NULL,NULL,NULL,'2025-12-02 15:40:14','2025-12-02 15:40:14','2025-12-02 15:40:14'),
(312,1,3,1,'drrach-home-banner.jpg','image/jpeg','image',NULL,633,699,47285,NULL,NULL,NULL,'2025-12-04 08:44:27','2025-12-04 08:44:27','2025-12-04 08:44:27'),
(320,1,3,1,'Ellipse-9.png','image/png','image',NULL,160,160,39642,NULL,NULL,NULL,'2025-12-04 17:56:44','2025-12-04 17:56:44','2025-12-04 17:56:44'),
(757,1,3,1,'DrRach_Web-95.jpg','image/jpeg','image',NULL,1365,2048,95014,NULL,NULL,NULL,'2025-12-07 14:21:18','2025-12-07 14:21:18','2025-12-07 14:21:18'),
(821,1,3,1,'DrRach_Web-17-12.jpg','image/jpeg','image',NULL,581,647,176782,NULL,NULL,NULL,'2025-12-08 10:05:35','2025-12-08 10:05:35','2025-12-08 10:05:35'),
(1037,1,3,1,'Baton-Rouge-Office.JPG_2026-02-21-155437_ezuv.webp','image/webp','image',NULL,1200,795,104498,NULL,0,0,'2026-02-21 15:54:37','2026-02-21 15:54:37','2026-02-21 15:54:37');
COMMIT;

--
-- Dumping data for table `assets_sites`
--

INSERT INTO `assets_sites` VALUES
(7,1,NULL),
(36,1,NULL),
(48,1,NULL),
(81,1,NULL),
(90,1,NULL),
(91,1,NULL),
(312,1,NULL),
(320,1,NULL),
(757,1,NULL),
(821,1,NULL),
(1037,1,NULL);
COMMIT;

--
-- Dumping data for table `authenticator`
--

COMMIT;

--
-- Dumping data for table `bulkopevents`
--

COMMIT;

--
-- Dumping data for table `categories`
--

COMMIT;

--
-- Dumping data for table `categorygroups`
--

COMMIT;

--
-- Dumping data for table `categorygroups_sites`
--

COMMIT;

--
-- Dumping data for table `changedattributes`
--

INSERT INTO `changedattributes` VALUES
(2,1,'title','2025-11-30 12:26:41',0,1),
(3,1,'url','2026-02-08 10:05:52',0,1),
(4,1,'url','2026-02-08 09:06:41',0,1),
(5,1,'title','2025-11-30 12:11:53',0,1),
(5,1,'url','2026-02-21 23:51:33',0,1),
(6,1,'url','2026-02-21 23:03:38',0,1),
(8,1,'newWindow','2025-11-30 11:53:17',0,1),
(8,1,'title','2025-11-30 11:53:51',0,1),
(11,1,'title','2026-02-21 23:07:43',0,1),
(11,1,'url','2026-02-21 23:07:16',0,1),
(26,1,'title','2025-11-30 12:11:09',0,1),
(26,1,'url','2025-11-30 12:11:09',0,1),
(35,1,'url','2026-02-21 23:06:22',0,1),
(37,1,'title','2025-11-30 19:26:58',0,1),
(38,1,'fieldLayoutId','2025-12-02 17:23:22',0,1),
(38,1,'title','2025-12-07 08:38:43',0,1),
(38,1,'typeId','2025-12-02 17:23:22',0,1),
(43,1,'primaryOwnerId','2025-11-30 20:10:08',0,1),
(61,1,'primaryOwnerId','2025-11-30 20:09:31',0,1),
(61,1,'title','2025-11-30 20:09:31',0,1),
(89,1,'postDate','2025-12-02 15:40:41',0,1),
(89,1,'slug','2025-12-02 15:40:41',0,1),
(89,1,'title','2025-12-02 15:34:34',0,1),
(93,1,'postDate','2025-12-02 15:41:06',0,1),
(93,1,'slug','2025-12-02 15:41:06',0,1),
(93,1,'title','2025-12-02 15:40:59',0,1),
(93,1,'uri','2025-12-02 15:41:06',0,1),
(97,1,'postDate','2025-12-02 15:42:14',0,1),
(97,1,'slug','2025-12-02 15:42:14',0,1),
(97,1,'title','2025-12-02 15:42:10',0,1),
(97,1,'uri','2025-12-02 15:42:14',0,1),
(99,1,'postDate','2025-12-02 15:42:45',0,1),
(99,1,'slug','2025-12-02 15:42:45',0,1),
(99,1,'title','2025-12-02 15:42:24',0,1),
(105,1,'postDate','2025-12-02 16:15:48',0,1),
(105,1,'slug','2025-12-02 16:15:44',0,1),
(105,1,'title','2025-12-02 16:15:44',0,1),
(105,1,'uri','2025-12-02 16:15:44',0,1),
(112,1,'postDate','2025-12-02 16:26:11',0,1),
(112,1,'slug','2025-12-02 16:26:11',0,1),
(112,1,'title','2025-12-02 16:26:11',0,1),
(117,1,'slug','2025-12-02 16:47:03',0,1),
(117,1,'title','2026-02-08 10:19:31',0,1),
(117,1,'uri','2025-12-02 16:47:03',0,1),
(143,1,'primaryOwnerId','2025-12-08 10:15:37',0,1),
(143,1,'title','2025-12-07 14:39:54',0,1),
(144,1,'primaryOwnerId','2025-12-02 21:31:23',0,1),
(149,1,'primaryOwnerId','2025-12-07 09:16:48',0,1),
(235,1,'title','2025-12-02 22:25:41',0,1),
(239,1,'title','2025-12-02 22:25:52',0,1),
(244,1,'postDate','2025-12-02 22:09:17',0,1),
(244,1,'slug','2025-12-02 22:09:17',0,1),
(244,1,'status','2025-12-02 22:09:17',0,1),
(244,1,'title','2025-12-02 22:26:26',0,1),
(245,1,'postDate','2025-12-02 22:09:29',0,1),
(245,1,'slug','2025-12-02 22:09:29',0,1),
(245,1,'status','2025-12-02 22:09:29',0,1),
(245,1,'title','2025-12-02 22:26:30',0,1),
(246,1,'postDate','2025-12-02 22:10:43',0,1),
(246,1,'slug','2025-12-02 22:10:43',0,1),
(246,1,'status','2025-12-02 22:10:43',0,1),
(246,1,'title','2025-12-02 22:10:32',0,1),
(247,1,'postDate','2025-12-02 22:11:01',0,1),
(247,1,'slug','2025-12-02 22:11:01',0,1),
(247,1,'status','2025-12-02 22:11:01',0,1),
(247,1,'title','2025-12-02 22:10:50',0,1),
(250,1,'postDate','2025-12-03 07:52:56',0,1),
(250,1,'slug','2025-12-03 07:52:38',0,1),
(250,1,'title','2025-12-03 07:52:38',0,1),
(250,1,'uri','2025-12-03 07:52:38',0,1),
(252,1,'postDate','2025-12-03 07:54:20',0,1),
(252,1,'slug','2025-12-03 07:54:07',0,1),
(252,1,'title','2025-12-03 07:54:07',0,1),
(252,1,'uri','2025-12-03 07:54:07',0,1),
(258,1,'primaryOwnerId','2025-12-07 09:16:48',0,1),
(259,1,'primaryOwnerId','2026-02-21 23:28:36',0,1),
(261,1,'slug','2025-12-03 17:04:29',0,1),
(261,1,'title','2025-12-03 17:04:29',0,1),
(262,1,'slug','2025-12-03 17:07:02',0,1),
(262,1,'title','2025-12-03 17:07:02',0,1),
(266,1,'slug','2025-12-03 17:10:36',0,1),
(266,1,'title','2025-12-03 17:10:36',0,1),
(267,1,'slug','2025-12-03 17:10:31',0,1),
(267,1,'title','2025-12-03 17:10:31',0,1),
(268,1,'slug','2025-12-03 17:10:25',0,1),
(268,1,'title','2025-12-03 17:10:25',0,1),
(274,1,'primaryOwnerId','2026-02-05 08:00:00',0,1),
(275,1,'primaryOwnerId','2025-12-03 19:05:19',0,1),
(276,1,'primaryOwnerId','2026-02-05 08:00:00',0,1),
(276,1,'title','2026-02-05 08:00:00',0,1),
(281,1,'primaryOwnerId','2025-12-07 09:14:31',0,1),
(282,1,'primaryOwnerId','2025-12-07 09:14:31',0,1),
(287,1,'primaryOwnerId','2025-12-03 18:27:27',0,1),
(298,1,'primaryOwnerId','2025-12-07 09:14:31',0,1),
(299,1,'primaryOwnerId','2025-12-07 09:14:31',0,1),
(305,1,'primaryOwnerId','2025-12-07 09:14:31',0,1),
(310,1,'primaryOwnerId','2026-02-21 23:28:36',0,1),
(318,1,'primaryOwnerId','2026-02-21 23:28:36',0,1),
(319,1,'postDate','2025-12-04 17:56:51',0,1),
(319,1,'slug','2025-12-04 17:56:51',0,1),
(319,1,'title','2025-12-04 17:55:59',0,1),
(322,1,'postDate','2025-12-04 18:18:56',0,1),
(322,1,'slug','2025-12-04 17:57:32',0,1),
(322,1,'status','2025-12-04 18:18:56',0,1),
(322,1,'title','2025-12-04 17:57:01',0,1),
(324,1,'postDate','2025-12-04 17:57:55',0,1),
(324,1,'slug','2025-12-04 17:57:55',0,1),
(324,1,'status','2025-12-04 17:57:55',0,1),
(324,1,'title','2025-12-04 17:57:39',0,1),
(326,1,'postDate','2025-12-04 18:18:04',0,1),
(326,1,'slug','2025-12-04 17:58:29',0,1),
(326,1,'title','2025-12-04 17:58:12',0,1),
(335,1,'primaryOwnerId','2026-02-21 23:28:36',0,1),
(343,1,'title','2025-12-04 19:31:05',0,1),
(358,1,'primaryOwnerId','2025-12-07 08:38:43',0,1),
(358,1,'title','2025-12-07 08:38:44',0,1),
(359,1,'primaryOwnerId','2025-12-07 08:32:56',0,1),
(359,1,'title','2025-12-07 08:32:56',0,1),
(395,1,'primaryOwnerId','2025-12-06 20:31:20',0,1),
(395,1,'title','2025-12-06 20:31:20',0,1),
(411,1,'primaryOwnerId','2025-12-06 20:23:08',0,1),
(412,1,'primaryOwnerId','2025-12-06 20:23:08',0,1),
(555,1,'title','2025-12-07 00:22:49',0,1),
(556,1,'title','2025-12-07 00:22:46',0,1),
(592,1,'primaryOwnerId','2025-12-07 08:41:49',0,1),
(592,1,'title','2025-12-07 08:42:38',0,1),
(594,1,'primaryOwnerId','2025-12-07 08:41:57',0,1),
(594,1,'title','2025-12-07 08:42:33',0,1),
(604,1,'primaryOwnerId','2025-12-07 14:46:22',0,1),
(654,1,'primaryOwnerId','2025-12-07 14:46:22',0,1),
(655,1,'primaryOwnerId','2025-12-07 09:17:46',0,1),
(655,1,'title','2025-12-07 09:17:46',0,1),
(656,1,'primaryOwnerId','2025-12-07 09:17:46',0,1),
(657,1,'primaryOwnerId','2025-12-07 14:46:22',0,1),
(755,1,'title','2025-12-07 13:55:48',0,1),
(761,1,'primaryOwnerId','2026-02-21 23:28:36',0,1),
(836,1,'postDate','2025-12-08 10:21:06',0,1),
(836,1,'slug','2025-12-08 10:21:06',0,1),
(836,1,'status','2025-12-08 10:21:06',0,1),
(836,1,'title','2025-12-08 10:21:05',0,1),
(838,1,'postDate','2025-12-08 10:23:30',0,1),
(838,1,'slug','2025-12-08 10:23:30',0,1),
(838,1,'status','2025-12-08 10:23:30',0,1),
(838,1,'title','2025-12-08 10:23:29',0,1),
(849,1,'primaryOwnerId','2026-02-03 08:48:06',0,1),
(850,1,'primaryOwnerId','2026-02-03 08:48:06',0,1),
(850,1,'title','2026-02-03 08:48:06',0,1),
(887,1,'fieldLayoutId','2026-02-08 09:21:04',0,1),
(887,1,'typeId','2026-02-08 09:21:04',0,1),
(918,1,'title','2026-02-21 15:05:37',0,1),
(926,1,'primaryOwnerId','2026-02-24 14:48:15',0,1),
(926,1,'title','2026-02-21 15:17:06',0,1),
(945,1,'primaryOwnerId','2026-02-21 15:46:44',0,1),
(984,1,'primaryOwnerId','2026-02-21 15:46:44',0,1),
(984,1,'title','2026-02-21 15:46:44',0,1),
(1002,1,'primaryOwnerId','2026-02-21 15:52:58',0,1),
(1002,1,'title','2026-02-21 15:51:33',0,1),
(1011,1,'primaryOwnerId','2026-02-21 15:51:33',0,1),
(1011,1,'title','2026-02-21 15:51:33',0,1),
(1043,1,'primaryOwnerId','2026-02-21 16:07:21',0,1),
(1043,1,'title','2026-02-21 16:01:12',0,1),
(1061,1,'title','2026-02-21 16:12:02',0,1),
(1075,1,'primaryOwnerId','2026-02-21 16:21:12',0,1),
(1075,1,'title','2026-02-21 16:21:12',0,1),
(1098,1,'postDate','2026-02-21 22:49:52',0,1),
(1098,1,'slug','2026-02-21 22:49:52',0,1),
(1098,1,'title','2026-02-21 22:43:45',0,1),
(1099,1,'postDate','2026-02-21 22:48:40',0,1),
(1099,1,'slug','2026-02-21 22:48:40',0,1),
(1099,1,'status','2026-02-21 22:48:40',0,1),
(1099,1,'title','2026-02-21 22:48:23',0,1),
(1100,1,'postDate','2026-02-21 22:49:25',0,1),
(1100,1,'slug','2026-02-21 22:49:25',0,1),
(1100,1,'status','2026-02-21 22:49:25',0,1),
(1100,1,'title','2026-02-21 22:49:17',0,1),
(1101,1,'postDate','2026-02-21 22:49:36',0,1),
(1101,1,'slug','2026-02-21 22:49:36',0,1),
(1101,1,'status','2026-02-21 22:49:36',0,1),
(1101,1,'title','2026-02-21 22:49:34',0,1),
(1102,1,'postDate','2026-02-21 22:49:48',0,1),
(1102,1,'slug','2026-02-21 22:49:48',0,1),
(1102,1,'status','2026-02-21 22:49:48',0,1),
(1102,1,'title','2026-02-21 22:49:41',0,1),
(1108,1,'postDate','2026-02-21 22:56:39',0,1),
(1108,1,'slug','2026-02-21 22:56:39',0,1),
(1108,1,'title','2026-02-21 22:50:07',0,1),
(1109,1,'postDate','2026-02-21 22:51:15',0,1),
(1109,1,'slug','2026-02-21 22:51:15',0,1),
(1109,1,'status','2026-02-21 22:51:15',0,1),
(1109,1,'title','2026-02-21 22:51:01',0,1),
(1110,1,'postDate','2026-02-21 22:51:27',0,1),
(1110,1,'slug','2026-02-21 22:51:27',0,1),
(1110,1,'status','2026-02-21 22:51:27',0,1),
(1110,1,'title','2026-02-21 22:51:25',0,1),
(1111,1,'postDate','2026-02-21 22:51:44',0,1),
(1111,1,'slug','2026-02-21 22:51:44',0,1),
(1111,1,'status','2026-02-21 22:51:44',0,1),
(1111,1,'title','2026-02-21 22:51:39',0,1),
(1112,1,'postDate','2026-02-21 22:51:56',0,1),
(1112,1,'slug','2026-02-21 22:51:56',0,1),
(1112,1,'status','2026-02-21 22:51:56',0,1),
(1112,1,'title','2026-02-21 22:51:52',0,1),
(1118,1,'postDate','2026-02-21 22:58:49',0,1),
(1118,1,'slug','2026-02-21 22:58:49',0,1),
(1118,1,'title','2026-02-21 22:57:07',0,1),
(1119,1,'postDate','2026-02-21 22:58:21',0,1),
(1119,1,'slug','2026-02-21 22:58:21',0,1),
(1119,1,'status','2026-02-21 22:58:21',0,1),
(1119,1,'title','2026-02-21 22:58:18',0,1),
(1120,1,'postDate','2026-02-21 22:58:30',0,1),
(1120,1,'slug','2026-02-21 22:58:30',0,1),
(1120,1,'status','2026-02-21 22:58:30',0,1),
(1120,1,'title','2026-02-21 22:58:29',0,1),
(1121,1,'postDate','2026-02-21 22:58:41',0,1),
(1121,1,'slug','2026-02-21 22:58:41',0,1),
(1121,1,'status','2026-02-21 22:58:41',0,1),
(1121,1,'title','2026-02-21 22:58:38',0,1),
(1122,1,'postDate','2026-02-21 22:58:48',0,1),
(1122,1,'slug','2026-02-21 22:58:48',0,1),
(1122,1,'status','2026-02-21 22:58:48',0,1),
(1122,1,'title','2026-02-21 22:58:47',0,1),
(1128,1,'postDate','2026-02-21 22:59:24',0,1),
(1128,1,'slug','2026-02-21 22:59:24',0,1),
(1128,1,'title','2026-02-21 22:59:01',0,1),
(1129,1,'postDate','2026-02-21 22:59:22',0,1),
(1129,1,'slug','2026-02-21 22:59:22',0,1),
(1129,1,'status','2026-02-21 22:59:22',0,1),
(1129,1,'title','2026-02-21 22:59:19',0,1),
(1132,1,'postDate','2026-02-21 23:00:22',0,1),
(1132,1,'slug','2026-02-21 23:00:22',0,1),
(1132,1,'title','2026-02-21 22:59:48',0,1),
(1133,1,'postDate','2026-02-21 23:00:21',0,1),
(1133,1,'slug','2026-02-21 23:00:21',0,1),
(1133,1,'status','2026-02-21 23:00:21',0,1),
(1133,1,'title','2026-02-21 23:00:16',0,1),
(1157,1,'postDate','2026-02-21 23:51:06',0,1),
(1157,1,'slug','2026-02-21 23:51:06',0,1),
(1157,1,'title','2026-02-21 23:51:06',0,1),
(1157,1,'uri','2026-02-21 23:51:06',0,1),
(1161,1,'postDate','2026-02-22 00:07:00',0,1),
(1161,1,'slug','2026-02-22 00:06:50',0,1),
(1161,1,'title','2026-02-22 00:33:44',0,1),
(1161,1,'uri','2026-02-22 00:06:50',0,1),
(1216,1,'primaryOwnerId','2026-02-22 22:28:10',0,1),
(1239,1,'primaryOwnerId','2026-02-22 21:21:52',0,1),
(1286,1,'postDate','2026-02-22 00:42:18',0,1),
(1286,1,'slug','2026-02-22 00:42:11',0,1),
(1286,1,'title','2026-02-22 00:42:11',0,1),
(1286,1,'uri','2026-02-22 00:42:11',0,1),
(1334,1,'primaryOwnerId','2026-02-22 22:00:26',0,1),
(1367,1,'primaryOwnerId','2026-02-22 22:19:04',0,1),
(1425,1,'title','2026-02-24 14:40:04',0,1);
COMMIT;

--
-- Dumping data for table `changedfields`
--

INSERT INTO `changedfields` VALUES
(2,1,1,'741b290b-1284-44cf-803c-46a7844d69e4','2025-11-30 12:26:41',0,1),
(3,1,1,'741b290b-1284-44cf-803c-46a7844d69e4','2026-02-08 10:05:52',0,1),
(4,1,1,'741b290b-1284-44cf-803c-46a7844d69e4','2026-02-08 09:04:00',0,1),
(5,1,1,'741b290b-1284-44cf-803c-46a7844d69e4','2025-11-30 12:11:53',0,1),
(6,1,1,'741b290b-1284-44cf-803c-46a7844d69e4','2026-02-21 23:03:38',0,1),
(8,1,1,'741b290b-1284-44cf-803c-46a7844d69e4','2026-02-24 14:13:17',0,1),
(38,1,2,'cec5ecd1-20c2-44f9-b9ce-018d169101d7','2025-11-30 20:19:16',0,1),
(38,1,3,'12def3da-8ca1-48fa-891d-c3798b3b46e9','2025-11-30 19:58:50',0,1),
(38,1,3,'5dfd8cfe-1390-4f09-9378-3016c101b1dc','2025-11-30 20:09:31',0,1),
(38,1,4,'17d6bc9c-9563-4fc4-8b98-b7dc3fb68dd4','2025-11-30 20:09:31',0,1),
(38,1,4,'cf5f75f8-8ee4-4a97-b726-1bef5dd1e817','2025-11-30 20:09:31',0,1),
(38,1,6,'d1187881-9f88-406c-a476-52d43ed1ca77','2025-11-30 20:10:08',0,1),
(38,1,7,'162f8255-7c25-4ad1-8848-780feda02831','2026-02-21 23:28:36',0,1),
(38,1,8,'238ce99e-fad8-4e55-b39c-58e5e5704123','2025-11-30 19:34:01',0,1),
(43,1,3,'28396760-6b42-4e26-91fe-691bb1d0f638','2025-11-30 20:10:08',0,1),
(61,1,3,'28396760-6b42-4e26-91fe-691bb1d0f638','2025-11-30 20:09:31',0,1),
(61,1,5,'34edbdad-80cc-455a-8024-e4ad5cc55f12','2025-11-30 20:07:39',0,1),
(89,1,9,'521ddd96-4b77-4908-ae99-90bb9fa46eda','2025-12-02 16:47:19',0,1),
(89,1,10,'26a77c9c-ce78-46e2-acb7-8fd1af9ba2eb','2025-12-02 15:40:07',0,1),
(89,1,11,'d5803862-14af-411a-83a8-0734f3d68687','2025-12-02 15:40:17',0,1),
(89,1,12,'bcabfcb9-19e8-44e6-8f09-e37ebd2791d1','2025-12-02 17:03:57',0,1),
(93,1,3,'28396760-6b42-4e26-91fe-691bb1d0f638','2025-12-02 15:41:01',0,1),
(93,1,5,'34edbdad-80cc-455a-8024-e4ad5cc55f12','2025-12-02 15:41:04',0,1),
(97,1,3,'28396760-6b42-4e26-91fe-691bb1d0f638','2025-12-02 15:42:10',0,1),
(97,1,5,'34edbdad-80cc-455a-8024-e4ad5cc55f12','2025-12-02 15:42:13',0,1),
(99,1,9,'521ddd96-4b77-4908-ae99-90bb9fa46eda','2025-12-02 16:16:04',0,1),
(99,1,10,'26a77c9c-ce78-46e2-acb7-8fd1af9ba2eb','2025-12-02 15:42:28',0,1),
(99,1,11,'d5803862-14af-411a-83a8-0734f3d68687','2025-12-02 15:42:32',0,1),
(99,1,12,'bcabfcb9-19e8-44e6-8f09-e37ebd2791d1','2025-12-02 17:46:07',0,1),
(105,1,7,'94e2f239-5ede-4bbd-8ca2-92c5147918d8','2025-12-02 21:09:19',0,1),
(105,1,13,'e29b7cc1-1c1e-414d-93ca-11ce7716b219','2025-12-02 16:48:06',0,1),
(105,1,17,'15c485a1-c1dd-465e-93b2-21f693927c55','2025-12-02 21:01:57',0,1),
(112,1,9,'521ddd96-4b77-4908-ae99-90bb9fa46eda','2025-12-02 16:26:28',0,1),
(112,1,10,'26a77c9c-ce78-46e2-acb7-8fd1af9ba2eb','2025-12-15 09:01:44',0,1),
(112,1,11,'d5803862-14af-411a-83a8-0734f3d68687','2025-12-02 16:48:40',0,1),
(112,1,12,'bcabfcb9-19e8-44e6-8f09-e37ebd2791d1','2025-12-02 16:48:40',0,1),
(117,1,7,'29d63d2b-11ad-46b5-a496-080579503dd7','2026-02-24 14:48:15',0,1),
(117,1,13,'e29b7cc1-1c1e-414d-93ca-11ce7716b219','2025-12-02 17:18:14',0,1),
(117,1,17,'15c485a1-c1dd-465e-93b2-21f693927c55','2025-12-02 21:02:05',0,1),
(143,1,2,'cec5ecd1-20c2-44f9-b9ce-018d169101d7','2025-12-08 10:05:39',0,1),
(143,1,3,'12def3da-8ca1-48fa-891d-c3798b3b46e9','2025-12-02 19:02:37',0,1),
(143,1,3,'5dfd8cfe-1390-4f09-9378-3016c101b1dc','2025-12-02 17:36:07',0,1),
(143,1,4,'17d6bc9c-9563-4fc4-8b98-b7dc3fb68dd4','2025-12-02 17:36:07',0,1),
(143,1,4,'cf5f75f8-8ee4-4a97-b726-1bef5dd1e817','2025-12-02 17:36:07',0,1),
(143,1,6,'d1187881-9f88-406c-a476-52d43ed1ca77','2025-12-02 21:31:23',0,1),
(143,1,8,'238ce99e-fad8-4e55-b39c-58e5e5704123','2025-12-08 10:15:37',0,1),
(144,1,1,'306c8a8b-7513-4a3f-82c5-7797d86388ed','2025-12-02 21:31:23',0,1),
(190,1,3,'b711d73c-2e12-484e-aa49-7fbd53b17a66','2025-12-02 20:01:57',0,1),
(190,1,3,'f6773126-ca9b-4379-9aa4-35fdc0de9bbd','2025-12-02 20:01:57',0,1),
(190,1,4,'d5be8f8e-04d2-4f39-bd44-54d27923b9d5','2025-12-02 20:01:57',0,1),
(190,1,13,'49644737-b16a-4ec0-9507-72c7d47013c5','2025-12-02 19:52:52',0,1),
(204,1,14,'16daf059-c7fd-4b72-a424-158e791ae13c','2025-12-02 21:08:01',0,1),
(204,1,15,'e2ce4804-fbe9-43d5-8161-304ca9bcd25d','2025-12-02 21:08:36',0,1),
(204,1,16,'d401ee3a-400c-47c1-b52e-7ca24db6b7f3','2025-12-02 21:08:16',0,1),
(244,1,3,'28396760-6b42-4e26-91fe-691bb1d0f638','2025-12-02 22:26:26',0,1),
(244,1,5,'34edbdad-80cc-455a-8024-e4ad5cc55f12','2025-12-02 22:09:17',0,1),
(245,1,3,'28396760-6b42-4e26-91fe-691bb1d0f638','2025-12-02 22:26:30',0,1),
(245,1,5,'34edbdad-80cc-455a-8024-e4ad5cc55f12','2025-12-02 22:09:29',0,1),
(246,1,5,'4c5c639e-d111-4970-819b-5bcf7873db6f','2025-12-02 22:10:43',0,1),
(246,1,18,'2c8d3384-fdaf-45a9-8e0e-73f881e9509a','2025-12-02 22:10:39',0,1),
(247,1,5,'4c5c639e-d111-4970-819b-5bcf7873db6f','2025-12-02 22:11:01',0,1),
(247,1,18,'2c8d3384-fdaf-45a9-8e0e-73f881e9509a','2025-12-02 22:10:58',0,1),
(250,1,17,'83e6b444-62be-401e-aadc-b5db0004e217','2025-12-03 07:52:41',0,1),
(250,1,20,'966e4d54-8540-4d35-be11-59c9ca1f49b0','2025-12-03 07:52:56',0,1),
(252,1,17,'83e6b444-62be-401e-aadc-b5db0004e217','2025-12-03 07:54:10',0,1),
(252,1,20,'966e4d54-8540-4d35-be11-59c9ca1f49b0','2025-12-03 07:54:18',0,1),
(261,1,3,'4911f493-aeb6-4573-a3c1-3dc0b0940146','2025-12-03 17:06:38',0,1),
(261,1,3,'6868dccf-8cf0-4c95-83cf-43d34443cdbc','2025-12-03 17:06:43',0,1),
(261,1,22,'ceffcd5c-99fd-407b-ad8e-814ebcf245fa','2025-12-03 17:09:02',0,1),
(266,1,22,'ceffcd5c-99fd-407b-ad8e-814ebcf245fa','2025-12-03 17:10:13',0,1),
(267,1,7,'94e2f239-5ede-4bbd-8ca2-92c5147918d8','2025-12-03 17:10:21',0,1),
(268,1,22,'ceffcd5c-99fd-407b-ad8e-814ebcf245fa','2025-12-03 17:10:23',0,1),
(274,1,6,'11bf274a-ace0-4e3c-b321-ae01246cd640','2025-12-03 19:14:29',0,1),
(274,1,22,'ceffcd5c-99fd-407b-ad8e-814ebcf245fa','2026-02-05 08:00:00',0,1),
(275,1,3,'b57c8db9-03d0-4026-889f-6d3160affed8','2025-12-03 19:05:19',0,1),
(275,1,5,'209bfbdc-be9c-4933-96f5-5c10d80de891','2025-12-03 19:05:19',0,1),
(275,1,12,'6c588796-bb27-4fdf-9590-a50a0e275ca7','2025-12-03 19:05:19',0,1),
(276,1,3,'e7689c08-7dfa-49a7-bd36-805fe89ac1e3','2026-02-05 08:00:00',0,1),
(276,1,4,'a3a4499b-38c4-49c1-93eb-05cf9d0e9152','2026-02-05 08:00:00',0,1),
(287,1,5,'209bfbdc-be9c-4933-96f5-5c10d80de891','2025-12-03 18:27:27',0,1),
(319,1,2,'90b06f70-ec9f-49d9-b838-cef50698ec38','2025-12-04 17:56:46',0,1),
(319,1,3,'16de76fd-a825-41df-9b9d-8fe41ce48ada','2025-12-04 17:56:03',0,1),
(319,1,3,'fc67ba9e-5144-49e5-9c18-5fea452bce42','2025-12-04 17:56:10',0,1),
(319,1,4,'67df7d0c-ae22-4046-8a69-b0f66abff507','2025-12-04 17:56:15',0,1),
(322,1,2,'90b06f70-ec9f-49d9-b838-cef50698ec38','2025-12-04 17:57:26',0,1),
(322,1,3,'16de76fd-a825-41df-9b9d-8fe41ce48ada','2025-12-04 17:57:05',0,1),
(322,1,3,'fc67ba9e-5144-49e5-9c18-5fea452bce42','2025-12-04 17:57:11',0,1),
(322,1,4,'67df7d0c-ae22-4046-8a69-b0f66abff507','2025-12-04 17:57:12',0,1),
(324,1,2,'90b06f70-ec9f-49d9-b838-cef50698ec38','2025-12-04 17:57:54',0,1),
(324,1,3,'16de76fd-a825-41df-9b9d-8fe41ce48ada','2025-12-04 17:57:43',0,1),
(324,1,3,'fc67ba9e-5144-49e5-9c18-5fea452bce42','2025-12-04 17:57:45',0,1),
(324,1,4,'67df7d0c-ae22-4046-8a69-b0f66abff507','2025-12-04 17:57:50',0,1),
(326,1,2,'90b06f70-ec9f-49d9-b838-cef50698ec38','2025-12-04 17:58:28',0,1),
(326,1,3,'16de76fd-a825-41df-9b9d-8fe41ce48ada','2025-12-04 17:58:14',0,1),
(326,1,3,'fc67ba9e-5144-49e5-9c18-5fea452bce42','2025-12-04 17:58:19',0,1),
(326,1,4,'67df7d0c-ae22-4046-8a69-b0f66abff507','2025-12-04 17:58:25',0,1),
(330,1,5,'5dbdee7d-8d17-44c9-8581-679879c315ca','2025-12-04 18:16:24',0,1),
(330,1,15,'4977ef85-8f70-4b78-8499-ac4fe3031f69','2025-12-04 18:16:24',0,1),
(343,1,12,'12ab5942-8eb1-4e8d-af73-0d67149caea5','2025-12-04 19:31:03',0,1),
(343,1,24,'c6ba37df-5856-4b99-abff-ee5ac2023dee','2025-12-04 19:30:53',0,1),
(343,1,25,'463779f3-52da-4f3f-8f35-b0263c8d8c3b','2025-12-04 19:30:55',0,1),
(343,1,26,'48f56917-e399-43c9-91af-7d3ddaa9b6c8','2025-12-04 19:30:57',0,1),
(343,1,28,'353456f6-299a-4ccf-a717-44aa8f5eaf3e','2025-12-04 19:31:01',0,1),
(343,1,29,'f6ecf01a-0bc4-4c4c-9bcc-e0cded609999','2025-12-04 19:31:05',0,1),
(358,1,12,'12ab5942-8eb1-4e8d-af73-0d67149caea5','2025-12-07 00:21:43',0,1),
(358,1,12,'24a9c864-a05b-496f-92d0-6072f45d84fe','2025-12-07 00:21:43',0,1),
(358,1,17,'420c8b0e-3fe1-4ee3-ae34-7a4e1a6ad89d','2025-12-07 00:21:43',0,1),
(358,1,24,'c6ba37df-5856-4b99-abff-ee5ac2023dee','2025-12-06 20:26:26',0,1),
(358,1,26,'48f56917-e399-43c9-91af-7d3ddaa9b6c8','2025-12-07 08:23:40',0,1),
(358,1,27,'15d88486-9f10-4200-8468-69effb7550d6','2025-12-07 08:23:40',0,1),
(358,1,28,'353456f6-299a-4ccf-a717-44aa8f5eaf3e','2025-12-07 08:24:36',0,1),
(358,1,29,'f6ecf01a-0bc4-4c4c-9bcc-e0cded609999','2025-12-06 20:28:56',0,1),
(358,1,30,'08c9532b-900d-4f33-8644-fbd2b4a0448e','2025-12-07 08:24:36',0,1),
(358,1,51,'7b267ef7-86ed-4004-9260-e710ae7fb28e','2025-12-07 08:38:44',0,1),
(358,1,52,'7b70343f-41ce-4c2d-bcec-54b0cd0dc42f','2025-12-07 08:24:36',0,1),
(358,1,53,'03a38015-ace3-4900-9eb7-553ae2371d19','2025-12-06 19:40:01',0,1),
(358,1,53,'1ba854f9-b95e-4fbd-9117-3e38dea54db5','2025-12-06 19:40:01',0,1),
(358,1,55,'3a7f3567-350e-41a1-9bb8-129cd9a6c519','2025-12-06 20:27:46',0,1),
(358,1,55,'d41d3f08-74c0-46b1-804a-884be4a6fffa','2025-12-06 18:56:45',0,1),
(358,1,56,'d604dc08-fc17-470f-ac46-5bd2d5fea7f0','2025-12-06 20:24:16',0,1),
(359,1,50,'efc59f9e-ed22-476e-a4bb-ce8ebd251340','2025-12-07 08:32:56',0,1),
(395,1,34,'d65d1c35-ed40-465c-8613-98206b6c0d67','2025-12-06 20:31:20',0,1),
(411,1,50,'efc59f9e-ed22-476e-a4bb-ce8ebd251340','2025-12-06 20:23:08',0,1),
(412,1,8,'31831217-1d9a-4a1e-bb5e-cab96c9fc65d','2025-12-06 20:23:08',0,1),
(412,1,40,'8630c735-6b35-4179-a62f-cb5a5eeafa83','2025-12-06 19:30:30',0,1),
(555,1,50,'efc59f9e-ed22-476e-a4bb-ce8ebd251340','2025-12-07 00:22:42',0,1),
(556,1,5,'34edbdad-80cc-455a-8024-e4ad5cc55f12','2025-12-07 00:22:46',0,1),
(592,1,59,'1a19c91a-121e-4f3c-b097-a360b3243240','2025-12-07 08:41:47',0,1),
(593,1,50,'efc59f9e-ed22-476e-a4bb-ce8ebd251340','2025-12-07 08:41:49',0,1),
(594,1,59,'1a19c91a-121e-4f3c-b097-a360b3243240','2025-12-07 08:41:56',0,1),
(604,1,51,'7b267ef7-86ed-4004-9260-e710ae7fb28e','2025-12-07 14:46:22',0,1),
(604,1,53,'03a38015-ace3-4900-9eb7-553ae2371d19','2025-12-07 08:46:56',0,1),
(604,1,53,'1ba854f9-b95e-4fbd-9117-3e38dea54db5','2025-12-07 08:46:56',0,1),
(626,1,36,'d786a952-f7f5-459f-8a46-f32ff468d4f6','2025-12-07 08:48:34',0,1),
(648,1,36,'d786a952-f7f5-459f-8a46-f32ff468d4f6','2025-12-07 08:51:36',0,1),
(654,1,50,'efc59f9e-ed22-476e-a4bb-ce8ebd251340','2025-12-07 14:46:22',0,1),
(655,1,44,'8b2111a4-335b-497f-94da-aaed1b3e0328','2025-12-07 09:17:46',0,1),
(656,1,37,'dc38184a-b41a-44b1-980c-64e7c324f41a','2025-12-07 09:17:46',0,1),
(657,1,32,'2aae0d8e-4cea-4926-92cc-9a1c5dc3ecb9','2025-12-07 09:19:05',0,1),
(657,1,33,'1fcfdd57-b6cb-4493-bdf2-2f7f6386c8c2','2025-12-07 09:23:04',0,1),
(755,1,61,'9a33b5b2-2b33-4dff-9ed2-dfce2474973e','2025-12-07 13:55:46',0,1),
(761,1,6,'b5c7b570-446c-4de6-a9bb-cd9581c73e24','2025-12-07 14:46:22',0,1),
(761,1,55,'cedb678d-86a4-4d73-865d-e821937bc248','2026-02-21 23:28:36',0,1),
(834,1,12,'12ab5942-8eb1-4e8d-af73-0d67149caea5','2025-12-08 10:19:16',0,1),
(834,1,12,'24a9c864-a05b-496f-92d0-6072f45d84fe','2025-12-08 10:19:42',0,1),
(834,1,17,'420c8b0e-3fe1-4ee3-ae34-7a4e1a6ad89d','2025-12-08 10:18:33',0,1),
(834,1,24,'c6ba37df-5856-4b99-abff-ee5ac2023dee','2025-12-08 10:17:28',0,1),
(834,1,30,'08c9532b-900d-4f33-8644-fbd2b4a0448e','2025-12-08 10:19:13',0,1),
(834,1,55,'3a7f3567-350e-41a1-9bb8-129cd9a6c519','2025-12-08 10:20:02',0,1),
(834,1,55,'d41d3f08-74c0-46b1-804a-884be4a6fffa','2025-12-08 10:20:02',0,1),
(835,1,50,'efc59f9e-ed22-476e-a4bb-ce8ebd251340','2025-12-08 10:20:59',0,1),
(836,1,1,'306c8a8b-7513-4a3f-82c5-7797d86388ed','2025-12-08 10:21:05',0,1),
(836,1,3,'28396760-6b42-4e26-91fe-691bb1d0f638','2025-12-08 10:21:05',0,1),
(836,1,5,'34edbdad-80cc-455a-8024-e4ad5cc55f12','2025-12-08 10:21:05',0,1),
(837,1,32,'2aae0d8e-4cea-4926-92cc-9a1c5dc3ecb9','2025-12-08 10:23:38',0,1),
(838,1,1,'306c8a8b-7513-4a3f-82c5-7797d86388ed','2025-12-08 10:23:29',0,1),
(838,1,3,'28396760-6b42-4e26-91fe-691bb1d0f638','2025-12-08 10:23:29',0,1),
(838,1,5,'34edbdad-80cc-455a-8024-e4ad5cc55f12','2025-12-08 10:23:29',0,1),
(849,1,3,'71564ec2-e644-438f-834f-491192e8b8be','2026-02-03 08:48:06',0,1),
(849,1,3,'e9d027e0-8c7b-4fb4-9ab0-67b5217a3d29','2026-02-03 08:48:06',0,1),
(849,1,4,'ebc60d18-09c0-400f-8c1f-2f48bd3a0b42','2026-02-03 08:48:06',0,1),
(849,1,6,'6b2619db-9295-4ee6-b7b9-fbb64c012746','2026-02-03 08:48:06',0,1),
(887,1,3,'14c2af89-da53-4d01-ae06-433c386d36c3','2026-02-08 09:14:32',0,1),
(887,1,3,'7185c98c-c9bb-46f3-b785-e1e137bf4fce','2026-02-08 09:14:32',0,1),
(887,1,4,'4c134696-2755-4438-9b8a-5b95d32d3cb6','2026-02-08 09:14:32',0,1),
(887,1,5,'59d47b20-e597-4c63-8a0a-700e4fd4e0b1','2026-02-08 09:14:32',0,1),
(887,1,7,'162f8255-7c25-4ad1-8848-780feda02831','2026-02-08 09:29:50',0,1),
(887,1,46,'52f962b8-3d4a-4f5e-8e56-eb9108a237b7','2026-02-08 09:14:32',0,1),
(912,1,7,'162f8255-7c25-4ad1-8848-780feda02831','2026-02-22 22:19:04',0,1),
(918,1,3,'12def3da-8ca1-48fa-891d-c3798b3b46e9','2026-02-21 15:05:44',0,1),
(918,1,4,'17d6bc9c-9563-4fc4-8b98-b7dc3fb68dd4','2026-02-21 15:05:57',0,1),
(918,1,8,'238ce99e-fad8-4e55-b39c-58e5e5704123','2026-02-21 15:05:21',0,1),
(926,1,3,'14363a43-2d96-4339-9c8f-1176bb7ac41a','2026-02-22 00:34:17',0,1),
(926,1,3,'417ec013-10ea-4c74-9ebb-451de4da5f3f','2026-02-21 15:15:35',0,1),
(926,1,3,'733c704a-1ef5-425f-82bb-2c7ed16220f6','2026-02-21 15:17:06',0,1),
(926,1,69,'b88966fc-0b88-461c-956d-3ecfdf5fe6f0','2026-02-24 14:48:15',0,1),
(945,1,3,'27981bad-5628-40c6-8263-ab2118bca482','2026-02-21 15:39:55',0,1),
(945,1,3,'a2a192d6-b8b6-40f0-9ac2-e971e485a9e8','2026-02-21 15:39:55',0,1),
(945,1,64,'707b0270-058e-4815-8353-a09c723e049b','2026-02-21 15:46:44',0,1),
(945,1,65,'73dce444-eee4-4675-a8d9-a73001443f8d','2026-02-21 15:33:15',0,1),
(984,1,3,'13f581e3-1751-464d-9b4b-65a1a57a2c2e','2026-02-21 15:46:44',0,1),
(1002,1,3,'3cbe2fed-6999-4764-ab9a-308f0b982499','2026-02-21 15:52:04',0,1),
(1002,1,4,'45c80109-3898-433b-96cc-3838022d84f9','2026-02-21 15:52:04',0,1),
(1002,1,66,'6f4c8f61-5636-4286-821a-9523fa0e924f','2026-02-21 15:51:33',0,1),
(1011,1,3,'6ca65211-02ec-4f68-960c-39eb200c7e18','2026-02-21 15:51:33',0,1),
(1011,1,4,'28708981-cf62-4bc8-916e-3de90d2c1149','2026-02-21 15:51:33',0,1),
(1043,1,3,'b813f809-47c0-4f2e-9d84-af3f38d219d8','2026-02-21 16:01:12',0,1),
(1043,1,3,'ec84beab-fa56-42e3-aba5-c6f50d7ff782','2026-02-21 16:01:12',0,1),
(1043,1,20,'e7f2072c-cd79-4083-a671-932331be040a','2026-02-21 16:07:21',0,1),
(1075,1,3,'13b81fd6-015d-4533-92c8-003014ed992f','2026-02-21 16:21:12',0,1),
(1075,1,3,'96d1abae-7af3-4774-9e8c-ee2ca0c789ec','2026-02-21 16:21:12',0,1),
(1098,1,3,'25b468f4-fac1-403c-a17f-13e13e0e9b60','2026-02-21 22:43:50',0,1),
(1098,1,3,'7d345954-18f1-422e-8882-8ad6f88da558','2026-02-21 22:44:00',0,1),
(1098,1,67,'042d0ccf-eca5-4519-a10e-ef2bb83920f3','2026-02-21 22:48:16',0,1),
(1098,1,68,'714e1431-03c0-455c-8957-dd9d22173d46','2026-02-21 22:44:04',0,1),
(1099,1,3,'b9fb345b-3128-4265-b3bd-58b1d523a332','2026-02-21 22:48:25',0,1),
(1099,1,3,'e86dfba6-6dfe-41e3-a5ab-0057691cb97d','2026-02-21 22:48:30',0,1),
(1100,1,3,'b9fb345b-3128-4265-b3bd-58b1d523a332','2026-02-21 22:49:19',0,1),
(1100,1,3,'e86dfba6-6dfe-41e3-a5ab-0057691cb97d','2026-02-21 22:49:24',0,1),
(1101,1,3,'b9fb345b-3128-4265-b3bd-58b1d523a332','2026-02-21 22:49:34',0,1),
(1101,1,3,'e86dfba6-6dfe-41e3-a5ab-0057691cb97d','2026-02-21 22:49:36',0,1),
(1102,1,3,'b9fb345b-3128-4265-b3bd-58b1d523a332','2026-02-21 22:49:43',0,1),
(1102,1,3,'e86dfba6-6dfe-41e3-a5ab-0057691cb97d','2026-02-21 22:49:45',0,1),
(1108,1,3,'25b468f4-fac1-403c-a17f-13e13e0e9b60','2026-02-21 22:50:13',0,1),
(1108,1,3,'7d345954-18f1-422e-8882-8ad6f88da558','2026-02-21 22:50:44',0,1),
(1108,1,3,'9287da5b-f2ab-477a-beb5-7dea375cd6a5','2026-02-21 22:56:39',0,1),
(1108,1,67,'042d0ccf-eca5-4519-a10e-ef2bb83920f3','2026-02-21 22:50:55',0,1),
(1108,1,68,'714e1431-03c0-455c-8957-dd9d22173d46','2026-02-21 22:56:38',0,1),
(1109,1,3,'b9fb345b-3128-4265-b3bd-58b1d523a332','2026-02-21 22:51:01',0,1),
(1109,1,3,'e86dfba6-6dfe-41e3-a5ab-0057691cb97d','2026-02-21 22:51:06',0,1),
(1110,1,3,'b9fb345b-3128-4265-b3bd-58b1d523a332','2026-02-21 22:51:25',0,1),
(1110,1,3,'e86dfba6-6dfe-41e3-a5ab-0057691cb97d','2026-02-21 22:51:26',0,1),
(1111,1,3,'b9fb345b-3128-4265-b3bd-58b1d523a332','2026-02-21 22:51:39',0,1),
(1111,1,3,'e86dfba6-6dfe-41e3-a5ab-0057691cb97d','2026-02-21 22:51:42',0,1),
(1112,1,3,'b9fb345b-3128-4265-b3bd-58b1d523a332','2026-02-21 22:51:52',0,1),
(1112,1,3,'e86dfba6-6dfe-41e3-a5ab-0057691cb97d','2026-02-21 22:51:55',0,1),
(1118,1,3,'25b468f4-fac1-403c-a17f-13e13e0e9b60','2026-02-21 22:57:25',0,1),
(1118,1,3,'7d345954-18f1-422e-8882-8ad6f88da558','2026-02-21 22:57:33',0,1),
(1118,1,67,'042d0ccf-eca5-4519-a10e-ef2bb83920f3','2026-02-21 22:57:36',0,1),
(1118,1,68,'714e1431-03c0-455c-8957-dd9d22173d46','2026-02-21 22:57:34',0,1),
(1119,1,3,'b9fb345b-3128-4265-b3bd-58b1d523a332','2026-02-21 22:58:18',0,1),
(1119,1,3,'e86dfba6-6dfe-41e3-a5ab-0057691cb97d','2026-02-21 22:58:21',0,1),
(1120,1,3,'b9fb345b-3128-4265-b3bd-58b1d523a332','2026-02-21 22:58:29',0,1),
(1120,1,3,'e86dfba6-6dfe-41e3-a5ab-0057691cb97d','2026-02-21 22:58:30',0,1),
(1121,1,3,'b9fb345b-3128-4265-b3bd-58b1d523a332','2026-02-21 22:58:38',0,1),
(1121,1,3,'e86dfba6-6dfe-41e3-a5ab-0057691cb97d','2026-02-21 22:58:40',0,1),
(1122,1,3,'b9fb345b-3128-4265-b3bd-58b1d523a332','2026-02-21 22:58:47',0,1),
(1122,1,3,'e86dfba6-6dfe-41e3-a5ab-0057691cb97d','2026-02-21 22:58:48',0,1),
(1128,1,3,'25b468f4-fac1-403c-a17f-13e13e0e9b60','2026-02-21 22:59:03',0,1),
(1128,1,3,'7d345954-18f1-422e-8882-8ad6f88da558','2026-02-21 22:59:11',0,1),
(1128,1,67,'042d0ccf-eca5-4519-a10e-ef2bb83920f3','2026-02-21 22:59:17',0,1),
(1128,1,68,'714e1431-03c0-455c-8957-dd9d22173d46','2026-02-21 22:59:14',0,1),
(1129,1,3,'b9fb345b-3128-4265-b3bd-58b1d523a332','2026-02-21 22:59:19',0,1),
(1129,1,3,'e86dfba6-6dfe-41e3-a5ab-0057691cb97d','2026-02-21 22:59:22',0,1),
(1132,1,3,'25b468f4-fac1-403c-a17f-13e13e0e9b60','2026-02-21 22:59:55',0,1),
(1132,1,3,'7d345954-18f1-422e-8882-8ad6f88da558','2026-02-21 23:00:00',0,1),
(1132,1,67,'042d0ccf-eca5-4519-a10e-ef2bb83920f3','2026-02-21 23:00:15',0,1),
(1132,1,68,'714e1431-03c0-455c-8957-dd9d22173d46','2026-02-21 23:00:03',0,1),
(1133,1,3,'b9fb345b-3128-4265-b3bd-58b1d523a332','2026-02-21 23:00:19',0,1),
(1133,1,3,'e86dfba6-6dfe-41e3-a5ab-0057691cb97d','2026-02-21 23:00:21',0,1),
(1161,1,7,'00bc2085-e013-4955-9a8c-9713f15eac95','2026-02-22 22:28:10',0,1),
(1161,1,17,'532dac3c-d10a-4183-93e4-92dc9b29362b','2026-02-22 00:06:42',0,1),
(1216,1,3,'275f9f89-7d68-41ef-9e4d-b2f9f830d528','2026-02-22 18:53:48',0,1),
(1216,1,3,'2b3e1715-32ff-447b-9460-6469aeb01c95','2026-02-22 20:58:05',0,1),
(1216,1,3,'3ca08555-77e8-454e-8700-705a90cc539c','2026-02-22 20:59:10',0,1),
(1216,1,3,'556a3ac6-956d-48f1-b64a-184871e63dde','2026-02-22 00:29:01',0,1),
(1216,1,3,'662abfc6-cb86-492b-a40d-00775916402e','2026-02-22 20:58:05',0,1),
(1216,1,3,'7139eaa1-a3c8-41e6-8bea-bbf2be110df9','2026-02-22 00:28:19',0,1),
(1216,1,3,'80b2559f-f6ea-4425-a80c-d4905608eff9','2026-02-22 20:59:10',0,1),
(1216,1,3,'a0af3f1d-586c-4a0f-a63b-23905a40f7f4','2026-02-22 20:58:05',0,1),
(1216,1,3,'a8216afd-a278-431d-9241-249a8482c463','2026-02-22 00:22:36',0,1),
(1216,1,3,'bae8aad6-de36-441f-bb76-34f1e3a478b2','2026-02-22 20:59:10',0,1),
(1216,1,4,'09b096a5-3744-49b5-aca3-68c5a759cee3','2026-02-22 18:53:48',0,1),
(1216,1,4,'189b4eff-c4aa-4bd6-885c-24922e54375f','2026-02-22 20:58:05',0,1),
(1216,1,4,'26816f50-cf23-4107-b380-4cc8fc57871b','2026-02-22 00:29:01',0,1),
(1216,1,4,'2e2b47ba-c967-4b16-8293-07e5c74319fe','2026-02-22 20:59:10',0,1),
(1216,1,4,'8f4ed747-6538-42b3-9204-10e4e72f859a','2026-02-22 00:28:19',0,1),
(1216,1,4,'aa302180-85b3-4ce4-a24d-7851a05f80b3','2026-02-22 18:53:48',0,1),
(1216,1,4,'c38db626-85ba-4201-9240-e8c2b19beb5e','2026-02-22 00:29:01',0,1),
(1216,1,10,'00524f8a-98d9-4f47-b5d0-b4c407115118','2026-02-22 18:53:48',0,1),
(1216,1,15,'780ba720-3833-46e6-89d7-7d24cc606852','2026-02-22 20:58:05',0,1),
(1216,1,69,'9551510c-7e7c-4050-86b6-7d7743d053b7','2026-02-22 21:16:12',0,1),
(1216,1,70,'fb812f21-7614-47e0-b55a-8ed5607b5f4b','2026-02-22 22:28:10',0,1),
(1286,1,7,'29d63d2b-11ad-46b5-a496-080579503dd7','2026-02-22 00:42:12',0,1),
(1286,1,17,'15c485a1-c1dd-465e-93b2-21f693927c55','2026-02-22 00:42:17',0,1),
(1334,1,3,'2b3e1715-32ff-447b-9460-6469aeb01c95','2026-02-22 22:00:26',0,1),
(1334,1,3,'3ca08555-77e8-454e-8700-705a90cc539c','2026-02-22 22:00:26',0,1),
(1334,1,3,'556a3ac6-956d-48f1-b64a-184871e63dde','2026-02-22 22:00:26',0,1),
(1334,1,3,'662abfc6-cb86-492b-a40d-00775916402e','2026-02-22 22:00:26',0,1),
(1334,1,3,'80b2559f-f6ea-4425-a80c-d4905608eff9','2026-02-22 22:00:26',0,1),
(1334,1,3,'a0af3f1d-586c-4a0f-a63b-23905a40f7f4','2026-02-22 22:00:26',0,1),
(1334,1,3,'bae8aad6-de36-441f-bb76-34f1e3a478b2','2026-02-22 22:00:26',0,1),
(1334,1,4,'189b4eff-c4aa-4bd6-885c-24922e54375f','2026-02-22 22:00:26',0,1),
(1334,1,4,'26816f50-cf23-4107-b380-4cc8fc57871b','2026-02-22 22:00:26',0,1),
(1334,1,4,'2e2b47ba-c967-4b16-8293-07e5c74319fe','2026-02-22 22:00:26',0,1),
(1334,1,4,'c38db626-85ba-4201-9240-e8c2b19beb5e','2026-02-22 22:00:26',0,1),
(1334,1,15,'780ba720-3833-46e6-89d7-7d24cc606852','2026-02-22 22:00:26',0,1),
(1334,1,17,'7509c6f1-b682-433b-9708-0d83e83f3a1f','2026-02-22 22:00:26',0,1),
(1367,1,69,'9551510c-7e7c-4050-86b6-7d7743d053b7','2026-02-22 22:19:04',0,1),
(1422,1,28,'0f4b4599-37ec-4e32-951d-314472221e14','2026-02-24 14:17:15',0,1),
(1423,1,14,'16daf059-c7fd-4b72-a424-158e791ae13c','2026-02-24 14:31:45',0,1),
(1424,1,7,'162f8255-7c25-4ad1-8848-780feda02831','2026-02-24 14:39:56',0,1),
(1425,1,3,'b711d73c-2e12-484e-aa49-7fbd53b17a66','2026-02-24 14:40:04',0,1),
(1425,1,3,'f6773126-ca9b-4379-9aa4-35fdc0de9bbd','2026-02-24 14:40:04',0,1),
(1425,1,4,'d5be8f8e-04d2-4f39-bd44-54d27923b9d5','2026-02-24 14:40:04',0,1),
(1428,1,6,'d1187881-9f88-406c-a476-52d43ed1ca77','2026-02-24 14:43:36',0,1);
COMMIT;

--
-- Dumping data for table `contentblocks`
--

COMMIT;

--
-- Dumping data for table `craftidtokens`
--

COMMIT;

--
-- Dumping data for table `deprecationerrors`
--

COMMIT;

--
-- Dumping data for table `drafts`
--

INSERT INTO `drafts` VALUES
(7,NULL,1,0,'First draft','',0,NULL,1),
(28,NULL,1,0,'First draft',NULL,0,NULL,0),
(29,NULL,1,0,'First draft',NULL,0,NULL,0),
(30,NULL,1,0,'First draft',NULL,0,NULL,0),
(31,NULL,1,0,'First draft',NULL,0,NULL,0),
(38,NULL,1,0,'First draft',NULL,0,NULL,0),
(39,NULL,1,0,'First draft',NULL,0,NULL,0),
(43,NULL,1,0,'First draft',NULL,0,NULL,0),
(59,NULL,1,0,'First draft',NULL,0,NULL,0),
(75,NULL,1,0,'First draft',NULL,0,NULL,0),
(109,NULL,1,0,'First draft',NULL,0,NULL,1),
(110,NULL,1,0,'First draft',NULL,0,NULL,1),
(111,NULL,1,0,'First draft',NULL,0,NULL,0),
(113,NULL,1,0,'First draft',NULL,0,NULL,1),
(114,NULL,1,0,'First draft',NULL,0,NULL,1),
(115,NULL,1,0,'First draft',NULL,0,NULL,1),
(116,NULL,1,0,'First draft',NULL,0,NULL,0),
(146,NULL,1,0,'First draft',NULL,0,NULL,1),
(151,NULL,1,0,'First draft',NULL,0,NULL,0),
(152,NULL,1,0,'First draft',NULL,0,NULL,0),
(155,NULL,1,0,'First draft',NULL,0,NULL,0),
(156,NULL,1,0,'First draft',NULL,0,NULL,0),
(157,NULL,1,0,'First draft',NULL,0,NULL,0),
(158,NULL,1,0,'First draft',NULL,0,NULL,0),
(159,NULL,1,0,'First draft',NULL,0,NULL,0),
(160,NULL,1,0,'First draft',NULL,0,NULL,0),
(230,NULL,1,0,'First draft',NULL,0,NULL,0),
(232,NULL,1,0,'First draft',NULL,0,NULL,0),
(234,NULL,1,0,'First draft',NULL,0,NULL,0),
(236,NULL,1,0,'First draft',NULL,0,NULL,1),
(237,NULL,1,0,'First draft',NULL,0,NULL,1),
(253,578,1,1,'Draft 1',NULL,1,NULL,1),
(266,607,1,1,'Draft 1',NULL,1,NULL,1),
(273,634,1,1,'Draft 1',NULL,1,NULL,1),
(321,NULL,1,0,'First draft',NULL,0,NULL,1),
(322,NULL,1,0,'First draft',NULL,0,NULL,0),
(348,604,1,1,'Draft 1',NULL,1,NULL,1),
(349,654,1,1,'Draft 1',NULL,1,NULL,1),
(351,657,1,1,'Draft 1',NULL,1,NULL,1),
(387,NULL,1,0,'First draft',NULL,0,NULL,0),
(388,NULL,1,0,'First draft',NULL,0,NULL,1),
(443,NULL,1,0,'First draft',NULL,0,NULL,1),
(506,NULL,1,0,'First draft',NULL,0,NULL,0),
(508,NULL,1,0,'First draft',NULL,0,NULL,0),
(509,NULL,1,0,'First draft',NULL,0,NULL,0),
(550,NULL,1,0,'First draft',NULL,0,NULL,0),
(551,NULL,1,0,'First draft',NULL,0,NULL,0),
(554,761,1,1,'Draft 1',NULL,1,NULL,1),
(555,774,1,1,'Draft 1',NULL,1,NULL,1),
(556,1417,1,1,'Draft 1','',1,NULL,1),
(557,NULL,1,0,'First draft',NULL,0,NULL,1),
(558,NULL,1,0,'First draft',NULL,0,NULL,0),
(559,NULL,1,0,'First draft',NULL,0,NULL,0),
(560,143,1,1,'Draft 1',NULL,1,NULL,1),
(561,NULL,1,0,'First draft',NULL,0,NULL,0),
(565,NULL,1,0,'First draft',NULL,0,NULL,0);
COMMIT;

--
-- Dumping data for table `elementactivity`
--

INSERT INTO `elementactivity` VALUES
(1,1,1,NULL,'view','2025-12-03 09:29:40'),
(2,1,1,NULL,'edit','2025-11-30 12:26:41'),
(2,1,1,NULL,'save','2025-11-30 12:26:41'),
(3,1,1,NULL,'edit','2026-02-08 10:05:51'),
(3,1,1,NULL,'save','2026-02-08 10:05:52'),
(4,1,1,NULL,'edit','2026-02-08 09:06:40'),
(4,1,1,NULL,'save','2026-02-08 09:06:41'),
(5,1,1,NULL,'edit','2026-02-21 23:51:32'),
(5,1,1,NULL,'save','2026-02-21 23:51:33'),
(6,1,1,NULL,'edit','2026-02-21 23:03:37'),
(6,1,1,NULL,'save','2026-02-21 23:03:38'),
(8,1,1,NULL,'edit','2026-02-24 14:13:16'),
(8,1,1,NULL,'save','2026-02-24 14:13:17'),
(11,1,1,NULL,'edit','2026-02-21 23:07:41'),
(11,1,1,NULL,'save','2026-02-21 23:07:43'),
(26,1,1,NULL,'edit','2025-11-30 12:11:08'),
(26,1,1,NULL,'save','2025-11-30 12:11:09'),
(35,1,1,NULL,'edit','2026-02-21 23:06:22'),
(35,1,1,NULL,'save','2026-02-21 23:06:22'),
(37,1,1,NULL,'save','2025-11-30 19:26:58'),
(38,1,1,NULL,'edit','2026-02-21 23:28:34'),
(38,1,1,NULL,'save','2026-02-21 23:28:36'),
(38,1,1,NULL,'view','2025-12-04 22:54:02'),
(43,1,1,NULL,'edit','2025-11-30 20:10:02'),
(44,1,1,NULL,'edit','2025-11-30 20:02:31'),
(61,1,1,NULL,'edit','2025-11-30 20:09:28'),
(89,1,1,NULL,'edit','2025-12-02 17:03:56'),
(89,1,1,NULL,'save','2025-12-02 17:03:57'),
(93,1,1,NULL,'save','2025-12-02 15:41:06'),
(97,1,1,NULL,'save','2025-12-02 15:42:14'),
(99,1,1,NULL,'edit','2025-12-02 17:46:05'),
(99,1,1,NULL,'save','2025-12-02 17:46:07'),
(105,1,1,NULL,'edit','2025-12-02 21:09:18'),
(105,1,1,NULL,'save','2025-12-02 21:09:19'),
(112,1,1,NULL,'edit','2025-12-15 09:01:44'),
(112,1,1,NULL,'save','2025-12-15 09:01:44'),
(117,1,1,NULL,'edit','2026-02-24 14:48:13'),
(117,1,1,NULL,'save','2026-02-24 14:48:15'),
(143,1,1,NULL,'edit','2026-02-24 14:43:40'),
(143,1,1,NULL,'save','2025-12-04 08:58:20'),
(143,1,1,NULL,'view','2025-12-04 17:07:02'),
(144,1,1,NULL,'edit','2025-12-02 21:31:20'),
(144,1,1,NULL,'view','2025-12-04 17:07:02'),
(190,1,1,NULL,'edit','2025-12-02 20:01:56'),
(190,1,1,NULL,'save','2025-12-02 20:01:57'),
(204,1,1,NULL,'edit','2025-12-02 21:08:36'),
(204,1,1,NULL,'save','2025-12-02 21:08:36'),
(235,1,1,NULL,'edit','2025-12-02 22:25:40'),
(235,1,1,NULL,'save','2025-12-02 22:25:41'),
(239,1,1,NULL,'save','2025-12-02 22:25:52'),
(244,1,1,NULL,'save','2025-12-02 22:26:26'),
(245,1,1,NULL,'save','2025-12-02 22:26:30'),
(246,1,1,NULL,'save','2025-12-02 22:10:43'),
(247,1,1,NULL,'save','2025-12-02 22:11:01'),
(250,1,1,NULL,'save','2025-12-03 07:52:56'),
(252,1,1,NULL,'save','2025-12-03 07:54:20'),
(255,1,1,NULL,'view','2025-12-03 17:13:33'),
(261,1,1,NULL,'save','2025-12-03 17:09:08'),
(261,1,1,NULL,'view','2025-12-03 17:09:57'),
(262,1,1,NULL,'save','2025-12-03 17:07:02'),
(262,1,1,NULL,'view','2025-12-03 17:10:02'),
(263,1,1,NULL,'view','2025-12-03 17:09:57'),
(266,1,1,NULL,'save','2025-12-03 17:10:36'),
(266,1,1,NULL,'view','2025-12-03 17:10:27'),
(267,1,1,NULL,'save','2025-12-03 17:10:31'),
(267,1,1,NULL,'view','2025-12-03 17:10:29'),
(268,1,1,NULL,'save','2025-12-03 17:10:25'),
(268,1,1,NULL,'view','2025-12-03 17:10:21'),
(269,1,1,NULL,'view','2025-12-03 17:10:38'),
(274,1,1,NULL,'edit','2026-02-05 07:59:58'),
(274,1,1,NULL,'save','2025-12-03 19:16:27'),
(274,1,1,NULL,'view','2025-12-03 19:16:14'),
(275,1,1,NULL,'edit','2026-02-05 07:59:06'),
(275,1,1,NULL,'view','2025-12-03 19:05:11'),
(276,1,1,NULL,'edit','2026-02-05 07:59:57'),
(287,1,1,NULL,'edit','2025-12-03 18:27:25'),
(287,1,1,NULL,'view','2025-12-03 18:56:04'),
(319,1,1,NULL,'save','2025-12-04 17:56:51'),
(319,1,1,NULL,'view','2025-12-04 17:58:00'),
(322,1,1,NULL,'edit','2025-12-04 18:18:55'),
(322,1,1,NULL,'save','2025-12-04 18:18:56'),
(322,1,1,NULL,'view','2025-12-04 18:19:18'),
(324,1,1,NULL,'save','2025-12-04 17:57:55'),
(324,1,1,NULL,'view','2025-12-04 17:57:57'),
(326,1,1,NULL,'edit','2025-12-04 18:18:03'),
(326,1,1,NULL,'save','2025-12-04 18:18:04'),
(326,1,1,NULL,'view','2025-12-04 18:17:59'),
(330,1,1,NULL,'edit','2025-12-04 18:16:23'),
(330,1,1,NULL,'save','2025-12-04 18:16:24'),
(330,1,1,NULL,'view','2025-12-04 18:16:16'),
(343,1,1,NULL,'save','2025-12-04 19:31:05'),
(343,1,1,NULL,'view','2025-12-04 22:51:37'),
(358,1,1,NULL,'edit','2025-12-07 08:41:31'),
(358,1,1,NULL,'save','2025-12-07 08:32:56'),
(359,1,1,NULL,'edit','2025-12-07 08:35:46'),
(360,1,1,NULL,'edit','2025-12-06 19:18:30'),
(395,1,1,NULL,'edit','2025-12-06 20:30:41'),
(411,1,1,NULL,'edit','2025-12-06 20:23:06'),
(412,1,1,NULL,'edit','2025-12-06 20:23:05'),
(555,1,1,NULL,'save','2025-12-07 00:22:49'),
(556,1,1,NULL,'save','2025-12-07 00:22:46'),
(578,1,1,NULL,'edit','2025-12-07 08:42:40'),
(579,1,1,NULL,'edit','2025-12-07 08:41:49'),
(579,1,1,NULL,'save','2025-12-07 08:42:38'),
(582,1,1,NULL,'edit','2025-12-07 08:41:57'),
(582,1,1,NULL,'save','2025-12-07 08:42:33'),
(604,1,1,NULL,'edit','2025-12-08 10:20:02'),
(604,1,1,NULL,'save','2025-12-07 09:14:29'),
(605,1,1,NULL,'edit','2025-12-07 08:47:33'),
(606,1,1,NULL,'edit','2025-12-07 08:47:31'),
(607,1,1,NULL,'edit','2025-12-07 08:48:35'),
(632,1,1,NULL,'edit','2025-12-07 08:51:05'),
(634,1,1,NULL,'edit','2025-12-07 08:51:37'),
(654,1,1,NULL,'edit','2025-12-08 10:21:06'),
(654,1,1,NULL,'save','2025-12-07 09:14:27'),
(655,1,1,NULL,'edit','2025-12-07 09:17:41'),
(656,1,1,NULL,'edit','2025-12-07 09:17:28'),
(657,1,1,NULL,'edit','2025-12-08 10:23:38'),
(657,1,1,NULL,'save','2025-12-07 09:14:26'),
(755,1,1,NULL,'save','2025-12-07 13:55:48'),
(761,1,1,NULL,'edit','2026-02-24 14:17:15'),
(761,1,1,NULL,'save','2025-12-07 14:41:55'),
(762,1,1,NULL,'edit','2025-12-07 14:41:37'),
(774,1,1,NULL,'edit','2026-02-24 14:31:45'),
(836,1,1,NULL,'save','2025-12-08 10:21:06'),
(838,1,1,NULL,'save','2025-12-08 10:23:30'),
(849,1,1,NULL,'edit','2026-02-03 08:48:38'),
(850,1,1,NULL,'edit','2026-02-03 08:48:36'),
(887,1,1,NULL,'edit','2026-02-08 09:29:48'),
(887,1,1,NULL,'save','2026-02-08 09:29:50'),
(912,1,1,NULL,'edit','2026-02-22 22:18:13'),
(912,1,1,NULL,'save','2026-02-22 22:19:04'),
(918,1,1,NULL,'save','2026-02-21 15:05:57'),
(920,1,1,NULL,'edit','2026-02-21 15:10:45'),
(926,1,1,NULL,'edit','2026-02-24 14:48:13'),
(945,1,1,NULL,'edit','2026-02-21 15:46:42'),
(984,1,1,NULL,'edit','2026-02-21 15:46:41'),
(1002,1,1,NULL,'edit','2026-02-21 15:52:56'),
(1011,1,1,NULL,'edit','2026-02-21 15:51:18'),
(1043,1,1,NULL,'edit','2026-02-21 16:07:19'),
(1061,1,1,NULL,'save','2026-02-21 16:12:02'),
(1075,1,1,NULL,'edit','2026-02-21 16:21:10'),
(1098,1,1,NULL,'save','2026-02-21 22:49:52'),
(1099,1,1,NULL,'save','2026-02-21 22:48:41'),
(1100,1,1,NULL,'save','2026-02-21 22:49:25'),
(1101,1,1,NULL,'save','2026-02-21 22:49:36'),
(1102,1,1,NULL,'save','2026-02-21 22:49:48'),
(1108,1,1,NULL,'save','2026-02-21 22:56:39'),
(1109,1,1,NULL,'save','2026-02-21 22:53:21'),
(1110,1,1,NULL,'save','2026-02-21 22:53:25'),
(1111,1,1,NULL,'save','2026-02-21 22:53:28'),
(1112,1,1,NULL,'save','2026-02-21 22:53:31'),
(1118,1,1,NULL,'save','2026-02-21 22:58:49'),
(1119,1,1,NULL,'save','2026-02-21 22:58:21'),
(1120,1,1,NULL,'save','2026-02-21 22:58:30'),
(1121,1,1,NULL,'save','2026-02-21 22:58:41'),
(1122,1,1,NULL,'save','2026-02-21 22:58:48'),
(1128,1,1,NULL,'save','2026-02-21 22:59:24'),
(1129,1,1,NULL,'save','2026-02-21 22:59:22'),
(1132,1,1,NULL,'save','2026-02-21 23:00:22'),
(1133,1,1,NULL,'save','2026-02-21 23:00:21'),
(1157,1,1,NULL,'edit','2026-02-21 23:59:18'),
(1157,1,1,NULL,'save','2026-02-21 23:51:06'),
(1161,1,1,NULL,'edit','2026-02-22 22:28:08'),
(1161,1,1,NULL,'save','2026-02-22 22:28:10'),
(1216,1,1,NULL,'edit','2026-02-22 22:28:08'),
(1226,1,1,NULL,'edit','2026-02-22 21:20:00'),
(1239,1,1,NULL,'edit','2026-02-22 21:21:46'),
(1286,1,1,NULL,'save','2026-02-22 00:42:18'),
(1334,1,1,NULL,'edit','2026-02-22 22:00:25'),
(1367,1,1,NULL,'edit','2026-02-22 22:19:02'),
(1417,1,1,NULL,'edit','2026-02-24 14:40:16'),
(1425,1,1,NULL,'save','2026-02-24 14:40:04');
COMMIT;

--
-- Dumping data for table `elements`
--

INSERT INTO `elements` VALUES
(1,NULL,NULL,NULL,NULL,'craft\\elements\\User',1,0,'2025-11-29 11:54:53','2025-11-29 11:54:53',NULL,NULL,NULL,'c52d7d4b-a295-4827-884b-3df3e5567273'),
(2,NULL,NULL,NULL,1,'verbb\\navigation\\elements\\Node',1,0,'2025-11-29 12:58:28','2025-11-30 12:26:41',NULL,NULL,NULL,'fe246ecc-6da0-47e9-93f3-1264f1984b33'),
(3,NULL,NULL,NULL,1,'verbb\\navigation\\elements\\Node',1,0,'2025-11-29 12:58:35','2026-02-08 10:05:52',NULL,NULL,NULL,'b9cff504-fd2d-4432-aa35-4c058363b020'),
(4,NULL,NULL,NULL,1,'verbb\\navigation\\elements\\Node',1,0,'2025-11-29 12:58:41','2026-02-08 09:06:41',NULL,NULL,NULL,'6842dc4f-5206-4b2b-95b0-093b78e7158f'),
(5,NULL,NULL,NULL,1,'verbb\\navigation\\elements\\Node',1,0,'2025-11-29 12:58:47','2026-02-21 23:51:33',NULL,NULL,NULL,'82a71c05-bdaf-4d9c-88b8-037461ad1c46'),
(6,NULL,NULL,NULL,1,'verbb\\navigation\\elements\\Node',1,0,'2025-11-29 12:58:53','2026-02-21 23:03:38',NULL,NULL,NULL,'04afb510-547a-4f47-8af1-7d4ca740662c'),
(7,NULL,NULL,NULL,2,'craft\\elements\\Asset',1,0,'2025-11-30 11:19:43','2025-11-30 11:19:43',NULL,NULL,NULL,'ffa14e67-049c-4e8e-8b24-92dbe509e3f6'),
(8,NULL,NULL,NULL,1,'verbb\\navigation\\elements\\Node',1,0,'2025-11-30 11:23:32','2026-02-24 14:13:17',NULL,NULL,NULL,'de032df1-9515-4b2a-99c1-c1b4fe97d8ee'),
(11,NULL,NULL,NULL,1,'verbb\\navigation\\elements\\Node',1,0,'2025-11-30 12:04:32','2026-02-21 23:07:43',NULL,NULL,NULL,'22b6d385-4d99-4d78-8f49-64020a5082ad'),
(12,NULL,NULL,NULL,1,'verbb\\navigation\\elements\\Node',1,0,'2025-11-30 12:08:14','2025-11-30 12:08:14',NULL,NULL,NULL,'7b574f76-8627-4cff-9e26-d5dfe1365028'),
(13,NULL,NULL,NULL,1,'verbb\\navigation\\elements\\Node',1,0,'2025-11-30 12:08:18','2025-11-30 12:08:18',NULL,NULL,NULL,'12003217-d58e-493f-b241-f23d7832c952'),
(14,NULL,NULL,NULL,1,'verbb\\navigation\\elements\\Node',1,0,'2025-11-30 12:08:27','2025-11-30 12:08:27',NULL,NULL,NULL,'2ce13992-653b-4f49-827e-e642c4048f29'),
(15,NULL,NULL,NULL,1,'verbb\\navigation\\elements\\Node',1,0,'2025-11-30 12:08:33','2025-11-30 12:08:33',NULL,NULL,NULL,'f35ff650-1e13-45f2-9748-0dd7cee042db'),
(16,NULL,NULL,NULL,1,'verbb\\navigation\\elements\\Node',1,0,'2025-11-30 12:08:41','2025-11-30 12:08:41',NULL,NULL,NULL,'3559be70-ce1f-4d0d-901a-28b6efa3f99f'),
(17,NULL,NULL,NULL,1,'verbb\\navigation\\elements\\Node',1,0,'2025-11-30 12:08:51','2025-11-30 12:08:51',NULL,NULL,NULL,'9905e963-8992-45bd-859c-c37a77ee9670'),
(18,NULL,NULL,NULL,1,'verbb\\navigation\\elements\\Node',1,0,'2025-11-30 12:08:54','2025-11-30 12:08:54',NULL,NULL,NULL,'c2ec9cc4-0844-469f-a491-11066cc312b8'),
(19,NULL,NULL,NULL,1,'verbb\\navigation\\elements\\Node',1,0,'2025-11-30 12:08:58','2025-11-30 12:08:58',NULL,NULL,NULL,'d06f3452-290b-46ac-b1f3-a1bc52ce854b'),
(20,NULL,NULL,NULL,1,'verbb\\navigation\\elements\\Node',1,0,'2025-11-30 12:09:04','2025-11-30 12:09:04',NULL,NULL,NULL,'ff3b30e1-f375-4e58-9b8b-37e3ee0d63e3'),
(21,NULL,NULL,NULL,1,'verbb\\navigation\\elements\\Node',1,0,'2025-11-30 12:09:09','2025-11-30 12:09:47',NULL,'2025-11-30 12:09:47',NULL,'eb102de5-1979-4415-b71a-a9854b798380'),
(22,NULL,NULL,NULL,1,'verbb\\navigation\\elements\\Node',1,0,'2025-11-30 12:10:25','2025-11-30 12:10:25',NULL,NULL,NULL,'f9681c07-b11e-4229-819f-d4f870d9ca1d'),
(23,NULL,NULL,NULL,1,'verbb\\navigation\\elements\\Node',1,0,'2025-11-30 12:10:30','2025-11-30 12:10:30',NULL,NULL,NULL,'49ba65eb-8c9a-4200-af1f-f52735eaadf0'),
(24,NULL,NULL,NULL,1,'verbb\\navigation\\elements\\Node',1,0,'2025-11-30 12:10:35','2025-11-30 12:10:35',NULL,NULL,NULL,'75cda394-47d3-42c4-9393-b306d20c2c3b'),
(25,NULL,NULL,NULL,1,'verbb\\navigation\\elements\\Node',1,0,'2025-11-30 12:10:43','2025-11-30 12:10:43',NULL,NULL,NULL,'e897024e-5008-43db-be40-2bb512983a04'),
(26,NULL,NULL,NULL,1,'verbb\\navigation\\elements\\Node',1,0,'2025-11-30 12:10:48','2025-11-30 12:11:09',NULL,NULL,NULL,'4e1689e8-f13a-41ac-92c9-467e369de5b6'),
(28,NULL,NULL,NULL,1,'verbb\\navigation\\elements\\Node',1,0,'2025-11-30 12:11:16','2025-11-30 12:11:16',NULL,NULL,NULL,'3ff41558-24f6-468f-94b8-d50b3202c283'),
(29,NULL,NULL,NULL,1,'verbb\\navigation\\elements\\Node',1,0,'2025-11-30 12:11:25','2025-11-30 12:11:25',NULL,NULL,NULL,'d7cdc0fa-7035-480b-b3e0-3b84a7d8caed'),
(30,NULL,NULL,NULL,1,'verbb\\navigation\\elements\\Node',1,0,'2025-11-30 12:11:30','2025-11-30 12:11:30',NULL,NULL,NULL,'b713e5d5-bc16-441c-9910-07b2686dd87f'),
(31,NULL,NULL,NULL,1,'verbb\\navigation\\elements\\Node',1,0,'2025-11-30 12:11:35','2025-11-30 12:11:35',NULL,NULL,NULL,'116dc2b1-ccbe-49a5-81a1-aef218a91d1b'),
(35,NULL,NULL,NULL,1,'verbb\\navigation\\elements\\Node',1,0,'2025-11-30 12:27:29','2026-02-21 23:06:22',NULL,NULL,NULL,'3942fab8-e081-4c61-8701-51f973c328f9'),
(36,NULL,NULL,NULL,2,'craft\\elements\\Asset',1,0,'2025-11-30 14:11:48','2025-11-30 14:11:48',NULL,NULL,NULL,'1323e315-b0d5-44fb-822c-9f488fa7c996'),
(37,NULL,7,NULL,3,'craft\\elements\\Entry',1,0,'2025-11-30 19:26:54','2025-11-30 19:28:20',NULL,'2025-11-30 19:28:20',NULL,'e155d847-9420-4e8a-9f72-e630e053e01c'),
(38,NULL,NULL,NULL,7,'craft\\elements\\Entry',1,0,'2025-11-30 19:27:45','2026-02-21 23:28:35',NULL,NULL,NULL,'6e58725f-a2fb-4310-8304-dd8b7528d085'),
(43,NULL,NULL,NULL,3,'craft\\elements\\Entry',1,0,'2025-11-30 19:34:01','2025-11-30 20:10:08',NULL,NULL,NULL,'b0150bd0-4039-4092-8480-d6f6e58c0069'),
(44,NULL,NULL,NULL,3,'craft\\elements\\Entry',1,0,'2025-11-30 19:34:01','2025-11-30 20:06:55',NULL,'2025-11-30 20:06:55',NULL,'54765af9-eb03-40ec-8f4d-1e39f229f4ac'),
(48,NULL,NULL,NULL,2,'craft\\elements\\Asset',1,0,'2025-11-30 19:44:26','2025-11-30 19:44:26',NULL,NULL,NULL,'391b3a50-1f99-435a-9758-5d1e346afc87'),
(61,NULL,NULL,NULL,3,'craft\\elements\\Entry',1,0,'2025-11-30 20:06:55','2025-11-30 20:09:31',NULL,NULL,NULL,'a3224703-c3ff-4d53-ade9-c8551607d313'),
(62,NULL,NULL,NULL,3,'craft\\elements\\Entry',1,0,'2025-11-30 20:06:55','2025-11-30 20:07:09',NULL,'2025-11-30 20:07:09',NULL,'d70057c8-22cc-432e-9b2c-ad15a5cd2e2a'),
(81,NULL,NULL,NULL,2,'craft\\elements\\Asset',1,0,'2025-11-30 20:19:00','2026-02-21 15:54:43',NULL,NULL,NULL,'186b7250-2f95-43b0-87f3-801bd4211c72'),
(85,NULL,28,NULL,3,'craft\\elements\\Entry',1,0,'2025-12-02 14:55:01','2025-12-02 14:55:01',NULL,NULL,NULL,'cbda1b61-6c50-4aab-b582-b5a361ded934'),
(86,NULL,29,NULL,3,'craft\\elements\\Entry',1,0,'2025-12-02 14:55:13','2025-12-02 14:55:13',NULL,NULL,NULL,'d60471df-10ad-4ff0-92f4-32d69db45bad'),
(87,NULL,30,NULL,5,'craft\\elements\\Entry',1,0,'2025-12-02 15:31:53','2025-12-02 15:31:53',NULL,NULL,NULL,'ef857847-b8b5-4706-80b3-99c57a5d8dab'),
(88,NULL,31,NULL,5,'craft\\elements\\Entry',1,0,'2025-12-02 15:33:56','2025-12-02 15:33:56',NULL,NULL,NULL,'18a5ddbf-4495-4412-821d-ee1ed1c176bb'),
(89,NULL,NULL,NULL,5,'craft\\elements\\Entry',1,0,'2025-12-02 15:34:26','2025-12-02 17:03:57',NULL,NULL,NULL,'ac577fd8-ca87-4e06-bbee-45b18e85383a'),
(90,NULL,NULL,NULL,2,'craft\\elements\\Asset',1,0,'2025-12-02 15:40:05','2025-12-02 15:40:05',NULL,NULL,NULL,'91275b8f-ffd5-4bc1-948b-5572241c02f0'),
(91,NULL,NULL,NULL,2,'craft\\elements\\Asset',1,0,'2025-12-02 15:40:14','2025-12-02 15:40:14',NULL,NULL,NULL,'037cb1c6-927b-4988-981e-17f2cd895608'),
(92,89,NULL,21,5,'craft\\elements\\Entry',1,0,'2025-12-02 15:40:41','2025-12-02 15:40:41',NULL,NULL,NULL,'3cfe1c5d-d746-4fab-857e-cecdff98ac60'),
(93,NULL,NULL,NULL,3,'craft\\elements\\Entry',1,0,'2025-12-02 15:40:51','2025-12-02 16:26:01',NULL,'2025-12-02 16:26:01',NULL,'74b55e94-8fda-4b55-a597-223c606459ac'),
(94,93,NULL,22,3,'craft\\elements\\Entry',1,0,'2025-12-02 15:41:06','2025-12-02 15:41:06',NULL,'2025-12-02 16:26:01',NULL,'de28b103-07c2-4572-aa55-9bae96e5bab1'),
(96,89,NULL,23,5,'craft\\elements\\Entry',1,0,'2025-12-02 15:41:19','2025-12-02 15:41:19',NULL,NULL,NULL,'519f68cf-895c-425c-ba45-1e6850c48a90'),
(97,NULL,NULL,NULL,3,'craft\\elements\\Entry',1,0,'2025-12-02 15:42:01','2025-12-02 16:26:02',NULL,'2025-12-02 16:26:02',NULL,'6ac2780b-5d86-448f-8548-4f69fc30bdbd'),
(98,97,NULL,24,3,'craft\\elements\\Entry',1,0,'2025-12-02 15:42:14','2025-12-02 15:42:14',NULL,'2025-12-02 16:26:02',NULL,'7ecaef63-18c6-4489-af74-2dbdf8dfb1c6'),
(99,NULL,NULL,NULL,5,'craft\\elements\\Entry',1,0,'2025-12-02 15:42:19','2025-12-02 17:46:07',NULL,NULL,NULL,'e6735211-23ef-49cb-b8c6-1530eeab6aa7'),
(100,99,NULL,25,5,'craft\\elements\\Entry',1,0,'2025-12-02 15:42:45','2025-12-02 15:42:45',NULL,NULL,NULL,'9c9a173a-16cf-4590-8ad1-356de3324ba1'),
(102,99,NULL,26,5,'craft\\elements\\Entry',1,0,'2025-12-02 15:43:24','2025-12-02 15:43:24',NULL,NULL,NULL,'a467245b-ef52-438b-afc9-4582d8f14aac'),
(103,NULL,38,NULL,5,'craft\\elements\\Entry',1,0,'2025-12-02 16:12:22','2025-12-02 16:12:22',NULL,NULL,NULL,'02387be7-bf58-433b-a4fc-7089c9c9d1bb'),
(104,NULL,39,NULL,5,'craft\\elements\\Entry',1,0,'2025-12-02 16:12:31','2025-12-02 16:12:31',NULL,NULL,NULL,'21178ad8-2472-4205-bb0c-8c5cbd3d0c61'),
(105,NULL,NULL,NULL,6,'craft\\elements\\Entry',1,0,'2025-12-02 16:15:38','2025-12-02 21:09:19',NULL,NULL,NULL,'8d66fe25-6f47-499b-9cd1-599f5ceca145'),
(106,105,NULL,27,6,'craft\\elements\\Entry',1,0,'2025-12-02 16:15:48','2025-12-02 16:15:48',NULL,NULL,NULL,'ead8eb3d-a3d6-45ca-985b-3843b6d6a15e'),
(108,89,NULL,28,5,'craft\\elements\\Entry',1,0,'2025-12-02 16:15:56','2025-12-02 16:15:56',NULL,NULL,NULL,'8bd04517-999e-4d9e-a7ae-c9b304f5f732'),
(110,99,NULL,29,5,'craft\\elements\\Entry',1,0,'2025-12-02 16:16:03','2025-12-02 16:16:03',NULL,NULL,NULL,'a04c0939-c4f2-4f62-899b-9e61169850a5'),
(111,NULL,43,NULL,5,'craft\\elements\\Entry',1,0,'2025-12-02 16:16:32','2025-12-02 16:16:32',NULL,NULL,NULL,'1c7e1979-ed3c-411b-a551-25786253bb41'),
(112,NULL,NULL,NULL,5,'craft\\elements\\Entry',1,0,'2025-12-02 16:26:08','2025-12-15 09:01:44',NULL,NULL,NULL,'cd617995-021f-45c7-ae79-7e6483e2cc7c'),
(113,112,NULL,30,5,'craft\\elements\\Entry',1,0,'2025-12-02 16:26:11','2025-12-02 16:26:11',NULL,NULL,NULL,'f1cd0670-2c66-465b-a18f-4122e12df413'),
(115,112,NULL,31,5,'craft\\elements\\Entry',1,0,'2025-12-02 16:26:28','2025-12-02 16:26:28',NULL,NULL,NULL,'e4bb0388-1613-4a1b-b39d-cb934b6516d3'),
(116,99,NULL,32,5,'craft\\elements\\Entry',1,0,'2025-12-02 16:28:15','2025-12-02 16:28:15',NULL,NULL,NULL,'83690b84-2eb2-4c15-8498-df18f573b8b7'),
(117,NULL,NULL,NULL,6,'craft\\elements\\Entry',1,0,'2025-12-02 16:47:00','2026-02-24 14:48:15',NULL,NULL,NULL,'703bfe67-05ad-42b1-af0f-fb0e1a3eff97'),
(118,117,NULL,33,6,'craft\\elements\\Entry',1,0,'2025-12-02 16:47:05','2025-12-02 16:47:05',NULL,NULL,NULL,'b73bcdce-4515-46d0-9d96-4a144b4c2182'),
(120,89,NULL,34,5,'craft\\elements\\Entry',1,0,'2025-12-02 16:47:19','2025-12-02 16:47:19',NULL,NULL,NULL,'5cd518a6-f58e-40d6-b0db-16cb06877373'),
(122,105,NULL,35,6,'craft\\elements\\Entry',1,0,'2025-12-02 16:48:06','2025-12-02 16:48:06',NULL,NULL,NULL,'61b1600c-4edd-4513-8995-a7eadef48e98'),
(124,112,NULL,36,5,'craft\\elements\\Entry',1,0,'2025-12-02 16:48:40','2025-12-02 16:48:40',NULL,NULL,NULL,'2264032c-5479-4471-b39d-9a0964299e44'),
(125,99,NULL,37,5,'craft\\elements\\Entry',1,0,'2025-12-02 16:48:44','2025-12-02 16:48:44',NULL,NULL,NULL,'90882248-a217-4a10-aab7-a31ca0a9b103'),
(127,89,NULL,38,5,'craft\\elements\\Entry',1,0,'2025-12-02 16:48:50','2025-12-02 16:48:50',NULL,NULL,NULL,'31527730-6815-4c9f-bd29-25c07c7c971d'),
(129,89,NULL,39,5,'craft\\elements\\Entry',1,0,'2025-12-02 17:03:57','2025-12-02 17:03:57',NULL,NULL,NULL,'2fedc640-24f0-4d2f-8c48-33670cc589d2'),
(132,117,NULL,41,6,'craft\\elements\\Entry',1,0,'2025-12-02 17:18:14','2025-12-02 17:18:14',NULL,NULL,NULL,'eafa8bea-291f-4777-8644-fbfdcc3395eb'),
(134,99,NULL,42,5,'craft\\elements\\Entry',1,0,'2025-12-02 17:18:36','2025-12-02 17:18:36',NULL,NULL,NULL,'a18f09b3-3711-4a11-8c4a-f626e6739368'),
(136,99,NULL,43,5,'craft\\elements\\Entry',1,0,'2025-12-02 17:18:46','2025-12-02 17:18:46',NULL,NULL,NULL,'ca8906b1-52d8-465f-8e1f-4cabf6208de4'),
(142,NULL,59,NULL,5,'craft\\elements\\Entry',1,0,'2025-12-02 17:25:48','2025-12-02 17:25:48',NULL,NULL,NULL,'76d4da4b-0038-46b7-9285-4c7042cb67ba'),
(143,NULL,NULL,NULL,4,'craft\\elements\\Entry',1,0,'2025-12-02 17:25:51','2025-12-08 10:15:37',NULL,NULL,NULL,'4986cb4d-06cd-4710-acfd-74ca6cb40604'),
(144,NULL,NULL,NULL,3,'craft\\elements\\Entry',1,0,'2025-12-02 17:25:51','2025-12-02 21:31:23',NULL,NULL,NULL,'abafe54a-d865-4ace-a0ef-e4994a7beca7'),
(145,NULL,NULL,NULL,3,'craft\\elements\\Entry',1,0,'2025-12-02 17:25:51','2025-12-02 17:25:51',NULL,NULL,NULL,'4bac21f9-6d9e-4c78-b07b-318ad9534d97'),
(149,145,NULL,48,3,'craft\\elements\\Entry',1,0,'2025-12-02 17:25:51','2025-12-07 09:16:48',NULL,NULL,NULL,'0bb946be-5976-4c02-82f3-a25e0cd20eb6'),
(161,99,NULL,53,5,'craft\\elements\\Entry',1,0,'2025-12-02 17:45:53','2025-12-02 17:45:53',NULL,NULL,NULL,'1d9227aa-23b8-43cb-ab91-7eac7bf6ec9d'),
(163,99,NULL,54,5,'craft\\elements\\Entry',1,0,'2025-12-02 17:46:07','2025-12-02 17:46:07',NULL,NULL,NULL,'db6eaa29-e8e2-4c76-b624-c5ab0aa22ac4'),
(177,NULL,75,NULL,5,'craft\\elements\\Entry',1,0,'2025-12-02 19:05:16','2025-12-02 19:05:16',NULL,NULL,NULL,'101d46dd-ffcf-4a71-b5bd-a83c914d26be'),
(181,NULL,NULL,NULL,4,'craft\\elements\\Entry',1,0,'2025-12-02 19:06:16','2025-12-02 19:06:16',NULL,NULL,NULL,'cb1b35c0-aedd-4478-ba8e-69c4094fc208'),
(182,NULL,NULL,NULL,3,'craft\\elements\\Entry',1,0,'2025-12-02 19:06:16','2025-12-02 19:06:16',NULL,NULL,NULL,'aa273cd8-b25e-4fda-9ad1-913931c9e741'),
(183,NULL,NULL,NULL,3,'craft\\elements\\Entry',1,0,'2025-12-02 19:06:16','2025-12-02 19:06:16',NULL,NULL,NULL,'24d5d4fd-4635-4395-9178-256ac64d4770'),
(184,105,NULL,61,6,'craft\\elements\\Entry',1,0,'2025-12-02 19:06:16','2025-12-02 19:06:16',NULL,NULL,NULL,'b7eea6a1-b112-431d-89cd-6f6112c69b9f'),
(185,181,NULL,62,4,'craft\\elements\\Entry',1,0,'2025-12-02 19:06:16','2025-12-02 19:06:16',NULL,NULL,NULL,'5bf8b761-8d69-4a84-b6ec-a926ad708562'),
(186,182,NULL,63,3,'craft\\elements\\Entry',1,0,'2025-12-02 19:06:16','2025-12-02 19:06:16',NULL,NULL,NULL,'d02e2460-c18a-425e-ab12-85946fcaff0e'),
(187,183,NULL,64,3,'craft\\elements\\Entry',1,0,'2025-12-02 19:06:16','2025-12-02 19:06:16',NULL,NULL,NULL,'2d40b30e-193a-45c1-a0fd-16033365eef6'),
(190,NULL,NULL,NULL,8,'craft\\elements\\Entry',1,0,'2025-12-02 19:32:49','2025-12-02 20:01:57',NULL,NULL,NULL,'e540a835-e0dc-47b8-96ea-23b0cca969b8'),
(191,105,NULL,65,6,'craft\\elements\\Entry',1,0,'2025-12-02 19:32:49','2025-12-02 19:32:49',NULL,NULL,NULL,'23597cf8-3c6a-4454-9fe5-9343742e7ecd'),
(192,190,NULL,66,8,'craft\\elements\\Entry',1,0,'2025-12-02 19:32:49','2025-12-02 19:32:49',NULL,NULL,NULL,'2531e121-4ba6-4059-8aed-fa84c7c5b3fa'),
(193,105,NULL,67,6,'craft\\elements\\Entry',1,0,'2025-12-02 19:34:09','2025-12-02 19:34:09',NULL,NULL,NULL,'ca84456b-37d2-4a27-a808-2b453b740bf5'),
(195,105,NULL,68,6,'craft\\elements\\Entry',1,0,'2025-12-02 19:52:54','2025-12-02 19:52:54',NULL,NULL,NULL,'c09ae84c-3601-4bb7-aa12-b2f1e3fb175e'),
(196,190,NULL,69,8,'craft\\elements\\Entry',1,0,'2025-12-02 19:52:52','2025-12-02 19:52:54',NULL,NULL,NULL,'d60edef1-32ea-4ed3-b0df-649185ca66ee'),
(198,105,NULL,70,6,'craft\\elements\\Entry',1,0,'2025-12-02 20:01:58','2025-12-02 20:01:58',NULL,NULL,NULL,'baa98f01-f7cc-4701-b07f-6f51164a0c46'),
(199,190,NULL,71,8,'craft\\elements\\Entry',1,0,'2025-12-02 20:01:57','2025-12-02 20:01:58',NULL,NULL,NULL,'eb10e623-5c6c-4e3f-8a08-586707bbf8e4'),
(204,NULL,NULL,NULL,9,'craft\\elements\\Entry',1,0,'2025-12-02 20:31:56','2025-12-02 21:08:36',NULL,NULL,NULL,'3f70fb83-b001-485f-9824-5d9059bb22f7'),
(205,105,NULL,72,6,'craft\\elements\\Entry',1,0,'2025-12-02 20:31:56','2025-12-02 20:31:56',NULL,NULL,NULL,'d2aae38d-a12f-4805-96d0-dc2654df7526'),
(206,204,NULL,73,9,'craft\\elements\\Entry',1,0,'2025-12-02 20:31:56','2025-12-02 20:31:56',NULL,NULL,NULL,'a1c14749-e67c-4823-ae2e-206c3080f86a'),
(208,105,NULL,74,6,'craft\\elements\\Entry',1,0,'2025-12-02 21:01:57','2025-12-02 21:01:57',NULL,NULL,NULL,'77a3c4a2-d9d8-4812-8cdf-d1c3b8d24070'),
(210,117,NULL,75,6,'craft\\elements\\Entry',1,0,'2025-12-02 21:02:05','2025-12-02 21:02:05',NULL,NULL,NULL,'f42af788-c3e5-4ef8-9d00-0ae537cb3820'),
(212,105,NULL,76,6,'craft\\elements\\Entry',1,0,'2025-12-02 21:05:04','2025-12-02 21:05:04',NULL,NULL,NULL,'fc2e5218-0925-4f3d-83cc-60cc3188c529'),
(213,204,NULL,77,9,'craft\\elements\\Entry',1,0,'2025-12-02 21:05:03','2025-12-02 21:05:04',NULL,NULL,NULL,'08ee255b-e876-4ec3-8804-c6782a4f6925'),
(215,105,NULL,78,6,'craft\\elements\\Entry',1,0,'2025-12-02 21:05:38','2025-12-02 21:05:38',NULL,NULL,NULL,'00dcf422-a8f6-48e2-9fcf-097d335808c8'),
(216,204,NULL,79,9,'craft\\elements\\Entry',1,0,'2025-12-02 21:05:36','2025-12-02 21:05:38',NULL,NULL,NULL,'af3c97ee-2081-4653-89cb-e8f07daf5dca'),
(218,105,NULL,80,6,'craft\\elements\\Entry',1,0,'2025-12-02 21:06:16','2025-12-02 21:06:16',NULL,NULL,NULL,'e567b038-540f-4475-80f4-8c20383d9dff'),
(219,204,NULL,81,9,'craft\\elements\\Entry',1,0,'2025-12-02 21:06:14','2025-12-02 21:06:16',NULL,NULL,NULL,'5c4ac255-41ed-4469-9188-a755c88def9a'),
(221,105,NULL,82,6,'craft\\elements\\Entry',1,0,'2025-12-02 21:08:02','2025-12-02 21:08:02',NULL,NULL,NULL,'5226122e-7f85-4b91-90cd-4317f8fdf345'),
(222,204,NULL,83,9,'craft\\elements\\Entry',1,0,'2025-12-02 21:08:01','2025-12-02 21:08:02',NULL,NULL,NULL,'1d2393a4-105c-4829-a4cd-09ccb8c1a471'),
(224,105,NULL,84,6,'craft\\elements\\Entry',1,0,'2025-12-02 21:08:18','2025-12-02 21:08:18',NULL,NULL,NULL,'592bef89-eed3-4bb1-a4c5-e629e2fa1181'),
(225,204,NULL,85,9,'craft\\elements\\Entry',1,0,'2025-12-02 21:08:16','2025-12-02 21:08:18',NULL,NULL,NULL,'2209fead-8905-4a15-958f-b7deee3bbc12'),
(227,105,NULL,86,6,'craft\\elements\\Entry',1,0,'2025-12-02 21:08:37','2025-12-02 21:08:37',NULL,NULL,NULL,'bbd7e06d-02a1-4d4c-99d8-405ca25f6429'),
(228,204,NULL,87,9,'craft\\elements\\Entry',1,0,'2025-12-02 21:08:36','2025-12-02 21:08:37',NULL,NULL,NULL,'2406811e-7c7a-4a8d-a27d-ff5ab7a0c4b9'),
(230,105,NULL,88,6,'craft\\elements\\Entry',1,0,'2025-12-02 21:09:02','2025-12-02 21:09:02',NULL,NULL,NULL,'455e6903-fefc-4c09-ab03-0185eb1b62ce'),
(232,105,NULL,89,6,'craft\\elements\\Entry',1,0,'2025-12-02 21:09:19','2025-12-02 21:09:19',NULL,NULL,NULL,'160675c1-4839-43ba-9d14-33e96b21c77c'),
(235,NULL,NULL,NULL,10,'verbb\\navigation\\elements\\Node',1,0,'2025-12-02 21:42:11','2025-12-02 22:25:41',NULL,NULL,NULL,'40b66797-47c0-4ef8-9e10-dd07d793fbdd'),
(236,NULL,NULL,NULL,10,'verbb\\navigation\\elements\\Node',1,0,'2025-12-02 21:42:21','2025-12-02 21:42:21',NULL,NULL,NULL,'5fa43f99-279a-43ff-a283-498628a5f09d'),
(237,NULL,NULL,NULL,10,'verbb\\navigation\\elements\\Node',1,0,'2025-12-02 21:42:36','2025-12-02 21:42:36',NULL,NULL,NULL,'93b3dd3d-35bc-4e0f-84a5-42b28ab8a920'),
(238,NULL,NULL,NULL,10,'verbb\\navigation\\elements\\Node',1,0,'2025-12-02 21:42:46','2025-12-02 21:42:46',NULL,NULL,NULL,'2d6d73cd-91fe-47ac-af4b-476d0c2bb4d3'),
(239,NULL,NULL,NULL,11,'verbb\\navigation\\elements\\Node',1,0,'2025-12-02 21:43:52','2025-12-02 22:25:52',NULL,NULL,NULL,'ed41f808-4018-4acd-8b98-0515594899d2'),
(240,NULL,NULL,NULL,11,'verbb\\navigation\\elements\\Node',1,0,'2025-12-02 21:44:07','2025-12-02 21:44:07',NULL,NULL,NULL,'09995a25-81ae-4834-86d4-2afe66b2abfa'),
(241,NULL,NULL,NULL,11,'verbb\\navigation\\elements\\Node',1,0,'2025-12-02 21:44:15','2025-12-02 21:44:15',NULL,NULL,NULL,'c61adfcf-3a0b-4ab0-aa7e-e0ff4825eef0'),
(242,NULL,NULL,NULL,11,'verbb\\navigation\\elements\\Node',1,0,'2025-12-02 21:44:23','2025-12-02 21:44:23',NULL,NULL,NULL,'584f12e3-d20a-4a86-b5b0-5e5df74c5f2b'),
(243,NULL,NULL,NULL,13,'craft\\elements\\GlobalSet',1,0,'2025-12-02 22:04:25','2025-12-02 22:27:30',NULL,NULL,NULL,'dabc2ee6-7b53-4c21-8253-0c9718bdd331'),
(244,NULL,NULL,NULL,3,'craft\\elements\\Entry',1,0,'2025-12-02 22:09:04','2025-12-02 22:26:26',NULL,NULL,NULL,'55c3c84b-e02e-4c98-a3a7-ce9b9d99bdd9'),
(245,NULL,NULL,NULL,3,'craft\\elements\\Entry',1,0,'2025-12-02 22:09:19','2025-12-02 22:26:30',NULL,NULL,NULL,'7ae3029f-a609-4759-804b-15e6003d36c2'),
(246,NULL,NULL,NULL,12,'craft\\elements\\Entry',1,0,'2025-12-02 22:10:27','2025-12-02 22:10:43',NULL,NULL,NULL,'c1256246-9031-4685-9166-4f55d0b0da37'),
(247,NULL,NULL,NULL,12,'craft\\elements\\Entry',1,0,'2025-12-02 22:10:44','2025-12-02 22:11:01',NULL,NULL,NULL,'c42f8910-36ff-43ca-81f6-9ed6c0db1668'),
(250,NULL,NULL,NULL,14,'craft\\elements\\Entry',1,0,'2025-12-03 07:52:32','2025-12-03 07:52:56',NULL,NULL,NULL,'3f2848b3-0ba2-4603-8572-b9181eac0d72'),
(251,250,NULL,90,14,'craft\\elements\\Entry',1,0,'2025-12-03 07:52:56','2025-12-03 07:52:56',NULL,NULL,NULL,'2938fbe1-2e23-469c-8ab7-205b1f828879'),
(252,NULL,NULL,NULL,14,'craft\\elements\\Entry',1,0,'2025-12-03 07:54:02','2025-12-03 07:54:20',NULL,NULL,NULL,'cdcba7b3-aa80-4658-b0c5-8c429acf847f'),
(253,252,NULL,91,14,'craft\\elements\\Entry',1,0,'2025-12-03 07:54:20','2025-12-03 07:54:20',NULL,NULL,NULL,'febeed0a-4636-4c07-844c-8c583f0443e9'),
(255,NULL,NULL,NULL,15,'craft\\elements\\Entry',1,0,'2025-12-03 08:56:07','2025-12-03 08:56:07',NULL,NULL,NULL,'b0b3d7c1-8ca7-4a0e-aed9-cec21c413d85'),
(258,144,NULL,94,3,'craft\\elements\\Entry',1,0,'2025-12-02 21:31:23','2025-12-07 09:16:48',NULL,NULL,NULL,'50c667bd-1eb4-4645-9efa-8ef2a1fb670c'),
(259,255,NULL,95,15,'craft\\elements\\Entry',1,0,'2025-12-03 08:56:07','2026-02-21 23:28:36',NULL,NULL,NULL,'735ecc29-ff75-44bb-8c90-00757bd5285c'),
(261,NULL,109,NULL,16,'craft\\elements\\Entry',1,0,'2025-12-03 17:04:20','2025-12-03 17:10:05',NULL,'2025-12-03 17:10:05',NULL,'b573033a-26c5-45dc-a96e-0c1c80b5946b'),
(262,NULL,110,NULL,6,'craft\\elements\\Entry',1,0,'2025-12-03 17:06:52','2025-12-03 17:07:02',NULL,NULL,NULL,'298a2bcf-bd6b-4016-b732-2da2e7e99fad'),
(263,NULL,111,NULL,6,'craft\\elements\\Entry',1,0,'2025-12-03 17:09:02','2025-12-03 17:09:02',NULL,NULL,NULL,'22825a6e-1e88-4dac-a5b6-80966a2f442b'),
(266,NULL,113,NULL,16,'craft\\elements\\Entry',1,0,'2025-12-03 17:10:11','2025-12-03 17:11:41',NULL,'2025-12-03 17:11:41',NULL,'2a0b9415-4ba5-4a09-995f-be769aad7121'),
(267,NULL,114,NULL,6,'craft\\elements\\Entry',1,0,'2025-12-03 17:10:13','2025-12-03 17:10:36',NULL,'2025-12-03 17:10:36',NULL,'13550215-fcf5-4c6e-94f1-b0eedb756709'),
(268,NULL,115,NULL,16,'craft\\elements\\Entry',1,0,'2025-12-03 17:10:21','2025-12-03 17:10:30',NULL,'2025-12-03 17:10:30',NULL,'38397147-408f-4505-af59-8d25d5b31f1d'),
(269,NULL,116,NULL,6,'craft\\elements\\Entry',1,0,'2025-12-03 17:10:23','2025-12-03 17:10:23',NULL,NULL,NULL,'15d7a365-08b0-46d0-af07-4226696b6758'),
(274,NULL,NULL,NULL,16,'craft\\elements\\Entry',1,0,'2025-12-03 17:13:37','2026-02-05 08:00:00',NULL,NULL,NULL,'dc5f0362-b613-4c1f-bcde-781210162a5c'),
(275,NULL,NULL,NULL,17,'craft\\elements\\Entry',1,0,'2025-12-03 17:13:37','2026-02-05 07:59:45',NULL,'2026-02-05 07:59:45',NULL,'56b1d900-15cb-4a08-b35d-828bb17d9611'),
(276,NULL,NULL,NULL,17,'craft\\elements\\Entry',1,0,'2025-12-03 17:13:37','2026-02-05 08:00:00',NULL,NULL,NULL,'dd6d6fc4-36a9-4ac6-99c0-c4f56a57446e'),
(277,NULL,NULL,NULL,17,'craft\\elements\\Entry',1,0,'2025-12-03 17:13:37','2025-12-03 17:13:37',NULL,NULL,NULL,'3255c5b9-b4fc-414f-9fbc-052a41b310ba'),
(281,276,NULL,100,17,'craft\\elements\\Entry',1,0,'2025-12-03 17:13:37','2025-12-07 09:14:31',NULL,NULL,NULL,'c44dfaa5-2dd9-413c-8a2f-c26de4452dd8'),
(282,277,NULL,101,17,'craft\\elements\\Entry',1,0,'2025-12-03 17:13:37','2025-12-07 09:14:31',NULL,NULL,NULL,'f8dbfac6-45e8-4b3c-8bd8-99e284aaaf64'),
(287,NULL,NULL,NULL,17,'craft\\elements\\Entry',1,0,'2025-12-03 18:18:09','2025-12-03 18:27:27',NULL,NULL,NULL,'02bee2e3-176f-4121-8312-a1e74c01b3fc'),
(298,275,NULL,108,17,'craft\\elements\\Entry',1,0,'2025-12-03 19:05:19','2025-12-07 09:14:31',NULL,'2026-02-05 07:59:45',NULL,'5b3f089b-3ed9-428e-b7e9-58437a8f2c28'),
(299,287,NULL,109,17,'craft\\elements\\Entry',1,0,'2025-12-03 18:27:27','2025-12-07 09:14:31',NULL,NULL,NULL,'18f8c041-cd46-4155-8684-04f59b73066d'),
(302,NULL,NULL,NULL,3,'craft\\elements\\Entry',1,0,'2025-12-03 19:14:29','2025-12-03 19:14:29',NULL,NULL,NULL,'8d849b1c-075f-47e1-b128-b6f66c82e7ea'),
(305,302,NULL,112,3,'craft\\elements\\Entry',1,0,'2025-12-03 19:14:29','2025-12-07 09:14:31',NULL,NULL,NULL,'bfdf7b94-826b-401a-b4cd-9039cbbd5416'),
(308,NULL,NULL,NULL,17,'craft\\elements\\Entry',1,0,'2025-12-03 19:16:27','2025-12-03 19:16:27',NULL,NULL,NULL,'6eebda5a-6739-474a-ba6d-4102d40288c5'),
(310,274,NULL,114,16,'craft\\elements\\Entry',1,0,'2025-12-03 19:16:27','2026-02-21 23:28:36',NULL,NULL,NULL,'900758f0-f6c8-4156-9bb7-fc0bf0f949a8'),
(311,308,NULL,115,17,'craft\\elements\\Entry',1,0,'2025-12-03 19:16:27','2025-12-03 19:16:28',NULL,NULL,NULL,'52bae6fe-1e0e-401a-a12e-5dc3cccedaae'),
(312,NULL,NULL,NULL,2,'craft\\elements\\Asset',1,0,'2025-12-04 08:44:27','2025-12-04 08:44:27',NULL,NULL,NULL,'e945e48c-0417-4615-8351-0d137fc4cf00'),
(318,143,NULL,119,4,'craft\\elements\\Entry',1,0,'2025-12-04 08:58:20','2026-02-21 23:28:36',NULL,NULL,NULL,'843aa538-5318-4396-bedf-3835689f2231'),
(319,NULL,NULL,NULL,18,'craft\\elements\\Entry',1,0,'2025-12-04 17:55:44','2025-12-04 17:56:51',NULL,NULL,NULL,'834cef17-327c-4a18-9323-ea1079c691df'),
(320,NULL,NULL,NULL,2,'craft\\elements\\Asset',1,0,'2025-12-04 17:56:44','2025-12-04 17:56:44',NULL,NULL,NULL,'3fe6fd95-a1b3-4523-ae80-8274f66e3cdb'),
(321,319,NULL,120,18,'craft\\elements\\Entry',1,0,'2025-12-04 17:56:51','2025-12-04 17:56:51',NULL,NULL,NULL,'98709c4c-cef6-4d9b-ab5d-1d69cf7c0815'),
(322,NULL,NULL,NULL,18,'craft\\elements\\Entry',1,0,'2025-12-04 17:56:55','2025-12-04 18:18:56',NULL,NULL,NULL,'7cd6eeaf-7ba2-46aa-8790-6fd891ac6bc1'),
(323,322,NULL,121,18,'craft\\elements\\Entry',1,0,'2025-12-04 17:57:32','2025-12-04 17:57:32',NULL,NULL,NULL,'0514e143-19dc-406c-bf9c-76cd154dc0f3'),
(324,NULL,NULL,NULL,18,'craft\\elements\\Entry',1,0,'2025-12-04 17:57:32','2025-12-04 17:57:55',NULL,NULL,NULL,'923eaa83-e77e-4e6c-bb75-1b0114e1005a'),
(325,324,NULL,122,18,'craft\\elements\\Entry',1,0,'2025-12-04 17:57:55','2025-12-04 17:57:55',NULL,NULL,NULL,'05a26897-52b3-4be0-bc46-1d56d2b49bec'),
(326,NULL,NULL,NULL,18,'craft\\elements\\Entry',1,0,'2025-12-04 17:58:07','2025-12-04 18:18:04',NULL,NULL,NULL,'5e755446-a82d-4b77-b47b-41ccf7c29103'),
(327,326,NULL,123,18,'craft\\elements\\Entry',1,0,'2025-12-04 17:58:29','2025-12-04 17:58:29',NULL,NULL,NULL,'23f0ca77-50e4-40e6-91fc-a27f52ffd69d'),
(330,NULL,NULL,NULL,19,'craft\\elements\\Entry',1,0,'2025-12-04 17:59:30','2025-12-04 18:16:24',NULL,NULL,NULL,'b3b190fe-2c60-4260-940b-36dc10d78f58'),
(335,330,NULL,127,19,'craft\\elements\\Entry',1,0,'2025-12-04 18:16:24','2026-02-21 23:28:36',NULL,NULL,NULL,'222fdb34-1a29-41da-ab61-45b8804d56cf'),
(337,326,NULL,128,18,'craft\\elements\\Entry',1,0,'2025-12-04 18:18:04','2025-12-04 18:18:04',NULL,NULL,NULL,'e2524ae2-a1af-4a46-9987-764757442d92'),
(339,322,NULL,129,18,'craft\\elements\\Entry',1,0,'2025-12-04 18:18:27','2025-12-04 18:18:27',NULL,NULL,NULL,'5409a000-6c9e-408d-b6ba-7629d936e4cc'),
(341,322,NULL,130,18,'craft\\elements\\Entry',1,0,'2025-12-04 18:18:56','2025-12-04 18:18:56',NULL,NULL,NULL,'65be3bee-6f33-4a83-8001-1ed0712072df'),
(343,NULL,146,NULL,20,'craft\\elements\\Entry',1,0,'2025-12-04 19:30:33','2025-12-04 22:51:44',NULL,'2025-12-04 22:51:44',NULL,'7e268b79-15c9-476f-a943-d0a13fefe24f'),
(348,NULL,151,NULL,30,'craft\\elements\\Entry',1,0,'2025-12-06 10:39:20','2025-12-06 10:39:20',NULL,NULL,NULL,'9533780b-8719-41dd-87b4-6e1ee34368ca'),
(349,NULL,152,NULL,30,'craft\\elements\\Entry',1,0,'2025-12-06 10:39:47','2025-12-06 10:39:47',NULL,NULL,NULL,'effb3e32-d10e-4d06-8b52-1edd7e70fa6e'),
(352,NULL,155,NULL,22,'craft\\elements\\Entry',1,0,'2025-12-06 10:40:49','2025-12-06 10:40:49',NULL,NULL,NULL,'23ccfc84-ba76-48c9-94ad-73fefc8abe31'),
(353,NULL,156,NULL,3,'craft\\elements\\Entry',1,0,'2025-12-06 10:40:52','2025-12-06 10:40:52',NULL,NULL,NULL,'4f7a8a77-3ea8-481e-b8b8-cf4b13e56a48'),
(354,NULL,157,NULL,23,'craft\\elements\\Entry',1,0,'2025-12-06 10:40:54','2025-12-06 10:40:54',NULL,NULL,NULL,'cd84ba08-bdb8-4457-9438-fb665318897c'),
(355,NULL,158,NULL,26,'craft\\elements\\Entry',1,0,'2025-12-06 10:40:56','2025-12-06 10:40:56',NULL,NULL,NULL,'b4575bf1-4059-4a28-8a4d-e54cf5ace39b'),
(356,NULL,159,NULL,27,'craft\\elements\\Entry',1,0,'2025-12-06 10:41:00','2025-12-06 10:41:00',NULL,NULL,NULL,'7e73a343-c677-43ff-aa0f-e4dee11bddd8'),
(357,NULL,160,NULL,30,'craft\\elements\\Entry',1,0,'2025-12-06 10:41:08','2025-12-06 10:41:08',NULL,NULL,NULL,'e564e000-acc1-4db5-ad3b-f1ccd2842ebe'),
(358,NULL,NULL,NULL,20,'craft\\elements\\Entry',1,0,'2025-12-06 18:45:14','2025-12-07 08:45:19',NULL,'2025-12-07 08:45:19',NULL,'1f2131b4-b499-4dc5-b7c7-03577cdd36c8'),
(359,NULL,NULL,NULL,30,'craft\\elements\\Entry',1,0,'2025-12-06 18:45:14','2025-12-07 08:38:43',NULL,'2025-12-07 08:38:43',NULL,'9bc1b9b6-2722-4f5f-988d-94ee770c9371'),
(360,NULL,NULL,NULL,21,'craft\\elements\\Entry',1,0,'2025-12-06 18:45:14','2025-12-06 19:18:57',NULL,'2025-12-06 19:18:57',NULL,'ee9cab95-9196-4a31-9f85-62c05763b521'),
(377,NULL,NULL,NULL,30,'craft\\elements\\Entry',1,0,'2025-12-06 18:56:45','2025-12-06 19:17:07',NULL,'2025-12-06 19:17:07',NULL,'dbe33132-843c-47f7-8676-e6a10a6e34c8'),
(378,NULL,NULL,NULL,3,'craft\\elements\\Entry',1,0,'2025-12-06 18:56:45','2025-12-06 19:17:07',NULL,'2025-12-06 19:17:07',1,'9284d9cf-76d3-4c36-9ffc-e9b30d8139f7'),
(379,NULL,NULL,NULL,22,'craft\\elements\\Entry',1,0,'2025-12-06 18:56:45','2025-12-06 19:17:07',NULL,'2025-12-06 19:17:07',1,'b314fae8-b26c-49e2-9004-5e3382f688f0'),
(395,NULL,NULL,NULL,21,'craft\\elements\\Entry',1,0,'2025-12-06 19:18:57','2025-12-07 08:32:56',NULL,'2025-12-07 08:32:56',NULL,'a0346984-6eb7-4ecc-93a1-4b87d1d9af15'),
(408,NULL,NULL,NULL,22,'craft\\elements\\Entry',1,0,'2025-12-06 19:23:58','2025-12-06 20:31:20',NULL,'2025-12-06 20:31:20',NULL,'108800aa-103b-4774-9554-df1a7b155769'),
(409,NULL,NULL,NULL,23,'craft\\elements\\Entry',1,0,'2025-12-06 19:23:58','2025-12-06 19:29:50',NULL,'2025-12-06 19:29:50',NULL,'f335dea6-41f5-4dee-b288-820d1c55d109'),
(410,NULL,NULL,NULL,27,'craft\\elements\\Entry',1,0,'2025-12-06 19:23:58','2025-12-06 20:31:20',NULL,'2025-12-06 20:31:20',NULL,'18778268-30ce-43ee-9431-d8412c773cf5'),
(411,NULL,NULL,NULL,30,'craft\\elements\\Entry',1,0,'2025-12-06 19:23:58','2025-12-06 20:26:26',NULL,'2025-12-06 20:26:26',NULL,'1bbe6483-a199-4a9c-bde7-f4aaee2f2ec5'),
(412,NULL,NULL,NULL,23,'craft\\elements\\Entry',1,0,'2025-12-06 19:23:58','2025-12-06 20:26:26',NULL,'2025-12-06 20:26:26',1,'98a31c66-d2ae-4f3f-94d1-e9ad6d16893e'),
(481,38,NULL,196,7,'craft\\elements\\Entry',1,0,'2025-12-06 20:23:09','2025-12-06 20:23:09',NULL,NULL,NULL,'bf3e20e5-1871-4f1e-bf44-c2fc71532c28'),
(482,358,NULL,197,20,'craft\\elements\\Entry',1,0,'2025-12-06 20:23:07','2025-12-06 20:23:09',NULL,'2025-12-07 08:45:19',NULL,'b5825bee-b612-42df-9bd6-135261526c27'),
(483,411,NULL,198,30,'craft\\elements\\Entry',1,0,'2025-12-06 20:23:07','2025-12-06 20:23:09',NULL,'2025-12-06 20:26:26',NULL,'8d237f97-8581-4b56-85a0-a8a2a8da3463'),
(484,412,NULL,199,23,'craft\\elements\\Entry',1,0,'2025-12-06 20:23:07','2025-12-06 20:23:09',NULL,'2025-12-06 20:26:26',NULL,'f1c0598e-c63b-4b05-84ad-cb0666824f05'),
(486,38,NULL,200,7,'craft\\elements\\Entry',1,0,'2025-12-06 20:24:18','2025-12-06 20:24:18',NULL,NULL,NULL,'abeb7c8c-ab1f-4f3a-8e1d-1054fac39120'),
(487,358,NULL,201,20,'craft\\elements\\Entry',1,0,'2025-12-06 20:24:16','2025-12-06 20:24:18',NULL,'2025-12-07 08:45:19',NULL,'4c1836dd-0247-4ad9-89ed-74fb647b08f5'),
(489,38,NULL,202,7,'craft\\elements\\Entry',1,0,'2025-12-06 20:24:44','2025-12-06 20:24:44',NULL,NULL,NULL,'27d2c3f2-805c-42e1-8149-494b4d00feac'),
(490,358,NULL,203,20,'craft\\elements\\Entry',1,0,'2025-12-06 20:24:43','2025-12-06 20:24:44',NULL,'2025-12-07 08:45:19',NULL,'bbe7e0cf-e17c-4897-a158-f46f38e79557'),
(492,38,NULL,204,7,'craft\\elements\\Entry',1,0,'2025-12-06 20:24:58','2025-12-06 20:24:58',NULL,NULL,NULL,'00b8285c-8f10-4e63-8992-49873158866c'),
(493,358,NULL,205,20,'craft\\elements\\Entry',1,0,'2025-12-06 20:24:57','2025-12-06 20:24:58',NULL,'2025-12-07 08:45:19',NULL,'5ccf0095-5aed-4ec2-bbab-b1ade93604d2'),
(495,38,NULL,206,7,'craft\\elements\\Entry',1,0,'2025-12-06 20:25:12','2025-12-06 20:25:12',NULL,NULL,NULL,'c06b47a3-7ef8-4680-a594-59f80429b6db'),
(496,358,NULL,207,20,'craft\\elements\\Entry',1,0,'2025-12-06 20:25:10','2025-12-06 20:25:12',NULL,'2025-12-07 08:45:19',NULL,'802748b1-c3cb-4712-a135-d7733c8c2473'),
(498,38,NULL,208,7,'craft\\elements\\Entry',1,0,'2025-12-06 20:25:32','2025-12-06 20:25:32',NULL,NULL,NULL,'7e1767a7-57f7-4b26-ab04-43cbf818772d'),
(499,358,NULL,209,20,'craft\\elements\\Entry',1,0,'2025-12-06 20:25:31','2025-12-06 20:25:32',NULL,'2025-12-07 08:45:19',NULL,'8836a0d8-ff71-4abd-b421-bc135ba33407'),
(501,38,NULL,210,7,'craft\\elements\\Entry',1,0,'2025-12-06 20:25:58','2025-12-06 20:25:58',NULL,NULL,NULL,'4c7d01da-467f-4fd6-8366-ded2795179dc'),
(502,358,NULL,211,20,'craft\\elements\\Entry',1,0,'2025-12-06 20:25:57','2025-12-06 20:25:58',NULL,'2025-12-07 08:45:19',NULL,'001cd33b-7c0e-4720-b9a0-9c03bfb5397a'),
(504,38,NULL,212,7,'craft\\elements\\Entry',1,0,'2025-12-06 20:26:27','2025-12-06 20:26:27',NULL,NULL,NULL,'994202d0-00af-410f-830d-68e4f049a53b'),
(505,358,NULL,213,20,'craft\\elements\\Entry',1,0,'2025-12-06 20:26:26','2025-12-06 20:26:27',NULL,'2025-12-07 08:45:19',NULL,'4f3808d5-9c46-4928-85aa-5ce2ce085dea'),
(507,38,NULL,214,7,'craft\\elements\\Entry',1,0,'2025-12-06 20:27:37','2025-12-06 20:27:37',NULL,NULL,NULL,'bb02b5dd-65aa-496a-a998-59798f984c73'),
(508,358,NULL,215,20,'craft\\elements\\Entry',1,0,'2025-12-06 20:27:35','2025-12-06 20:27:37',NULL,'2025-12-07 08:45:19',NULL,'37165706-5efa-4f13-89c1-fb26b667b78e'),
(510,38,NULL,216,7,'craft\\elements\\Entry',1,0,'2025-12-06 20:27:47','2025-12-06 20:27:47',NULL,NULL,NULL,'5595f23d-5cf6-4d69-8d52-578c1caa9227'),
(511,358,NULL,217,20,'craft\\elements\\Entry',1,0,'2025-12-06 20:27:46','2025-12-06 20:27:47',NULL,'2025-12-07 08:45:19',NULL,'be937c09-5cd9-41fa-871b-20486dee14a8'),
(513,38,NULL,218,7,'craft\\elements\\Entry',1,0,'2025-12-06 20:28:39','2025-12-06 20:28:39',NULL,NULL,NULL,'46f86446-3b55-4fa6-bc48-2e6cd4ad64d1'),
(514,358,NULL,219,20,'craft\\elements\\Entry',1,0,'2025-12-06 20:28:37','2025-12-06 20:28:39',NULL,'2025-12-07 08:45:19',NULL,'a814c303-1382-4279-b5e6-3d8db7626a3a'),
(516,38,NULL,220,7,'craft\\elements\\Entry',1,0,'2025-12-06 20:28:57','2025-12-06 20:28:57',NULL,NULL,NULL,'0c7ff6fe-6e67-4b5f-b0b8-970d4220db2d'),
(517,358,NULL,221,20,'craft\\elements\\Entry',1,0,'2025-12-06 20:28:56','2025-12-06 20:28:57',NULL,'2025-12-07 08:45:19',NULL,'2b2aeab9-040d-42c6-8504-6b6b2b72af77'),
(519,38,NULL,222,7,'craft\\elements\\Entry',1,0,'2025-12-06 20:29:08','2025-12-06 20:29:08',NULL,NULL,NULL,'47d0d7dc-a1a1-4110-8275-8b8b6a137dfe'),
(520,358,NULL,223,20,'craft\\elements\\Entry',1,0,'2025-12-06 20:29:07','2025-12-06 20:29:08',NULL,'2025-12-07 08:45:19',NULL,'85aec3d3-a591-46cf-aeb3-ce2e56049a31'),
(522,38,NULL,224,7,'craft\\elements\\Entry',1,0,'2025-12-06 20:29:35','2025-12-06 20:29:36',NULL,NULL,NULL,'ca35e7f4-cf24-4eb0-8d57-33cf96bad3d7'),
(523,358,NULL,225,20,'craft\\elements\\Entry',1,0,'2025-12-06 20:29:34','2025-12-06 20:29:36',NULL,'2025-12-07 08:45:19',NULL,'33de49d0-a121-4a21-af26-cd4ffd75393e'),
(529,NULL,NULL,NULL,25,'craft\\elements\\Entry',1,0,'2025-12-06 20:31:20','2025-12-07 08:32:56',NULL,'2025-12-07 08:32:56',NULL,'67bc0e41-e403-4d97-832a-6a8705cfb9d2'),
(530,NULL,NULL,NULL,25,'craft\\elements\\Entry',1,0,'2025-12-06 20:31:20','2025-12-07 08:32:56',NULL,'2025-12-07 08:32:56',NULL,'56634083-684d-4741-8ba2-f40339284174'),
(531,38,NULL,226,7,'craft\\elements\\Entry',1,0,'2025-12-06 20:31:22','2025-12-06 20:31:22',NULL,NULL,NULL,'c5fd7b27-6fd1-4fbf-a777-1acfc0834bfb'),
(532,358,NULL,227,20,'craft\\elements\\Entry',1,0,'2025-12-06 20:31:20','2025-12-06 20:31:22',NULL,'2025-12-07 08:45:19',NULL,'374144f4-8019-4df4-9381-a9abf5e3b911'),
(533,359,NULL,228,30,'craft\\elements\\Entry',1,0,'2025-12-06 20:31:20','2025-12-06 20:31:22',NULL,'2025-12-07 08:38:43',NULL,'d1700144-2e1b-4acd-a097-ad53f818e28a'),
(534,529,NULL,229,25,'craft\\elements\\Entry',1,0,'2025-12-06 20:31:20','2025-12-06 20:31:22',NULL,'2025-12-07 08:32:56',NULL,'9a1014df-81c9-488a-9fd5-ca81c2b52edb'),
(535,395,NULL,230,21,'craft\\elements\\Entry',1,0,'2025-12-06 20:31:20','2025-12-06 20:31:22',NULL,'2025-12-07 08:32:56',NULL,'b9557493-a249-4614-a84c-3020b5a95970'),
(536,530,NULL,231,25,'craft\\elements\\Entry',1,0,'2025-12-06 20:31:20','2025-12-06 20:31:22',NULL,'2025-12-07 08:32:56',NULL,'4ed3f602-ab05-4c0e-a9a4-38de8e0a07e0'),
(542,NULL,NULL,NULL,21,'craft\\elements\\Entry',1,0,'2025-12-06 20:33:04','2025-12-07 08:32:56',NULL,'2025-12-07 08:32:56',NULL,'24b65440-2164-47e6-9e98-dc34d332e6ea'),
(543,38,NULL,232,7,'craft\\elements\\Entry',1,0,'2025-12-06 20:33:05','2025-12-06 20:33:05',NULL,NULL,NULL,'84f39f4f-7f98-4cd6-aadb-c6f7c5744bbb'),
(544,358,NULL,233,20,'craft\\elements\\Entry',1,0,'2025-12-06 20:33:04','2025-12-06 20:33:05',NULL,'2025-12-07 08:45:19',NULL,'fc1bfc5e-0483-49b3-9e59-b08f1989d837'),
(545,359,NULL,234,30,'craft\\elements\\Entry',1,0,'2025-12-06 20:33:04','2025-12-06 20:33:05',NULL,'2025-12-07 08:38:43',NULL,'93d2f803-1799-4368-a0ce-cbd0cd610332'),
(546,542,NULL,235,21,'craft\\elements\\Entry',1,0,'2025-12-06 20:33:04','2025-12-06 20:33:05',NULL,'2025-12-07 08:32:56',NULL,'4a21a871-3a4f-478e-b2e9-d539615a8ad2'),
(549,NULL,230,NULL,30,'craft\\elements\\Entry',1,0,'2025-12-07 00:21:24','2025-12-07 00:21:24',NULL,NULL,NULL,'536a699a-46c6-4efe-98a5-73495e0a0a86'),
(551,NULL,232,NULL,30,'craft\\elements\\Entry',1,0,'2025-12-07 00:21:47','2025-12-07 00:21:47',NULL,NULL,NULL,'9437f6b1-95d8-404b-8e2b-2cd67c663a4c'),
(553,NULL,234,NULL,30,'craft\\elements\\Entry',1,0,'2025-12-07 00:22:07','2025-12-07 00:22:07',NULL,NULL,NULL,'7e7831b5-475f-4401-a104-827f38b6da15'),
(555,NULL,236,NULL,30,'craft\\elements\\Entry',1,0,'2025-12-07 00:22:39','2025-12-07 00:27:09',NULL,'2025-12-07 00:27:09',NULL,'cba76ca6-a243-4ba6-9396-062929da2601'),
(556,NULL,237,NULL,3,'craft\\elements\\Entry',1,0,'2025-12-07 00:22:42','2025-12-07 00:22:46',NULL,NULL,NULL,'8eb8e7b7-e7ea-4d4d-8140-d828c8d5bc61'),
(567,NULL,NULL,NULL,31,'craft\\elements\\Entry',1,0,'2025-12-07 08:32:56','2025-12-07 08:38:43',NULL,'2025-12-07 08:38:43',1,'aaa68859-5c5c-4a0b-acf4-bba798c8a92f'),
(568,NULL,NULL,NULL,22,'craft\\elements\\Entry',1,0,'2025-12-07 08:32:56','2025-12-07 08:38:43',NULL,'2025-12-07 08:38:43',1,'4b813895-51ea-44c2-90ce-ccc4a0bb176e'),
(569,NULL,NULL,NULL,31,'craft\\elements\\Entry',1,0,'2025-12-07 08:32:56','2025-12-07 08:38:43',NULL,'2025-12-07 08:38:43',1,'4b4486aa-0171-4bd6-9742-e83b985be763'),
(570,NULL,NULL,NULL,21,'craft\\elements\\Entry',1,0,'2025-12-07 08:32:56','2025-12-07 08:38:43',NULL,'2025-12-07 08:38:43',1,'1c3cb580-647b-46d4-8c9b-e8fe67e14820'),
(578,NULL,NULL,NULL,30,'craft\\elements\\Entry',1,0,'2025-12-07 08:38:43','2025-12-07 08:45:19',NULL,'2025-12-07 08:45:19',1,'995220ff-0a6c-4eb8-a93a-39c6b74d2d59'),
(579,NULL,NULL,NULL,31,'craft\\elements\\Entry',1,0,'2025-12-07 08:38:43','2025-12-07 08:45:19',NULL,'2025-12-07 08:45:19',1,'b215765d-02bd-4d12-ac4c-0661920cf798'),
(580,NULL,NULL,NULL,22,'craft\\elements\\Entry',1,0,'2025-12-07 08:38:43','2025-12-07 08:45:19',NULL,'2025-12-07 08:45:19',1,'ef34ff15-3568-4aca-a864-39e778cdbbd0'),
(581,NULL,NULL,NULL,21,'craft\\elements\\Entry',1,0,'2025-12-07 08:38:43','2025-12-07 08:45:19',NULL,'2025-12-07 08:45:19',1,'9b1d93ba-acfb-4f5e-95d8-3fa5ce89711f'),
(582,NULL,NULL,NULL,31,'craft\\elements\\Entry',1,0,'2025-12-07 08:38:43','2025-12-07 08:45:19',NULL,'2025-12-07 08:45:19',1,'b732f701-860e-4a2f-bde7-e2d71fdc1484'),
(583,38,NULL,236,7,'craft\\elements\\Entry',1,0,'2025-12-07 08:38:43','2025-12-07 08:38:43',NULL,NULL,NULL,'3cb033ce-e264-4111-b677-37da0fb49a4f'),
(584,358,NULL,237,20,'craft\\elements\\Entry',1,0,'2025-12-07 08:38:43','2025-12-07 08:38:43',NULL,'2025-12-07 08:45:19',NULL,'2366710c-6cdd-4c92-b734-6304c0e67352'),
(585,578,NULL,238,30,'craft\\elements\\Entry',1,0,'2025-12-07 08:38:43','2025-12-07 08:38:43',NULL,'2025-12-07 08:45:19',NULL,'7aacdfc8-8828-4974-91b5-a82ad2951aa0'),
(586,579,NULL,239,31,'craft\\elements\\Entry',1,0,'2025-12-07 08:38:43','2025-12-07 08:38:43',NULL,'2025-12-07 08:45:19',NULL,'b9d27f91-227f-4001-ab64-1476d5cd9701'),
(587,580,NULL,240,22,'craft\\elements\\Entry',1,0,'2025-12-07 08:38:43','2025-12-07 08:38:43',NULL,'2025-12-07 08:45:19',NULL,'cfe309d0-b832-4378-96e7-feb36c6c804f'),
(588,581,NULL,241,21,'craft\\elements\\Entry',1,0,'2025-12-07 08:38:43','2025-12-07 08:38:43',NULL,'2025-12-07 08:45:19',NULL,'8a677b20-890c-40c3-b588-1ca2d4e08a1d'),
(589,582,NULL,242,31,'craft\\elements\\Entry',1,0,'2025-12-07 08:38:43','2025-12-07 08:38:43',NULL,'2025-12-07 08:45:19',NULL,'4d504ffe-f3b3-45a2-ae00-18180908252d'),
(592,579,NULL,NULL,31,'craft\\elements\\Entry',1,0,'2025-12-07 08:41:47','2025-12-07 08:42:38',NULL,NULL,NULL,'a8a0257e-401a-406b-8995-dac892b78441'),
(593,578,253,NULL,30,'craft\\elements\\Entry',1,0,'2025-12-07 08:41:49','2025-12-07 08:42:40',NULL,'2025-12-07 08:45:19',NULL,'41828d3f-9df0-46c9-a92a-0ca128872c6f'),
(594,582,NULL,NULL,31,'craft\\elements\\Entry',1,0,'2025-12-07 08:41:56','2025-12-07 08:42:33',NULL,NULL,NULL,'afc5e6e6-ae07-4d2c-8168-ae8640949d49'),
(604,NULL,NULL,NULL,20,'craft\\elements\\Entry',1,0,'2025-12-07 08:45:18','2025-12-07 14:46:22',NULL,NULL,NULL,'99a235e4-a536-464f-bff0-5e04d5e1f795'),
(605,NULL,NULL,NULL,30,'craft\\elements\\Entry',1,0,'2025-12-07 08:45:19','2025-12-07 08:49:11',NULL,'2025-12-07 08:49:11',NULL,'6522c7cc-4dc4-40f5-91ef-25ce13b8689a'),
(606,NULL,NULL,NULL,31,'craft\\elements\\Entry',1,0,'2025-12-07 08:45:19','2025-12-07 08:49:11',NULL,'2025-12-07 08:49:11',1,'0016b8d2-9916-461d-ac64-5e01534e0efa'),
(607,NULL,NULL,NULL,22,'craft\\elements\\Entry',1,0,'2025-12-07 08:45:19','2025-12-07 08:49:11',NULL,'2025-12-07 08:49:11',1,'093f79f6-6bb8-4f32-b7bc-568f54bad91a'),
(608,NULL,NULL,NULL,21,'craft\\elements\\Entry',1,0,'2025-12-07 08:45:19','2025-12-07 08:49:11',NULL,'2025-12-07 08:49:11',1,'8ad902fb-c9e4-4fde-a115-9426697d035a'),
(609,NULL,NULL,NULL,31,'craft\\elements\\Entry',1,0,'2025-12-07 08:45:19','2025-12-07 08:49:11',NULL,'2025-12-07 08:49:11',1,'2eaaf13b-bce4-454d-9750-72e986a49eec'),
(610,38,NULL,243,7,'craft\\elements\\Entry',1,0,'2025-12-07 08:45:18','2025-12-07 08:45:19',NULL,NULL,NULL,'31eb6734-55ab-4fc8-8994-3e17a26a850e'),
(611,604,NULL,244,20,'craft\\elements\\Entry',1,0,'2025-12-07 08:45:18','2025-12-07 08:45:19',NULL,NULL,NULL,'78428940-068f-406f-b519-577a0283f50f'),
(612,605,NULL,245,30,'craft\\elements\\Entry',1,0,'2025-12-07 08:45:19','2025-12-07 08:45:19',NULL,'2025-12-07 08:49:11',NULL,'13616d28-28f5-4f40-93b0-382f32b42feb'),
(613,606,NULL,246,31,'craft\\elements\\Entry',1,0,'2025-12-07 08:45:19','2025-12-07 08:45:19',NULL,'2025-12-07 08:49:11',NULL,'74f2d0d0-379f-41c4-a93d-224598546772'),
(614,607,NULL,247,22,'craft\\elements\\Entry',1,0,'2025-12-07 08:45:19','2025-12-07 08:45:19',NULL,'2025-12-07 08:49:11',NULL,'c872f0ab-29b6-492a-9d5f-1aaafd4917ba'),
(615,608,NULL,248,21,'craft\\elements\\Entry',1,0,'2025-12-07 08:45:19','2025-12-07 08:45:19',NULL,'2025-12-07 08:49:11',NULL,'f05d701f-40c9-4212-9987-85c59ba63e86'),
(616,609,NULL,249,31,'craft\\elements\\Entry',1,0,'2025-12-07 08:45:19','2025-12-07 08:45:19',NULL,'2025-12-07 08:49:11',NULL,'2a9faec5-6eb8-4347-9d93-e01cbf3dfa39'),
(619,38,NULL,250,7,'craft\\elements\\Entry',1,0,'2025-12-07 08:46:56','2025-12-07 08:46:56',NULL,NULL,NULL,'cf178c09-64db-4fec-a6f2-df95f2b36574'),
(620,604,NULL,251,20,'craft\\elements\\Entry',1,0,'2025-12-07 08:46:56','2025-12-07 08:46:56',NULL,NULL,NULL,'771b3fff-0b4b-42f0-bf6d-0993c7e3e84c'),
(626,607,266,NULL,22,'craft\\elements\\Entry',1,0,'2025-12-07 08:48:34','2025-12-07 08:48:35',NULL,'2025-12-07 08:49:11',NULL,'25e5a8f0-4aed-4f6a-affd-7d895ab62f8f'),
(632,NULL,NULL,NULL,30,'craft\\elements\\Entry',1,0,'2025-12-07 08:49:11','2025-12-07 08:52:28',NULL,'2025-12-07 08:52:28',NULL,'c7cd6bd3-db71-4b87-9516-f154a4fea381'),
(634,NULL,NULL,NULL,22,'craft\\elements\\Entry',1,0,'2025-12-07 08:49:11','2025-12-07 08:52:28',NULL,'2025-12-07 08:52:28',1,'bea3fceb-f337-4c40-8424-39a4fac561fa'),
(635,NULL,NULL,NULL,21,'craft\\elements\\Entry',1,0,'2025-12-07 08:49:11','2025-12-07 08:52:28',NULL,'2025-12-07 08:52:28',1,'dd391b59-f132-40c5-8c10-c28e5e47835d'),
(636,NULL,NULL,NULL,31,'craft\\elements\\Entry',1,0,'2025-12-07 08:49:11','2025-12-07 08:52:28',NULL,'2025-12-07 08:52:28',1,'643f5486-17b1-4a59-b7f7-d1de18dbc320'),
(637,38,NULL,252,7,'craft\\elements\\Entry',1,0,'2025-12-07 08:49:11','2025-12-07 08:49:11',NULL,NULL,NULL,'0cc4d4cb-3b6c-423c-adde-0342c3ff01e5'),
(638,604,NULL,253,20,'craft\\elements\\Entry',1,0,'2025-12-07 08:49:11','2025-12-07 08:49:11',NULL,NULL,NULL,'aaf57db3-a0fc-42d4-bfc3-54456a9a76ac'),
(639,632,NULL,254,30,'craft\\elements\\Entry',1,0,'2025-12-07 08:49:11','2025-12-07 08:49:11',NULL,'2025-12-07 08:52:28',NULL,'98d48526-af56-4646-8fa7-844a5377a384'),
(641,634,NULL,256,22,'craft\\elements\\Entry',1,0,'2025-12-07 08:49:11','2025-12-07 08:49:11',NULL,'2025-12-07 08:52:28',NULL,'f3f6eff6-91de-420b-a839-aa2d7e81527e'),
(642,635,NULL,257,21,'craft\\elements\\Entry',1,0,'2025-12-07 08:49:11','2025-12-07 08:49:11',NULL,'2025-12-07 08:52:28',NULL,'74c6652d-a511-4e64-94ca-c43ec6c8f0fe'),
(643,636,NULL,258,31,'craft\\elements\\Entry',1,0,'2025-12-07 08:49:11','2025-12-07 08:49:11',NULL,'2025-12-07 08:52:28',NULL,'57e3d258-8199-4d5a-ab5a-ca787312198b'),
(648,634,273,NULL,22,'craft\\elements\\Entry',1,0,'2025-12-07 08:51:18','2025-12-07 08:51:37',NULL,'2025-12-07 08:52:28',NULL,'7071b9de-a71a-4629-84e5-cb560eea6e41'),
(654,NULL,NULL,NULL,30,'craft\\elements\\Entry',1,0,'2025-12-07 08:52:28','2025-12-07 14:46:22',NULL,NULL,NULL,'545d4cec-e521-47cd-b092-f36cd72fdaca'),
(655,NULL,NULL,NULL,31,'craft\\elements\\Entry',1,0,'2025-12-07 08:52:28','2025-12-07 09:17:46',NULL,NULL,NULL,'279b7484-6203-42d0-a1ab-71efcb6d8397'),
(656,NULL,NULL,NULL,22,'craft\\elements\\Entry',1,0,'2025-12-07 08:52:28','2025-12-07 09:17:46',NULL,NULL,NULL,'d5185f23-2984-4ff4-a056-82f3afc1f860'),
(657,NULL,NULL,NULL,21,'craft\\elements\\Entry',1,0,'2025-12-07 08:52:28','2025-12-07 14:46:22',NULL,NULL,NULL,'024bfa87-a41f-421a-b18c-60be9908a91e'),
(658,NULL,NULL,NULL,31,'craft\\elements\\Entry',1,0,'2025-12-07 08:52:28','2025-12-07 08:52:28',NULL,NULL,NULL,'93a3a3b2-fccc-42c7-944e-5968baa30d9d'),
(659,38,NULL,259,7,'craft\\elements\\Entry',1,0,'2025-12-07 08:52:28','2025-12-07 08:52:28',NULL,NULL,NULL,'93fb665f-1542-4191-810e-3b609d339c9e'),
(660,604,NULL,260,20,'craft\\elements\\Entry',1,0,'2025-12-07 08:52:28','2025-12-07 08:52:28',NULL,NULL,NULL,'3ca420c6-d0c5-4c28-8759-21020d7eab19'),
(661,654,NULL,261,30,'craft\\elements\\Entry',1,0,'2025-12-07 08:52:28','2025-12-07 08:52:28',NULL,NULL,NULL,'a87231b0-6e0a-433a-a181-6dd66588f658'),
(662,655,NULL,262,31,'craft\\elements\\Entry',1,0,'2025-12-07 08:52:28','2025-12-07 08:52:28',NULL,NULL,NULL,'4f5c5f8b-8f23-4214-b429-843ccfe0380a'),
(663,656,NULL,263,22,'craft\\elements\\Entry',1,0,'2025-12-07 08:52:28','2025-12-07 08:52:28',NULL,NULL,NULL,'c905a7b8-77ed-4116-8c62-98b863e65b3c'),
(664,657,NULL,264,21,'craft\\elements\\Entry',1,0,'2025-12-07 08:52:28','2025-12-07 08:52:28',NULL,NULL,NULL,'dee7620f-6570-4d3f-9123-1c56bc46a9e7'),
(665,658,NULL,265,31,'craft\\elements\\Entry',1,0,'2025-12-07 08:52:28','2025-12-07 08:52:28',NULL,NULL,NULL,'3cd00b6d-2723-4fe7-a3c3-36a24502e2eb'),
(670,38,NULL,266,7,'craft\\elements\\Entry',1,0,'2025-12-07 09:14:30','2025-12-07 09:14:30',NULL,NULL,NULL,'abea6aec-f28a-4879-9a12-01a9868b5c37'),
(671,604,NULL,267,20,'craft\\elements\\Entry',1,0,'2025-12-07 09:14:30','2025-12-07 09:14:30',NULL,NULL,NULL,'618b59dc-a14b-4390-afc9-2de7ea1e6577'),
(672,654,NULL,268,30,'craft\\elements\\Entry',1,0,'2025-12-07 09:14:30','2025-12-07 09:14:30',NULL,NULL,NULL,'f7bac8c5-45ed-49f0-b8f3-b8601cbd7b4b'),
(673,657,NULL,269,21,'craft\\elements\\Entry',1,0,'2025-12-07 09:14:30','2025-12-07 09:14:30',NULL,NULL,NULL,'78230a3a-69f2-4a2a-8bd3-71ef245f2806'),
(678,38,NULL,270,7,'craft\\elements\\Entry',1,0,'2025-12-07 09:15:44','2025-12-07 09:15:44',NULL,NULL,NULL,'857071c4-2e45-4889-8710-c049b5b54d32'),
(679,604,NULL,271,20,'craft\\elements\\Entry',1,0,'2025-12-07 09:15:44','2025-12-07 09:15:44',NULL,NULL,NULL,'69ac15f9-2844-4499-9eb5-9f00d644a01f'),
(680,654,NULL,272,30,'craft\\elements\\Entry',1,0,'2025-12-07 09:15:44','2025-12-07 09:15:44',NULL,NULL,NULL,'5bc09c38-1188-4db8-ac41-c7d092d1f28a'),
(681,657,NULL,273,21,'craft\\elements\\Entry',1,0,'2025-12-07 09:15:44','2025-12-07 09:15:44',NULL,NULL,NULL,'cca156f7-702f-4d7b-aaaf-dfe92a3d2a7b'),
(686,38,NULL,274,7,'craft\\elements\\Entry',1,0,'2025-12-07 09:16:47','2025-12-07 09:16:47',NULL,NULL,NULL,'f6f90308-8cad-45fc-a067-9323f1bdeb4c'),
(687,604,NULL,275,20,'craft\\elements\\Entry',1,0,'2025-12-07 09:16:47','2025-12-07 09:16:47',NULL,NULL,NULL,'16702222-e860-4249-972c-ba93fa3bb51e'),
(688,654,NULL,276,30,'craft\\elements\\Entry',1,0,'2025-12-07 09:16:47','2025-12-07 09:16:47',NULL,NULL,NULL,'d49a45de-def2-4b57-8c58-995bf13492a0'),
(689,656,NULL,277,22,'craft\\elements\\Entry',1,0,'2025-12-07 09:16:47','2025-12-07 09:16:47',NULL,NULL,NULL,'d1c30824-0f13-4d44-9e74-2db73ccbfb64'),
(695,38,NULL,278,7,'craft\\elements\\Entry',1,0,'2025-12-07 09:17:46','2025-12-07 09:17:46',NULL,NULL,NULL,'c08c6f28-c5c7-4b62-a2f9-08fb103d8900'),
(696,604,NULL,279,20,'craft\\elements\\Entry',1,0,'2025-12-07 09:17:46','2025-12-07 09:17:46',NULL,NULL,NULL,'6905c126-31aa-4315-a0ab-05b323c65f54'),
(697,654,NULL,280,30,'craft\\elements\\Entry',1,0,'2025-12-07 09:17:46','2025-12-07 09:17:46',NULL,NULL,NULL,'ef9ff21b-6293-477d-80d5-1d5f024091d3'),
(698,655,NULL,281,31,'craft\\elements\\Entry',1,0,'2025-12-07 09:17:46','2025-12-07 09:17:46',NULL,NULL,NULL,'b7b78920-ea0f-4a7b-a589-63a2bf39faa9'),
(699,656,NULL,282,22,'craft\\elements\\Entry',1,0,'2025-12-07 09:17:46','2025-12-07 09:17:46',NULL,NULL,NULL,'9367df27-8f1b-49f1-a596-97f1c7c1b9d2'),
(704,38,NULL,283,7,'craft\\elements\\Entry',1,0,'2025-12-07 09:19:04','2025-12-07 09:19:05',NULL,NULL,NULL,'9d9e123a-3d80-4c7f-8bed-d660d2eaf0e6'),
(705,604,NULL,284,20,'craft\\elements\\Entry',1,0,'2025-12-07 09:19:04','2025-12-07 09:19:05',NULL,NULL,NULL,'427e0707-5dac-437c-a936-9f3a3d5999b6'),
(706,654,NULL,285,30,'craft\\elements\\Entry',1,0,'2025-12-07 09:19:04','2025-12-07 09:19:05',NULL,NULL,NULL,'1f669431-a795-4d10-8daa-0a6db42a891f'),
(707,657,NULL,286,21,'craft\\elements\\Entry',1,0,'2025-12-07 09:19:04','2025-12-07 09:19:05',NULL,NULL,NULL,'08642046-8d8b-459c-a483-d399e524a586'),
(712,38,NULL,287,7,'craft\\elements\\Entry',1,0,'2025-12-07 09:19:34','2025-12-07 09:19:34',NULL,NULL,NULL,'8e61722f-e1d6-4ff7-a4b5-d490e5af6c0b'),
(713,604,NULL,288,20,'craft\\elements\\Entry',1,0,'2025-12-07 09:19:34','2025-12-07 09:19:34',NULL,NULL,NULL,'1029cc07-a91b-4392-bed0-7c076fadf7fc'),
(714,654,NULL,289,30,'craft\\elements\\Entry',1,0,'2025-12-07 09:19:34','2025-12-07 09:19:34',NULL,NULL,NULL,'a8f373dc-2f87-4084-bb52-a0867400f5ba'),
(715,657,NULL,290,21,'craft\\elements\\Entry',1,0,'2025-12-07 09:19:34','2025-12-07 09:19:34',NULL,NULL,NULL,'34df1129-73e4-4787-b172-44e4b7b3f1a1'),
(720,38,NULL,291,7,'craft\\elements\\Entry',1,0,'2025-12-07 09:21:46','2025-12-07 09:21:46',NULL,NULL,NULL,'fbe07cd5-745b-4909-a893-75bcc0b4b879'),
(721,604,NULL,292,20,'craft\\elements\\Entry',1,0,'2025-12-07 09:21:46','2025-12-07 09:21:46',NULL,NULL,NULL,'dacfbd5f-8a3e-4590-988b-65ad67fd8ec8'),
(722,654,NULL,293,30,'craft\\elements\\Entry',1,0,'2025-12-07 09:21:46','2025-12-07 09:21:46',NULL,NULL,NULL,'8315b321-42ee-429e-94df-446555557bef'),
(723,657,NULL,294,21,'craft\\elements\\Entry',1,0,'2025-12-07 09:21:46','2025-12-07 09:21:46',NULL,NULL,NULL,'60dff6c3-35ab-4021-9d1e-4dc4a2bf07f4'),
(728,38,NULL,295,7,'craft\\elements\\Entry',1,0,'2025-12-07 09:22:08','2025-12-07 09:22:08',NULL,NULL,NULL,'bc2ce62a-f831-4789-bc54-af0c1b947589'),
(729,604,NULL,296,20,'craft\\elements\\Entry',1,0,'2025-12-07 09:22:08','2025-12-07 09:22:08',NULL,NULL,NULL,'2698586b-1935-4758-a956-6656f46fec98'),
(730,654,NULL,297,30,'craft\\elements\\Entry',1,0,'2025-12-07 09:22:08','2025-12-07 09:22:08',NULL,NULL,NULL,'d349bdcd-472f-44b8-9365-952204615f9c'),
(731,657,NULL,298,21,'craft\\elements\\Entry',1,0,'2025-12-07 09:22:08','2025-12-07 09:22:08',NULL,NULL,NULL,'97f78751-88a0-4788-bc23-e940c70a1227'),
(736,38,NULL,299,7,'craft\\elements\\Entry',1,0,'2025-12-07 09:22:31','2025-12-07 09:22:31',NULL,NULL,NULL,'7512bc3b-9320-4d54-9ae6-b9daa61d227f'),
(737,604,NULL,300,20,'craft\\elements\\Entry',1,0,'2025-12-07 09:22:31','2025-12-07 09:22:31',NULL,NULL,NULL,'be05296e-ac7c-4147-a694-a602c98752fb'),
(738,654,NULL,301,30,'craft\\elements\\Entry',1,0,'2025-12-07 09:22:31','2025-12-07 09:22:31',NULL,NULL,NULL,'956862bc-5a54-4416-a09c-4b233845144b'),
(739,657,NULL,302,21,'craft\\elements\\Entry',1,0,'2025-12-07 09:22:31','2025-12-07 09:22:31',NULL,NULL,NULL,'9b126bc4-e548-47de-b76c-97936067190e'),
(744,38,NULL,303,7,'craft\\elements\\Entry',1,0,'2025-12-07 09:23:03','2025-12-07 09:23:03',NULL,NULL,NULL,'0135b559-d3b6-43d4-8f70-df51057a6733'),
(745,604,NULL,304,20,'craft\\elements\\Entry',1,0,'2025-12-07 09:23:03','2025-12-07 09:23:03',NULL,NULL,NULL,'6d3e6c91-ad0c-4581-a62a-f092c87304f5'),
(746,654,NULL,305,30,'craft\\elements\\Entry',1,0,'2025-12-07 09:23:03','2025-12-07 09:23:03',NULL,NULL,NULL,'cb8e52a2-50cd-448e-9344-80e15c2e2fd3'),
(747,657,NULL,306,21,'craft\\elements\\Entry',1,0,'2025-12-07 09:23:03','2025-12-07 09:23:03',NULL,NULL,NULL,'e0e55603-f236-464f-b7e0-48666885e1cb'),
(750,NULL,NULL,NULL,8,'craft\\elements\\Entry',1,0,'2025-12-07 09:27:22','2025-12-07 09:27:22',NULL,NULL,NULL,'10b4054d-e517-4460-8755-d0790c0d2cb7'),
(751,38,NULL,307,7,'craft\\elements\\Entry',1,0,'2025-12-07 09:27:22','2025-12-07 09:27:22',NULL,NULL,NULL,'dcaa125d-d2dd-44ae-8194-88f536f4a689'),
(752,750,NULL,308,8,'craft\\elements\\Entry',1,0,'2025-12-07 09:27:22','2025-12-07 09:27:22',NULL,NULL,NULL,'9d289000-2f6d-4563-9abd-cfdccf0b807c'),
(755,NULL,321,NULL,32,'craft\\elements\\Entry',1,0,'2025-12-07 13:55:44','2025-12-07 13:55:48',NULL,NULL,NULL,'d21cd144-d4cc-47a1-ad0a-8672a36e3f16'),
(756,NULL,322,NULL,32,'craft\\elements\\Entry',1,0,'2025-12-07 13:55:46','2025-12-07 13:55:46',NULL,NULL,NULL,'32a4f064-c9a1-44b5-95b3-480b64fca9c7'),
(757,NULL,NULL,NULL,2,'craft\\elements\\Asset',1,0,'2025-12-07 14:21:17','2025-12-07 14:21:17',NULL,NULL,NULL,'42217503-cc51-4673-9345-f47b3ee17817'),
(761,NULL,NULL,NULL,32,'craft\\elements\\Entry',1,0,'2025-12-07 14:22:11','2026-02-21 23:28:35',NULL,NULL,NULL,'fc49826a-532f-42af-9239-9d363cb71276'),
(762,NULL,NULL,NULL,3,'craft\\elements\\Entry',1,0,'2025-12-07 14:22:11','2025-12-07 14:46:22',NULL,'2025-12-07 14:46:22',NULL,'c77e10c1-b518-484f-a1e2-f1fd94b42d41'),
(763,NULL,NULL,NULL,3,'craft\\elements\\Entry',1,0,'2025-12-07 14:22:11','2025-12-07 14:22:11',NULL,NULL,NULL,'55d4dfd8-3fab-4580-abc3-ee3ac784c90c'),
(764,NULL,NULL,NULL,3,'craft\\elements\\Entry',1,0,'2025-12-07 14:22:11','2025-12-07 14:22:11',NULL,NULL,NULL,'8a6b5c32-7f75-4729-a143-a9fa699322eb'),
(765,38,NULL,309,7,'craft\\elements\\Entry',1,0,'2025-12-07 14:22:11','2025-12-07 14:22:11',NULL,NULL,NULL,'6626f892-112e-4630-bf5b-b78bf1e1f7cd'),
(766,761,NULL,310,32,'craft\\elements\\Entry',1,0,'2025-12-07 14:22:11','2025-12-07 14:22:11',NULL,NULL,NULL,'e231487e-6fb2-4f9e-a3a6-47d39df74096'),
(767,762,NULL,311,3,'craft\\elements\\Entry',1,0,'2025-12-07 14:22:11','2025-12-07 14:22:11',NULL,'2025-12-07 14:46:22',NULL,'e3232118-0bd9-49ab-97c7-6a74ee30bd01'),
(768,763,NULL,312,3,'craft\\elements\\Entry',1,0,'2025-12-07 14:22:11','2025-12-07 14:22:11',NULL,NULL,NULL,'9b0b9b95-4ee6-495f-b039-0e8923a78ebc'),
(769,764,NULL,313,3,'craft\\elements\\Entry',1,0,'2025-12-07 14:22:11','2025-12-07 14:22:11',NULL,NULL,NULL,'5c6cfb23-b623-4e5f-b27d-269815b3005f'),
(771,38,NULL,314,7,'craft\\elements\\Entry',1,0,'2025-12-07 14:26:23','2025-12-07 14:26:23',NULL,NULL,NULL,'0b46cab2-ea10-4ad7-8581-3bce7646454b'),
(774,NULL,NULL,NULL,9,'craft\\elements\\Entry',1,0,'2025-12-07 14:35:29','2025-12-07 14:35:29',NULL,NULL,NULL,'5216b412-e1b4-4bd5-b5fe-e967cfa67ee4'),
(775,38,NULL,315,7,'craft\\elements\\Entry',1,0,'2025-12-07 14:35:29','2025-12-07 14:35:29',NULL,NULL,NULL,'f2748ebd-2cb2-4e04-ba38-d3fd61e607fd'),
(776,774,NULL,316,9,'craft\\elements\\Entry',1,0,'2025-12-07 14:35:29','2025-12-07 14:35:29',NULL,NULL,NULL,'2a81e4e2-380d-4449-b40e-721848108580'),
(785,NULL,NULL,NULL,20,'craft\\elements\\Entry',1,0,'2025-12-07 14:39:53','2025-12-07 14:39:53',NULL,NULL,NULL,'ffc02c5c-177c-477d-8fa1-fe5a3f11c060'),
(786,NULL,NULL,NULL,30,'craft\\elements\\Entry',1,0,'2025-12-07 14:39:53','2025-12-07 14:39:53',NULL,NULL,NULL,'794c0a6f-508f-4793-82d0-434cfd93918b'),
(787,NULL,NULL,NULL,31,'craft\\elements\\Entry',1,0,'2025-12-07 14:39:53','2025-12-07 14:39:53',NULL,NULL,NULL,'dfa4b273-44b7-4481-bcba-7fe59fcedb9c'),
(788,NULL,NULL,NULL,22,'craft\\elements\\Entry',1,0,'2025-12-07 14:39:53','2025-12-07 14:39:53',NULL,NULL,NULL,'d563b0fc-e414-4b2a-acc4-2536cf9d2534'),
(789,NULL,NULL,NULL,21,'craft\\elements\\Entry',1,0,'2025-12-07 14:39:53','2025-12-07 14:39:53',NULL,NULL,NULL,'da1a2416-c267-4624-80a4-7aff0212a7d2'),
(790,NULL,NULL,NULL,31,'craft\\elements\\Entry',1,0,'2025-12-07 14:39:53','2025-12-07 14:39:53',NULL,NULL,NULL,'4aca912c-5af9-45b1-8e77-168c22f75f21'),
(791,38,NULL,317,7,'craft\\elements\\Entry',1,0,'2025-12-07 14:39:53','2025-12-07 14:39:53',NULL,NULL,NULL,'1858685b-ca0e-483f-b09a-90c428f3b6f0'),
(792,143,NULL,318,4,'craft\\elements\\Entry',1,0,'2025-12-07 14:39:53','2025-12-07 14:39:53',NULL,NULL,NULL,'afdb4ce7-9f28-4c4b-9b1d-ebdfb2f47f80'),
(793,785,NULL,319,20,'craft\\elements\\Entry',1,0,'2025-12-07 14:39:53','2025-12-07 14:39:53',NULL,NULL,NULL,'77b7dc7a-1350-417e-a880-f84ad9c026dc'),
(794,786,NULL,320,30,'craft\\elements\\Entry',1,0,'2025-12-07 14:39:53','2025-12-07 14:39:53',NULL,NULL,NULL,'4aebd789-1a8c-4282-9ddb-dfd01a1a7555'),
(795,787,NULL,321,31,'craft\\elements\\Entry',1,0,'2025-12-07 14:39:53','2025-12-07 14:39:54',NULL,NULL,NULL,'08f6b15b-6ef1-4cc0-bf13-8096f8717c44'),
(796,788,NULL,322,22,'craft\\elements\\Entry',1,0,'2025-12-07 14:39:53','2025-12-07 14:39:54',NULL,NULL,NULL,'5ac91f4e-87f7-4656-935e-b59ecf21edef'),
(797,789,NULL,323,21,'craft\\elements\\Entry',1,0,'2025-12-07 14:39:53','2025-12-07 14:39:54',NULL,NULL,NULL,'69d049fa-fd9e-4a70-a100-2252e20150b5'),
(798,790,NULL,324,31,'craft\\elements\\Entry',1,0,'2025-12-07 14:39:53','2025-12-07 14:39:54',NULL,NULL,NULL,'470186c3-8258-4fd6-b3a3-97ae35b26557'),
(806,NULL,NULL,NULL,3,'craft\\elements\\Entry',1,0,'2025-12-07 14:46:22','2025-12-07 14:46:22',NULL,NULL,NULL,'e96b7872-8546-40e7-9455-b4f50cfd2266'),
(807,38,NULL,325,7,'craft\\elements\\Entry',1,0,'2025-12-07 14:46:22','2025-12-07 14:46:22',NULL,NULL,NULL,'1fe27584-0536-4388-a614-c57ed9217b2a'),
(808,604,NULL,326,20,'craft\\elements\\Entry',1,0,'2025-12-07 14:46:22','2025-12-07 14:46:22',NULL,NULL,NULL,'9c753569-f638-4926-a929-e923f56a8538'),
(809,654,NULL,327,30,'craft\\elements\\Entry',1,0,'2025-12-07 14:46:22','2025-12-07 14:46:22',NULL,NULL,NULL,'690db84e-3dba-4380-9c82-cd9b3ad30c81'),
(810,657,NULL,328,21,'craft\\elements\\Entry',1,0,'2025-12-07 14:46:22','2025-12-07 14:46:22',NULL,NULL,NULL,'7f1a25d1-c845-4b05-bb8f-113c1530138e'),
(811,761,NULL,329,32,'craft\\elements\\Entry',1,0,'2025-12-07 14:46:22','2025-12-07 14:46:22',NULL,NULL,NULL,'f44e99b7-1b67-4927-b7e7-e5f5c1dd957e'),
(812,806,NULL,330,3,'craft\\elements\\Entry',1,0,'2025-12-07 14:46:22','2025-12-07 14:46:22',NULL,NULL,NULL,'ce07abff-082f-419d-a158-4db6b5910dc7'),
(815,38,NULL,331,7,'craft\\elements\\Entry',1,0,'2025-12-08 10:02:18','2025-12-08 10:02:18',NULL,NULL,NULL,'d65827cf-0b65-4697-a940-55b946da5883'),
(816,143,NULL,332,4,'craft\\elements\\Entry',1,0,'2025-12-08 10:02:18','2025-12-08 10:02:18',NULL,NULL,NULL,'21686c55-5b92-432c-a078-0db1dc9425b5'),
(819,38,NULL,333,7,'craft\\elements\\Entry',1,0,'2025-12-08 10:03:28','2025-12-08 10:03:28',NULL,NULL,NULL,'cc241c0b-6528-411b-a9be-390d83ed87fc'),
(820,143,NULL,334,4,'craft\\elements\\Entry',1,0,'2025-12-08 10:03:28','2025-12-08 10:03:28',NULL,NULL,NULL,'b110d454-1d35-4ec8-96a6-5af089fea5e7'),
(821,NULL,NULL,NULL,2,'craft\\elements\\Asset',1,0,'2025-12-08 10:05:35','2025-12-08 10:05:35',NULL,NULL,NULL,'d0987d4c-9565-4ac4-95d8-59da899789bb'),
(824,38,NULL,335,7,'craft\\elements\\Entry',1,0,'2025-12-08 10:05:39','2025-12-08 10:05:39',NULL,NULL,NULL,'eb51fc99-4700-4760-b916-ee1da603ba31'),
(825,143,NULL,336,4,'craft\\elements\\Entry',1,0,'2025-12-08 10:05:39','2025-12-08 10:05:39',NULL,NULL,NULL,'c05c4c42-10da-4035-a23a-6212010e85f7'),
(828,38,NULL,337,7,'craft\\elements\\Entry',1,0,'2025-12-08 10:15:20','2025-12-08 10:15:20',NULL,NULL,NULL,'f6be606b-40a3-4152-8695-740a347b2b58'),
(829,143,NULL,338,4,'craft\\elements\\Entry',1,0,'2025-12-08 10:15:20','2025-12-08 10:15:20',NULL,NULL,NULL,'d33f4b75-02c6-48f2-949a-a6f85b597bdb'),
(832,38,NULL,339,7,'craft\\elements\\Entry',1,0,'2025-12-08 10:15:37','2025-12-08 10:15:37',NULL,NULL,NULL,'854f4f6d-3a3e-4d47-ba3b-f9b320ba8dde'),
(833,143,NULL,340,4,'craft\\elements\\Entry',1,0,'2025-12-08 10:15:37','2025-12-08 10:15:37',NULL,NULL,NULL,'af9adad6-b603-4262-a9ef-2beb39579587'),
(834,604,348,NULL,20,'craft\\elements\\Entry',1,0,'2025-12-08 10:17:13','2025-12-08 10:20:02',NULL,NULL,NULL,'8a3415c0-576d-4234-9462-603e0de7a3e4'),
(835,654,349,NULL,30,'craft\\elements\\Entry',1,0,'2025-12-08 10:20:59','2025-12-08 10:21:06',NULL,NULL,NULL,'f4f46d50-ad48-4e63-ba22-bd58cd441f54'),
(836,NULL,NULL,NULL,3,'craft\\elements\\Entry',1,0,'2025-12-08 10:21:00','2025-12-08 10:21:06',NULL,NULL,NULL,'98ee03a4-f661-4069-98ca-c5d4e2fba848'),
(837,657,351,NULL,21,'craft\\elements\\Entry',1,0,'2025-12-08 10:22:58','2025-12-08 10:23:38',NULL,NULL,NULL,'ce9b1bab-ec40-49ce-bc21-eee9ce187ce4'),
(838,NULL,NULL,NULL,3,'craft\\elements\\Entry',1,0,'2025-12-08 10:23:22','2025-12-08 10:23:38',NULL,NULL,NULL,'66e223df-26c3-4918-bb77-5eac8b9b724b'),
(840,112,NULL,341,5,'craft\\elements\\Entry',1,0,'2025-12-15 09:01:44','2025-12-15 09:01:44',NULL,NULL,NULL,'04c8e5bc-848b-4421-87b2-a36dacdcce70'),
(843,NULL,NULL,NULL,33,'craft\\elements\\Entry',1,0,'2026-02-02 19:00:14','2026-02-02 19:00:14',NULL,NULL,NULL,'1fc1dfff-ad1f-4ae0-8da6-33366f3e6736'),
(844,38,NULL,342,7,'craft\\elements\\Entry',1,0,'2026-02-02 19:00:14','2026-02-02 19:00:14',NULL,NULL,NULL,'8fcc0947-8274-4138-a062-fe15fca7f74d'),
(845,843,NULL,343,33,'craft\\elements\\Entry',1,0,'2026-02-02 19:00:14','2026-02-02 19:00:14',NULL,NULL,NULL,'f90ce46f-bbe3-4eb2-a819-5d4cda5fb7d2'),
(849,NULL,NULL,NULL,34,'craft\\elements\\Entry',1,0,'2026-02-03 08:44:56','2026-02-03 08:58:31',NULL,'2026-02-03 08:58:31',NULL,'db24d1c9-b9a8-408e-9885-efa3253a061e'),
(850,NULL,NULL,NULL,3,'craft\\elements\\Entry',1,0,'2026-02-03 08:44:56','2026-02-03 08:58:31',NULL,'2026-02-03 08:58:31',1,'4f20be74-9540-4503-8614-e163a5da9a0b'),
(851,38,NULL,344,7,'craft\\elements\\Entry',1,0,'2026-02-03 08:44:56','2026-02-03 08:44:56',NULL,NULL,NULL,'a96170e5-7ea9-4c05-8d9c-2c594bb714b8'),
(852,849,NULL,345,34,'craft\\elements\\Entry',1,0,'2026-02-03 08:44:56','2026-02-03 08:44:56',NULL,'2026-02-03 08:58:31',NULL,'4806fc2f-f09a-4d22-a2a6-557a00d56308'),
(853,850,NULL,346,3,'craft\\elements\\Entry',1,0,'2026-02-03 08:44:56','2026-02-03 08:44:56',NULL,'2026-02-03 08:58:31',NULL,'b206b266-100f-446b-96ea-3902e605f9d4'),
(857,38,NULL,347,7,'craft\\elements\\Entry',1,0,'2026-02-03 08:48:06','2026-02-03 08:48:06',NULL,NULL,NULL,'68ea98dd-cf88-4390-8a79-ecd20e00b437'),
(858,849,NULL,348,34,'craft\\elements\\Entry',1,0,'2026-02-03 08:48:06','2026-02-03 08:48:06',NULL,'2026-02-03 08:58:31',NULL,'ca2085e8-0743-49cf-a5c5-3bd15161cc7c'),
(859,850,NULL,349,3,'craft\\elements\\Entry',1,0,'2026-02-03 08:48:06','2026-02-03 08:48:06',NULL,'2026-02-03 08:58:31',NULL,'91be99cd-e058-4f37-88fe-f16f3b27aee1'),
(867,NULL,NULL,NULL,34,'craft\\elements\\Entry',1,0,'2026-02-03 08:58:31','2026-02-03 08:58:31',NULL,NULL,NULL,'9065a9d4-856b-4e97-8f3e-db8e7936ffe2'),
(868,NULL,NULL,NULL,3,'craft\\elements\\Entry',1,0,'2026-02-03 08:58:31','2026-02-03 08:58:31',NULL,NULL,NULL,'a61548d2-f020-4b83-aab1-4b1c85d8b382'),
(869,38,NULL,350,7,'craft\\elements\\Entry',1,0,'2026-02-03 08:58:31','2026-02-03 08:58:31',NULL,NULL,NULL,'aec5362b-6a5c-4c27-bbae-43511c1fc825'),
(870,867,NULL,351,34,'craft\\elements\\Entry',1,0,'2026-02-03 08:58:31','2026-02-03 08:58:31',NULL,NULL,NULL,'869da9a4-d74b-411b-bab0-3581de090b59'),
(871,868,NULL,352,3,'craft\\elements\\Entry',1,0,'2026-02-03 08:58:31','2026-02-03 08:58:31',NULL,NULL,NULL,'7ceaefc5-e54e-46f4-8208-84bb21fb28f4'),
(878,NULL,NULL,NULL,17,'craft\\elements\\Entry',1,0,'2026-02-05 07:59:45','2026-02-05 07:59:45',NULL,NULL,NULL,'83fa21a6-1064-40e2-8653-b9974255171b'),
(879,38,NULL,353,7,'craft\\elements\\Entry',1,0,'2026-02-05 07:59:45','2026-02-05 07:59:45',NULL,NULL,NULL,'0783e4e6-793f-4fd5-803b-5a42f0922b6c'),
(880,274,NULL,354,16,'craft\\elements\\Entry',1,0,'2026-02-05 07:59:45','2026-02-05 07:59:45',NULL,NULL,NULL,'1974910d-c23e-4fc3-8010-9741eed8eab9'),
(881,878,NULL,355,17,'craft\\elements\\Entry',1,0,'2026-02-05 07:59:45','2026-02-05 07:59:45',NULL,NULL,NULL,'7d55fadb-71c6-4cd2-b48c-b8345c4d7d35'),
(884,38,NULL,356,7,'craft\\elements\\Entry',1,0,'2026-02-05 08:00:00','2026-02-05 08:00:00',NULL,NULL,NULL,'c0c12778-30ff-4fba-9d05-5f229572c48e'),
(885,274,NULL,357,16,'craft\\elements\\Entry',1,0,'2026-02-05 08:00:00','2026-02-05 08:00:00',NULL,NULL,NULL,'de8bfbcf-83db-4b65-985c-6429d79225fb'),
(886,276,NULL,358,17,'craft\\elements\\Entry',1,0,'2026-02-05 08:00:00','2026-02-05 08:00:00',NULL,NULL,NULL,'89ef3bfe-f36f-4c36-97a7-4b832659dfaa'),
(887,NULL,NULL,NULL,7,'craft\\elements\\Entry',1,0,'2026-02-08 09:03:29','2026-02-08 09:29:50',NULL,NULL,NULL,'3788f238-3bb0-48d7-b79a-4853d534bb1c'),
(888,887,NULL,359,7,'craft\\elements\\Entry',1,0,'2026-02-08 09:03:29','2026-02-08 09:03:29',NULL,NULL,NULL,'6069684e-94f9-4148-a33f-e1e3ca102c01'),
(890,887,NULL,360,7,'craft\\elements\\Entry',1,0,'2026-02-08 09:06:20','2026-02-08 09:06:20',NULL,NULL,NULL,'6bd9608d-640f-4a0f-99a5-c7ba9bf11e26'),
(892,887,NULL,361,27,'craft\\elements\\Entry',1,0,'2026-02-08 09:13:59','2026-02-08 09:13:59',NULL,NULL,NULL,'43f9495a-46d2-4a59-8a60-5881f190016b'),
(894,887,NULL,362,27,'craft\\elements\\Entry',1,0,'2026-02-08 09:14:32','2026-02-08 09:14:32',NULL,NULL,NULL,'2ed3aaa4-9fb7-4f49-9660-80f3ebe4cb5a'),
(895,887,NULL,363,7,'craft\\elements\\Entry',1,0,'2026-02-08 09:21:04','2026-02-08 09:21:04',NULL,NULL,NULL,'2832f3ca-e282-44ef-8eae-187f4c3f8a71'),
(901,NULL,NULL,NULL,4,'craft\\elements\\Entry',1,0,'2026-02-08 09:21:58','2026-02-08 09:21:58',NULL,NULL,NULL,'4662ca92-26a8-45c4-a16b-4a7e9ab15767'),
(902,NULL,NULL,NULL,33,'craft\\elements\\Entry',1,0,'2026-02-08 09:21:58','2026-02-08 09:21:58',NULL,NULL,NULL,'f27a52fc-20aa-4141-bad0-d2e83e324f5b'),
(903,NULL,NULL,NULL,34,'craft\\elements\\Entry',1,0,'2026-02-08 09:21:58','2026-02-08 09:21:58',NULL,NULL,NULL,'d1a06cad-d68b-420f-947a-0ce11d77d94d'),
(904,NULL,NULL,NULL,3,'craft\\elements\\Entry',1,0,'2026-02-08 09:21:58','2026-02-08 09:21:58',NULL,NULL,NULL,'2f6d1f2e-c618-4c3a-9113-cb8ae4d45ede'),
(905,887,NULL,364,7,'craft\\elements\\Entry',1,0,'2026-02-08 09:21:58','2026-02-08 09:21:58',NULL,NULL,NULL,'a63e210a-6d77-4f7d-8e04-38b8a565d48e'),
(906,901,NULL,365,4,'craft\\elements\\Entry',1,0,'2026-02-08 09:21:58','2026-02-08 09:21:58',NULL,NULL,NULL,'1b765354-1ee9-4489-82c7-9085b35f2666'),
(907,902,NULL,366,33,'craft\\elements\\Entry',1,0,'2026-02-08 09:21:58','2026-02-08 09:21:58',NULL,NULL,NULL,'455e9240-46ec-4303-8b37-d24f91828525'),
(908,903,NULL,367,34,'craft\\elements\\Entry',1,0,'2026-02-08 09:21:58','2026-02-08 09:21:58',NULL,NULL,NULL,'05677dfa-89d4-4d8b-ba26-b433d8049fcb'),
(909,904,NULL,368,3,'craft\\elements\\Entry',1,0,'2026-02-08 09:21:58','2026-02-08 09:21:58',NULL,NULL,NULL,'52e87ab4-ca77-4c28-a195-81a20addfb45'),
(911,887,NULL,369,7,'craft\\elements\\Entry',1,0,'2026-02-08 09:29:50','2026-02-08 09:29:50',NULL,NULL,NULL,'22ed0339-635a-4101-9f35-2e1d006cf602'),
(912,NULL,NULL,NULL,7,'craft\\elements\\Entry',1,0,'2026-02-08 10:03:48','2026-02-24 14:00:57',NULL,NULL,NULL,'4b880748-3fc8-47e0-ab3c-4a4bb33f30bb'),
(913,912,NULL,370,7,'craft\\elements\\Entry',1,0,'2026-02-08 10:03:48','2026-02-08 10:03:48',NULL,NULL,NULL,'24c1234c-6b96-441a-9a8d-8b26c0995a43'),
(915,117,NULL,371,6,'craft\\elements\\Entry',1,0,'2026-02-08 10:19:31','2026-02-08 10:19:31',NULL,NULL,NULL,'955b24db-ffbc-43d2-b860-5f20ba6936b1'),
(917,NULL,387,NULL,4,'craft\\elements\\Entry',1,0,'2026-02-21 14:56:11','2026-02-21 14:56:11',NULL,NULL,NULL,'4cbaf893-f3b8-4f87-a9cf-99759bd1c027'),
(918,NULL,388,NULL,4,'craft\\elements\\Entry',1,0,'2026-02-21 15:04:43','2026-02-21 15:06:07',NULL,'2026-02-21 15:06:07',NULL,'f2f9d8fd-5214-43c2-966c-b681cde5b541'),
(920,NULL,NULL,NULL,39,'craft\\elements\\Entry',1,0,'2026-02-21 15:07:05','2026-02-21 15:13:00',NULL,'2026-02-21 15:13:00',NULL,'b0ad1266-894c-40c4-9d29-3c032b1ac5c2'),
(921,117,NULL,372,6,'craft\\elements\\Entry',1,0,'2026-02-21 15:07:05','2026-02-21 15:07:05',NULL,NULL,NULL,'5f401ba9-2240-4b0b-8aa9-f82aa545e0f0'),
(922,920,NULL,373,39,'craft\\elements\\Entry',1,0,'2026-02-21 15:07:05','2026-02-21 15:07:05',NULL,'2026-02-21 15:13:00',NULL,'924f26b2-d167-445a-93c8-e12a6de8208d'),
(926,NULL,NULL,NULL,39,'craft\\elements\\Entry',1,0,'2026-02-21 15:13:00','2026-02-24 14:48:15',NULL,NULL,NULL,'33000599-1fbb-48e1-a2d3-a84fc118e563'),
(927,117,NULL,374,6,'craft\\elements\\Entry',1,0,'2026-02-21 15:13:00','2026-02-21 15:13:00',NULL,NULL,NULL,'4778e375-c7cd-485a-9e92-a0873f4ba120'),
(928,926,NULL,375,39,'craft\\elements\\Entry',1,0,'2026-02-21 15:13:00','2026-02-21 15:13:00',NULL,NULL,NULL,'c148f346-532e-4ef8-8aca-f49bc6648441'),
(931,117,NULL,376,6,'craft\\elements\\Entry',1,0,'2026-02-21 15:15:35','2026-02-21 15:15:35',NULL,NULL,NULL,'2b09ccaf-11e9-400d-b83d-1413aa0c8cb4'),
(932,926,NULL,377,39,'craft\\elements\\Entry',1,0,'2026-02-21 15:15:35','2026-02-21 15:15:35',NULL,NULL,NULL,'61c4c717-c668-4471-bd58-ccbabdebb641'),
(935,117,NULL,378,6,'craft\\elements\\Entry',1,0,'2026-02-21 15:17:06','2026-02-21 15:17:06',NULL,NULL,NULL,'283624b8-407a-43fc-90cf-459ccce261e5'),
(936,926,NULL,379,39,'craft\\elements\\Entry',1,0,'2026-02-21 15:17:06','2026-02-21 15:17:06',NULL,NULL,NULL,'6911f1c6-3074-4b87-96a0-43594b09f056'),
(939,117,NULL,380,6,'craft\\elements\\Entry',1,0,'2026-02-21 15:18:34','2026-02-21 15:18:34',NULL,NULL,NULL,'aefb18a9-3888-4fe3-8cdf-cff56eb0c31a'),
(940,926,NULL,381,39,'craft\\elements\\Entry',1,0,'2026-02-21 15:18:34','2026-02-21 15:18:34',NULL,NULL,NULL,'46200f3e-8acd-4a85-a4e9-7409416d870a'),
(945,NULL,NULL,NULL,36,'craft\\elements\\Entry',1,0,'2026-02-21 15:32:54','2026-02-21 15:46:44',NULL,NULL,NULL,'bb38e627-f15c-488f-bf72-bc1aca69b37c'),
(946,NULL,NULL,NULL,37,'craft\\elements\\Entry',1,0,'2026-02-21 15:32:54','2026-02-21 15:32:54',NULL,NULL,NULL,'547fd377-0ffd-4f67-8a9a-381a8b5bc48b'),
(947,NULL,NULL,NULL,38,'craft\\elements\\Entry',1,0,'2026-02-21 15:32:54','2026-02-21 15:32:54',NULL,NULL,NULL,'cf151c36-4ce3-491e-ad1b-a15a3b05a382'),
(948,117,NULL,382,6,'craft\\elements\\Entry',1,0,'2026-02-21 15:32:54','2026-02-21 15:32:54',NULL,NULL,NULL,'7b904003-c2b6-49be-958a-f564a9f2a098'),
(949,945,NULL,383,36,'craft\\elements\\Entry',1,0,'2026-02-21 15:32:54','2026-02-21 15:32:54',NULL,NULL,NULL,'fa32d1c5-3a7c-40c2-bfbd-b20426aa1112'),
(950,946,NULL,384,37,'craft\\elements\\Entry',1,0,'2026-02-21 15:32:54','2026-02-21 15:32:54',NULL,NULL,NULL,'aeeff2f6-d203-413a-b487-48f33ec4031f'),
(951,947,NULL,385,38,'craft\\elements\\Entry',1,0,'2026-02-21 15:32:54','2026-02-21 15:32:54',NULL,NULL,NULL,'44d7936e-8b94-4f84-a38e-be69dfa4ac92'),
(960,NULL,NULL,NULL,37,'craft\\elements\\Entry',1,0,'2026-02-21 15:33:15','2026-02-21 15:33:15',NULL,NULL,NULL,'795ce5ff-3cee-4efd-b57a-6de6e8f2ca2d'),
(961,NULL,NULL,NULL,38,'craft\\elements\\Entry',1,0,'2026-02-21 15:33:15','2026-02-21 15:33:15',NULL,NULL,NULL,'8dab7510-d3db-4bc0-adc6-3cb1bd1da2be'),
(962,NULL,NULL,NULL,37,'craft\\elements\\Entry',1,0,'2026-02-21 15:33:15','2026-02-21 15:33:15',NULL,NULL,NULL,'78df3b94-9f4f-4662-a941-ce118354d25c'),
(963,NULL,NULL,NULL,38,'craft\\elements\\Entry',1,0,'2026-02-21 15:33:15','2026-02-21 15:33:15',NULL,NULL,NULL,'3d994684-dda5-444f-8308-8ac6b125bf40'),
(964,NULL,NULL,NULL,37,'craft\\elements\\Entry',1,0,'2026-02-21 15:33:15','2026-02-21 15:33:15',NULL,NULL,NULL,'7e6159b1-17cc-4c2c-8ec0-fe2be361510d'),
(965,NULL,NULL,NULL,38,'craft\\elements\\Entry',1,0,'2026-02-21 15:33:15','2026-02-21 15:33:15',NULL,NULL,NULL,'4c2ec33d-5934-4918-b3a1-2fe163bc1f14'),
(966,117,NULL,386,6,'craft\\elements\\Entry',1,0,'2026-02-21 15:33:15','2026-02-21 15:33:15',NULL,NULL,NULL,'481dce37-41b1-4de2-b68a-16f1e23e6f93'),
(967,945,NULL,387,36,'craft\\elements\\Entry',1,0,'2026-02-21 15:33:15','2026-02-21 15:33:15',NULL,NULL,NULL,'e0204a6b-1d24-4922-a15b-4faf7dcf38cb'),
(968,960,NULL,388,37,'craft\\elements\\Entry',1,0,'2026-02-21 15:33:15','2026-02-21 15:33:15',NULL,NULL,NULL,'68929bd3-be05-4c4b-a363-91e5d0fb5634'),
(969,961,NULL,389,38,'craft\\elements\\Entry',1,0,'2026-02-21 15:33:15','2026-02-21 15:33:15',NULL,NULL,NULL,'321a0d46-6029-4dd7-be8f-def87a9d3ea5'),
(970,962,NULL,390,37,'craft\\elements\\Entry',1,0,'2026-02-21 15:33:15','2026-02-21 15:33:15',NULL,NULL,NULL,'9a2415fc-bdd0-4619-a3f6-1efdf7aaa5ac'),
(971,963,NULL,391,38,'craft\\elements\\Entry',1,0,'2026-02-21 15:33:15','2026-02-21 15:33:15',NULL,NULL,NULL,'909d7dd5-5520-4590-a903-bcf4abf63427'),
(972,964,NULL,392,37,'craft\\elements\\Entry',1,0,'2026-02-21 15:33:15','2026-02-21 15:33:15',NULL,NULL,NULL,'75bd9441-960a-490d-a98a-f4356bfcd863'),
(973,965,NULL,393,38,'craft\\elements\\Entry',1,0,'2026-02-21 15:33:15','2026-02-21 15:33:15',NULL,NULL,NULL,'6b80693c-00ae-43b6-ad73-3f8d93b0d982'),
(976,117,NULL,394,6,'craft\\elements\\Entry',1,0,'2026-02-21 15:39:55','2026-02-21 15:39:55',NULL,NULL,NULL,'76b12246-be8b-4b4f-a169-e04de3981136'),
(977,945,NULL,395,36,'craft\\elements\\Entry',1,0,'2026-02-21 15:39:55','2026-02-21 15:39:55',NULL,NULL,NULL,'853f9477-405e-40f9-bd9a-d8613713a12c'),
(984,NULL,NULL,NULL,38,'craft\\elements\\Entry',1,0,'2026-02-21 15:44:00','2026-02-21 15:46:44',NULL,NULL,NULL,'00bb9160-30c1-4729-9883-c9f35102b61c'),
(985,NULL,NULL,NULL,38,'craft\\elements\\Entry',1,0,'2026-02-21 15:44:00','2026-02-21 15:44:00',NULL,NULL,NULL,'2db83b86-d846-4fd5-84db-60a20b5e2051'),
(986,NULL,NULL,NULL,38,'craft\\elements\\Entry',1,0,'2026-02-21 15:44:00','2026-02-21 15:44:00',NULL,NULL,NULL,'70cc4f84-1bd8-49ea-a42f-a238cc33c121'),
(987,NULL,NULL,NULL,38,'craft\\elements\\Entry',1,0,'2026-02-21 15:44:00','2026-02-21 15:44:00',NULL,NULL,NULL,'7c3dc6aa-e65d-408e-b131-88c341cd897b'),
(988,117,NULL,396,6,'craft\\elements\\Entry',1,0,'2026-02-21 15:44:00','2026-02-21 15:44:00',NULL,NULL,NULL,'e3ee2841-65a2-406e-892e-6bcf9a8d8f0a'),
(989,945,NULL,397,36,'craft\\elements\\Entry',1,0,'2026-02-21 15:44:00','2026-02-21 15:44:00',NULL,NULL,NULL,'1254d349-613c-450f-a986-e6a03ed9aed1'),
(990,984,NULL,398,38,'craft\\elements\\Entry',1,0,'2026-02-21 15:44:00','2026-02-21 15:44:00',NULL,NULL,NULL,'f0390ae1-48a8-4719-b5b9-ea0e7bf35358'),
(991,985,NULL,399,38,'craft\\elements\\Entry',1,0,'2026-02-21 15:44:00','2026-02-21 15:44:00',NULL,NULL,NULL,'4c0f913c-f711-404d-b87c-d328d51be555'),
(992,986,NULL,400,38,'craft\\elements\\Entry',1,0,'2026-02-21 15:44:00','2026-02-21 15:44:00',NULL,NULL,NULL,'fdb6ae7b-3c37-4d37-a266-050b4b1e20be'),
(993,987,NULL,401,38,'craft\\elements\\Entry',1,0,'2026-02-21 15:44:00','2026-02-21 15:44:00',NULL,NULL,NULL,'b97f2947-c0ea-4a40-848a-857f7e2d8342'),
(997,117,NULL,402,6,'craft\\elements\\Entry',1,0,'2026-02-21 15:46:44','2026-02-21 15:46:44',NULL,NULL,NULL,'0ef7ec66-f9b1-4500-8f34-59cc428c5507'),
(998,945,NULL,403,36,'craft\\elements\\Entry',1,0,'2026-02-21 15:46:44','2026-02-21 15:46:44',NULL,NULL,NULL,'978829c7-1cf0-4c08-a559-22cb35ccb473'),
(999,984,NULL,404,38,'craft\\elements\\Entry',1,0,'2026-02-21 15:46:44','2026-02-21 15:46:44',NULL,NULL,NULL,'dd4ece0a-45d5-41e4-9679-ebe67274b43e'),
(1002,NULL,NULL,NULL,41,'craft\\elements\\Entry',1,0,'2026-02-21 15:48:30','2026-02-21 15:52:58',NULL,NULL,NULL,'b7f02106-fca2-47c3-9a25-c93378a6f7af'),
(1003,117,NULL,405,6,'craft\\elements\\Entry',1,0,'2026-02-21 15:48:30','2026-02-21 15:48:30',NULL,NULL,NULL,'e46370f8-bb7e-4eb6-a3e5-e73661049a0a'),
(1004,1002,NULL,406,41,'craft\\elements\\Entry',1,0,'2026-02-21 15:48:30','2026-02-21 15:48:30',NULL,NULL,NULL,'1a90ac5c-8609-41d7-b477-488224874d47'),
(1011,NULL,NULL,NULL,40,'craft\\elements\\Entry',1,0,'2026-02-21 15:50:56','2026-02-21 15:51:33',NULL,NULL,NULL,'9c9af2eb-0896-4831-813a-112d1f7e01ab'),
(1012,NULL,NULL,NULL,40,'craft\\elements\\Entry',1,0,'2026-02-21 15:50:56','2026-02-21 15:50:56',NULL,NULL,NULL,'b989d688-3c51-4e2b-949b-798d75065a56'),
(1013,NULL,NULL,NULL,40,'craft\\elements\\Entry',1,0,'2026-02-21 15:50:56','2026-02-21 15:50:56',NULL,NULL,NULL,'8246cd1d-8afd-455c-b62e-7a45eadff159'),
(1014,NULL,NULL,NULL,40,'craft\\elements\\Entry',1,0,'2026-02-21 15:50:56','2026-02-21 15:50:56',NULL,NULL,NULL,'9491874a-83a4-4716-9ba1-230e47453598'),
(1015,117,NULL,407,6,'craft\\elements\\Entry',1,0,'2026-02-21 15:50:56','2026-02-21 15:50:56',NULL,NULL,NULL,'613dd55a-4df6-4812-afad-ee608ef85713'),
(1016,1002,NULL,408,41,'craft\\elements\\Entry',1,0,'2026-02-21 15:50:56','2026-02-21 15:50:57',NULL,NULL,NULL,'3b27c2c8-3cbc-4bc7-b60e-8f6b251d49ee'),
(1017,1011,NULL,409,40,'craft\\elements\\Entry',1,0,'2026-02-21 15:50:56','2026-02-21 15:50:57',NULL,NULL,NULL,'1ba397b1-7a05-4b04-a942-4332c477c6d0'),
(1018,1012,NULL,410,40,'craft\\elements\\Entry',1,0,'2026-02-21 15:50:56','2026-02-21 15:50:57',NULL,NULL,NULL,'71a65579-3861-4ce1-943f-2602e3fccdbe'),
(1019,1013,NULL,411,40,'craft\\elements\\Entry',1,0,'2026-02-21 15:50:56','2026-02-21 15:50:57',NULL,NULL,NULL,'3a7a33a3-0179-4409-8254-8914792d73eb'),
(1020,1014,NULL,412,40,'craft\\elements\\Entry',1,0,'2026-02-21 15:50:56','2026-02-21 15:50:57',NULL,NULL,NULL,'8c542169-bddc-43a5-806c-422cc9ba6974'),
(1024,117,NULL,413,6,'craft\\elements\\Entry',1,0,'2026-02-21 15:51:33','2026-02-21 15:51:33',NULL,NULL,NULL,'4c985f51-a185-4d73-8f17-d770c1b1002e'),
(1025,1002,NULL,414,41,'craft\\elements\\Entry',1,0,'2026-02-21 15:51:33','2026-02-21 15:51:33',NULL,NULL,NULL,'3e2bb4fe-41a1-46b3-b0cb-e41667df5945'),
(1026,1011,NULL,415,40,'craft\\elements\\Entry',1,0,'2026-02-21 15:51:33','2026-02-21 15:51:33',NULL,NULL,NULL,'814c9ccd-3f6d-4d58-9c64-05906108fc36'),
(1029,117,NULL,416,6,'craft\\elements\\Entry',1,0,'2026-02-21 15:52:04','2026-02-21 15:52:04',NULL,NULL,NULL,'9f7d92bf-98f0-4647-91a9-8c91e02e9f56'),
(1030,1002,NULL,417,41,'craft\\elements\\Entry',1,0,'2026-02-21 15:52:04','2026-02-21 15:52:04',NULL,NULL,NULL,'a9c40851-921c-410a-b7c9-d5a89c714cd0'),
(1033,117,NULL,418,6,'craft\\elements\\Entry',1,0,'2026-02-21 15:52:58','2026-02-21 15:52:58',NULL,NULL,NULL,'29052e68-02f7-441d-b9b9-50fe9b050d3f'),
(1034,1002,NULL,419,41,'craft\\elements\\Entry',1,0,'2026-02-21 15:52:58','2026-02-21 15:52:58',NULL,NULL,NULL,'4378e505-3e33-4c6c-8456-cc4fc7d61656'),
(1037,NULL,NULL,NULL,2,'craft\\elements\\Asset',1,0,'2026-02-21 15:54:37','2026-02-21 15:54:43',NULL,'2026-02-21 15:54:43',NULL,'b48d219c-a393-47bf-bdb9-48b3c62ebe01'),
(1038,NULL,NULL,NULL,42,'craft\\elements\\Entry',1,0,'2026-02-21 15:57:52','2026-02-21 15:57:52',NULL,NULL,NULL,'7e5fcf48-005e-483c-b799-b7f5f97e85f9'),
(1039,117,NULL,420,6,'craft\\elements\\Entry',1,0,'2026-02-21 15:57:52','2026-02-21 15:57:52',NULL,NULL,NULL,'e6d390f0-4ac7-4bae-9186-bbb638caba55'),
(1040,1038,NULL,421,42,'craft\\elements\\Entry',1,0,'2026-02-21 15:57:52','2026-02-21 15:57:52',NULL,NULL,NULL,'a7e730b2-30ad-4951-be18-4e4390bf78de'),
(1043,NULL,NULL,NULL,43,'craft\\elements\\Entry',1,0,'2026-02-21 16:00:47','2026-02-21 16:07:21',NULL,NULL,NULL,'8253874b-f481-43b7-a9c3-bab1be51b7bb'),
(1044,117,NULL,422,6,'craft\\elements\\Entry',1,0,'2026-02-21 16:00:47','2026-02-21 16:00:47',NULL,NULL,NULL,'fff0442b-45a7-4069-9fd7-28b3df617079'),
(1045,1043,NULL,423,43,'craft\\elements\\Entry',1,0,'2026-02-21 16:00:47','2026-02-21 16:00:47',NULL,NULL,NULL,'bb07bdfe-12f0-469c-b20d-5926e72d0637'),
(1048,117,NULL,424,6,'craft\\elements\\Entry',1,0,'2026-02-21 16:01:12','2026-02-21 16:01:13',NULL,NULL,NULL,'cb4d4578-b323-4e64-92ed-fef3a7502290'),
(1049,1043,NULL,425,43,'craft\\elements\\Entry',1,0,'2026-02-21 16:01:12','2026-02-21 16:01:13',NULL,NULL,NULL,'16095d70-157e-480a-925b-b06556358e53'),
(1052,117,NULL,426,6,'craft\\elements\\Entry',1,0,'2026-02-21 16:07:21','2026-02-21 16:07:21',NULL,NULL,NULL,'fa975ad1-7145-4266-acc0-dee34e892c1c'),
(1053,1043,NULL,427,43,'craft\\elements\\Entry',1,0,'2026-02-21 16:07:21','2026-02-21 16:07:21',NULL,NULL,NULL,'b637c210-8faf-44ab-a361-ed5df6b19394'),
(1057,NULL,NULL,NULL,8,'craft\\elements\\Entry',1,0,'2026-02-21 16:08:29','2026-02-21 16:08:29',NULL,NULL,NULL,'0bcfd83f-925c-401e-b5a8-b532dbf42457'),
(1058,117,NULL,428,6,'craft\\elements\\Entry',1,0,'2026-02-21 16:08:29','2026-02-21 16:08:29',NULL,NULL,NULL,'872aea89-f3d5-4f83-9ebb-bf9786b693eb'),
(1059,1057,NULL,429,8,'craft\\elements\\Entry',1,0,'2026-02-21 16:08:29','2026-02-21 16:08:29',NULL,NULL,NULL,'ac6dbc65-d6a2-49e0-b591-de6397a8e6a5'),
(1061,NULL,443,NULL,35,'craft\\elements\\Entry',1,0,'2026-02-21 16:11:56','2026-02-21 16:12:02',NULL,NULL,NULL,'a957e0be-051c-433c-8ff0-7a5b06e1a69d'),
(1062,NULL,NULL,NULL,35,'craft\\elements\\Entry',1,0,'2026-02-21 16:12:14','2026-02-21 16:18:04',NULL,'2026-02-21 16:18:04',NULL,'e7acde2d-5fad-4495-9e94-3b60043b608c'),
(1063,117,NULL,430,6,'craft\\elements\\Entry',1,0,'2026-02-21 16:12:13','2026-02-21 16:12:14',NULL,NULL,NULL,'a20a769e-cf93-403b-9f0a-3daba613b4dc'),
(1064,1062,NULL,431,35,'craft\\elements\\Entry',1,0,'2026-02-21 16:12:14','2026-02-21 16:12:14',NULL,'2026-02-21 16:18:04',NULL,'66d37338-1337-4a12-af08-9a36f502eeca'),
(1075,NULL,NULL,NULL,44,'craft\\elements\\Entry',1,0,'2026-02-21 16:18:04','2026-02-21 16:21:12',NULL,NULL,NULL,'5a05180b-ec6c-4e94-984c-9cd764fad259'),
(1076,NULL,NULL,NULL,35,'craft\\elements\\Entry',1,0,'2026-02-21 16:18:04','2026-02-21 16:18:04',NULL,NULL,NULL,'d12e5a84-8f30-4510-beab-9d8980063c52'),
(1077,NULL,NULL,NULL,35,'craft\\elements\\Entry',1,0,'2026-02-21 16:18:04','2026-02-21 16:18:04',NULL,NULL,NULL,'c29664b3-27a5-4fd1-91dc-190e49398d41'),
(1078,NULL,NULL,NULL,35,'craft\\elements\\Entry',1,0,'2026-02-21 16:18:04','2026-02-21 16:18:04',NULL,NULL,NULL,'b089ff7b-5ca8-4a35-8c15-a3ed59f8aca9'),
(1079,NULL,NULL,NULL,35,'craft\\elements\\Entry',1,0,'2026-02-21 16:18:04','2026-02-21 16:18:04',NULL,NULL,NULL,'df4466e3-a160-440a-90ad-ee1446dcfde3'),
(1080,NULL,NULL,NULL,35,'craft\\elements\\Entry',1,0,'2026-02-21 16:18:04','2026-02-21 16:18:04',NULL,NULL,NULL,'538b4cdc-cf5f-4afc-b205-359cb7a359a7'),
(1081,NULL,NULL,NULL,35,'craft\\elements\\Entry',1,0,'2026-02-21 16:18:04','2026-02-21 16:18:04',NULL,NULL,NULL,'b43066a1-5148-4789-942e-4e4ac900ad2a'),
(1082,NULL,NULL,NULL,35,'craft\\elements\\Entry',1,0,'2026-02-21 16:18:04','2026-02-21 16:18:04',NULL,NULL,NULL,'e1a2d9c5-e462-4ccd-aa4f-e9bd7d71d770'),
(1083,NULL,NULL,NULL,35,'craft\\elements\\Entry',1,0,'2026-02-21 16:18:04','2026-02-21 16:18:04',NULL,NULL,NULL,'3d0e8370-32d6-4d3a-87fc-874a697b6640'),
(1084,117,NULL,432,6,'craft\\elements\\Entry',1,0,'2026-02-21 16:18:04','2026-02-21 16:18:04',NULL,NULL,NULL,'2a891483-7dc3-4122-9750-0a435e923b57'),
(1085,1075,NULL,433,44,'craft\\elements\\Entry',1,0,'2026-02-21 16:18:04','2026-02-21 16:18:04',NULL,NULL,NULL,'f77d375d-074c-4f47-b18d-f6d15ad18652'),
(1086,1076,NULL,434,35,'craft\\elements\\Entry',1,0,'2026-02-21 16:18:04','2026-02-21 16:18:04',NULL,NULL,NULL,'6f8fa4f3-6112-4279-abb0-20d6622674f7'),
(1087,1077,NULL,435,35,'craft\\elements\\Entry',1,0,'2026-02-21 16:18:04','2026-02-21 16:18:04',NULL,NULL,NULL,'b9bd5ab5-61ab-4a34-b11f-61f477113520'),
(1088,1078,NULL,436,35,'craft\\elements\\Entry',1,0,'2026-02-21 16:18:04','2026-02-21 16:18:04',NULL,NULL,NULL,'36ced2c4-9e87-4e52-a0f6-85e947d52a03'),
(1089,1079,NULL,437,35,'craft\\elements\\Entry',1,0,'2026-02-21 16:18:04','2026-02-21 16:18:04',NULL,NULL,NULL,'5416925b-61dc-48aa-b11f-d25d68d83615'),
(1090,1080,NULL,438,35,'craft\\elements\\Entry',1,0,'2026-02-21 16:18:04','2026-02-21 16:18:04',NULL,NULL,NULL,'8be47877-a1c2-4e94-9177-76d40bf295d8'),
(1091,1081,NULL,439,35,'craft\\elements\\Entry',1,0,'2026-02-21 16:18:04','2026-02-21 16:18:04',NULL,NULL,NULL,'d5f09008-7140-4ba2-ba24-bdb68b6fd190'),
(1092,1082,NULL,440,35,'craft\\elements\\Entry',1,0,'2026-02-21 16:18:04','2026-02-21 16:18:04',NULL,NULL,NULL,'78b68e90-e649-485a-b3a2-9caaead3f953'),
(1093,1083,NULL,441,35,'craft\\elements\\Entry',1,0,'2026-02-21 16:18:04','2026-02-21 16:18:04',NULL,NULL,NULL,'a216528e-0ed7-4f11-aa22-a205f36836b2'),
(1096,117,NULL,442,6,'craft\\elements\\Entry',1,0,'2026-02-21 16:21:12','2026-02-21 16:21:12',NULL,NULL,NULL,'f2af3bc6-bc36-4dd0-877c-7413797c4bf9'),
(1097,1075,NULL,443,44,'craft\\elements\\Entry',1,0,'2026-02-21 16:21:12','2026-02-21 16:21:12',NULL,NULL,NULL,'5d5a5ce6-ffd4-40f8-b1ca-e7015ceed150'),
(1098,NULL,NULL,NULL,45,'craft\\elements\\Entry',1,0,'2026-02-21 22:42:22','2026-02-21 22:49:52',NULL,NULL,NULL,'643c6733-af82-4c37-94d8-7d26475b77fe'),
(1099,NULL,NULL,NULL,46,'craft\\elements\\Entry',1,0,'2026-02-21 22:48:17','2026-02-21 22:48:41',NULL,NULL,NULL,'594efb5a-3a6f-437e-93ab-a0c069c58e3f'),
(1100,NULL,NULL,NULL,46,'craft\\elements\\Entry',1,0,'2026-02-21 22:48:48','2026-02-21 22:49:25',NULL,NULL,NULL,'2621ba18-db9a-4c1e-be34-d8b5d4c0e8e7'),
(1101,NULL,NULL,NULL,46,'craft\\elements\\Entry',1,0,'2026-02-21 22:49:27','2026-02-21 22:49:36',NULL,NULL,NULL,'50f8f45a-c252-4c30-ac00-f71b46501d82'),
(1102,NULL,NULL,NULL,46,'craft\\elements\\Entry',1,0,'2026-02-21 22:49:38','2026-02-21 22:49:48',NULL,NULL,NULL,'27f20dbd-a221-4e58-b20a-b7dc4f9d93ca'),
(1103,1098,NULL,444,45,'craft\\elements\\Entry',1,0,'2026-02-21 22:49:52','2026-02-21 22:49:52',NULL,NULL,NULL,'773120d7-64c5-4647-a0c9-79db08c8f29c'),
(1104,1099,NULL,445,46,'craft\\elements\\Entry',1,0,'2026-02-21 22:48:41','2026-02-21 22:49:52',NULL,NULL,NULL,'d8d7949e-8d15-4347-b621-c64b3357f09b'),
(1105,1100,NULL,446,46,'craft\\elements\\Entry',1,0,'2026-02-21 22:49:25','2026-02-21 22:49:52',NULL,NULL,NULL,'11c26f0e-85f8-47d8-b9a9-a499b7b03fc4'),
(1106,1101,NULL,447,46,'craft\\elements\\Entry',1,0,'2026-02-21 22:49:36','2026-02-21 22:49:52',NULL,NULL,NULL,'a8a8e5ce-c308-414f-9770-0e61d1463ef9'),
(1107,1102,NULL,448,46,'craft\\elements\\Entry',1,0,'2026-02-21 22:49:48','2026-02-21 22:49:52',NULL,NULL,NULL,'daf0bcb4-330f-4087-92cb-fd1ce3c3f19a'),
(1108,NULL,NULL,NULL,45,'craft\\elements\\Entry',1,0,'2026-02-21 22:49:56','2026-02-21 22:56:39',NULL,NULL,NULL,'37cdbf13-e127-403b-b224-d27c3c0d4324'),
(1109,NULL,NULL,NULL,46,'craft\\elements\\Entry',1,0,'2026-02-21 22:50:56','2026-02-21 22:53:21',NULL,NULL,NULL,'bda033dc-4010-422b-8d99-2a9944a7b77e'),
(1110,NULL,NULL,NULL,46,'craft\\elements\\Entry',1,0,'2026-02-21 22:51:18','2026-02-21 22:53:25',NULL,NULL,NULL,'d7ad30e6-9dac-4c88-979f-c1e1c0106a90'),
(1111,NULL,NULL,NULL,46,'craft\\elements\\Entry',1,0,'2026-02-21 22:51:28','2026-02-21 22:53:28',NULL,NULL,NULL,'52f97001-e257-41f0-958d-1aa68633c722'),
(1112,NULL,NULL,NULL,46,'craft\\elements\\Entry',1,0,'2026-02-21 22:51:49','2026-02-21 22:53:31',NULL,NULL,NULL,'c9e1bc7b-7970-4952-b741-31c5c3dc6bdc'),
(1113,1108,NULL,449,45,'craft\\elements\\Entry',1,0,'2026-02-21 22:56:39','2026-02-21 22:56:39',NULL,NULL,NULL,'d983dd6c-3c81-4543-97c0-1bff14ec86c2'),
(1114,1109,NULL,450,46,'craft\\elements\\Entry',1,0,'2026-02-21 22:53:21','2026-02-21 22:56:39',NULL,NULL,NULL,'6e1acbd7-c15b-464c-bb51-94fd95bb4d5f'),
(1115,1110,NULL,451,46,'craft\\elements\\Entry',1,0,'2026-02-21 22:53:25','2026-02-21 22:56:39',NULL,NULL,NULL,'00f62655-88f1-4afe-9dee-c5ee71c88398'),
(1116,1111,NULL,452,46,'craft\\elements\\Entry',1,0,'2026-02-21 22:53:28','2026-02-21 22:56:39',NULL,NULL,NULL,'c9417bbd-595a-4c09-8795-0489756b7fd1'),
(1117,1112,NULL,453,46,'craft\\elements\\Entry',1,0,'2026-02-21 22:53:31','2026-02-21 22:56:39',NULL,NULL,NULL,'88d5e94b-1ba9-4111-8cf5-e63b92853040'),
(1118,NULL,NULL,NULL,45,'craft\\elements\\Entry',1,0,'2026-02-21 22:56:49','2026-02-21 22:58:49',NULL,NULL,NULL,'f007e783-d607-4ca0-aa08-d7c9c98c8056'),
(1119,NULL,NULL,NULL,46,'craft\\elements\\Entry',1,0,'2026-02-21 22:57:36','2026-02-21 22:58:21',NULL,NULL,NULL,'581d658b-e303-47f0-96ad-3a4992be1821'),
(1120,NULL,NULL,NULL,46,'craft\\elements\\Entry',1,0,'2026-02-21 22:58:23','2026-02-21 22:58:30',NULL,NULL,NULL,'e4dd7f91-8ece-4d61-8cd7-64ad8c122d12'),
(1121,NULL,NULL,NULL,46,'craft\\elements\\Entry',1,0,'2026-02-21 22:58:33','2026-02-21 22:58:41',NULL,NULL,NULL,'e9ee5378-cd47-4217-9710-fc101e8bc534'),
(1122,NULL,NULL,NULL,46,'craft\\elements\\Entry',1,0,'2026-02-21 22:58:43','2026-02-21 22:58:48',NULL,NULL,NULL,'76ebc1db-6cf9-4b2a-966d-c798b8e32a42'),
(1123,1118,NULL,454,45,'craft\\elements\\Entry',1,0,'2026-02-21 22:58:49','2026-02-21 22:58:49',NULL,NULL,NULL,'6ed05166-6f58-42f1-b336-20f0b49a7bce'),
(1124,1119,NULL,455,46,'craft\\elements\\Entry',1,0,'2026-02-21 22:58:21','2026-02-21 22:58:49',NULL,NULL,NULL,'0e550c66-4e5d-4edb-8a39-0413bf3b9ffd'),
(1125,1120,NULL,456,46,'craft\\elements\\Entry',1,0,'2026-02-21 22:58:30','2026-02-21 22:58:49',NULL,NULL,NULL,'52a5ee95-e63b-4aec-bf91-f548330c78d9'),
(1126,1121,NULL,457,46,'craft\\elements\\Entry',1,0,'2026-02-21 22:58:41','2026-02-21 22:58:49',NULL,NULL,NULL,'4ab67cb2-d48b-4e69-82cd-58549f0b4152'),
(1127,1122,NULL,458,46,'craft\\elements\\Entry',1,0,'2026-02-21 22:58:48','2026-02-21 22:58:49',NULL,NULL,NULL,'19fc2d05-429c-437d-a315-fbdaccfcd3c7'),
(1128,NULL,NULL,NULL,45,'craft\\elements\\Entry',1,0,'2026-02-21 22:58:58','2026-02-21 22:59:24',NULL,NULL,NULL,'d43c478d-7992-449d-bdb8-95617494c99f'),
(1129,NULL,NULL,NULL,46,'craft\\elements\\Entry',1,0,'2026-02-21 22:59:17','2026-02-21 22:59:22',NULL,NULL,NULL,'545ac01e-58c5-4f21-ae9f-a546b8339322'),
(1130,1128,NULL,459,45,'craft\\elements\\Entry',1,0,'2026-02-21 22:59:24','2026-02-21 22:59:24',NULL,NULL,NULL,'c193578c-eb03-498f-a37b-c6fa67cb4e35'),
(1131,1129,NULL,460,46,'craft\\elements\\Entry',1,0,'2026-02-21 22:59:22','2026-02-21 22:59:24',NULL,NULL,NULL,'4b8fd220-7933-4e0a-9e87-18d8cb830ec6'),
(1132,NULL,NULL,NULL,45,'craft\\elements\\Entry',1,0,'2026-02-21 22:59:46','2026-02-21 23:00:22',NULL,NULL,NULL,'cf76c012-94ac-48e6-be45-da2168d4cdab'),
(1133,NULL,NULL,NULL,46,'craft\\elements\\Entry',1,0,'2026-02-21 23:00:15','2026-02-21 23:00:21',NULL,NULL,NULL,'0a35a496-7e84-4c5b-93fc-78e11e1cc5ce'),
(1134,1132,NULL,461,45,'craft\\elements\\Entry',1,0,'2026-02-21 23:00:22','2026-02-21 23:00:22',NULL,NULL,NULL,'281d8c1b-91f2-46cb-8f88-5ee73de78895'),
(1135,1133,NULL,462,46,'craft\\elements\\Entry',1,0,'2026-02-21 23:00:21','2026-02-21 23:00:22',NULL,NULL,NULL,'e0ec4541-9615-49a5-8f1c-4cb75561f53c'),
(1143,38,NULL,463,7,'craft\\elements\\Entry',1,0,'2026-02-21 23:28:16','2026-02-21 23:28:16',NULL,NULL,NULL,'93a9e03a-20d7-4df3-806a-90eeda89b214'),
(1144,761,NULL,464,32,'craft\\elements\\Entry',1,0,'2026-02-21 23:28:16','2026-02-21 23:28:16',NULL,NULL,NULL,'8f596f60-a394-4b0a-8d08-c8f0c6598eed'),
(1147,38,NULL,465,7,'craft\\elements\\Entry',1,0,'2026-02-21 23:28:35','2026-02-21 23:28:36',NULL,NULL,NULL,'600e4986-d058-4582-bb4d-d8486150b193'),
(1148,761,NULL,466,32,'craft\\elements\\Entry',1,0,'2026-02-21 23:28:35','2026-02-21 23:28:36',NULL,NULL,NULL,'aa1397b3-f093-46a4-8fe2-51ec997345d2'),
(1151,117,NULL,467,6,'craft\\elements\\Entry',1,0,'2026-02-21 23:31:43','2026-02-21 23:31:43',NULL,NULL,NULL,'8c33a56b-bb26-4273-80a1-00a919a32fab'),
(1152,926,NULL,468,39,'craft\\elements\\Entry',1,0,'2026-02-21 23:31:43','2026-02-21 23:31:43',NULL,NULL,NULL,'dca8ef91-0ad6-4611-80b4-190eeccf6956'),
(1155,117,NULL,469,6,'craft\\elements\\Entry',1,0,'2026-02-21 23:32:10','2026-02-21 23:32:10',NULL,NULL,NULL,'7d4836de-e4d5-49ce-a8e6-402e9aaed559'),
(1156,926,NULL,470,39,'craft\\elements\\Entry',1,0,'2026-02-21 23:32:10','2026-02-21 23:32:10',NULL,NULL,NULL,'36ba7cc9-f4e9-4e39-8622-e2e320836d35'),
(1157,NULL,NULL,NULL,7,'craft\\elements\\Entry',1,0,'2026-02-21 23:50:58','2026-02-22 00:09:05',NULL,'2026-02-22 00:09:05',NULL,'6cbff46b-7a82-4778-8185-92653e4b59f0'),
(1158,1157,NULL,471,7,'craft\\elements\\Entry',1,0,'2026-02-21 23:51:06','2026-02-21 23:51:06',NULL,'2026-02-22 00:09:05',NULL,'fbb3f4e1-6ceb-40b5-9952-ba674590d164'),
(1161,NULL,NULL,NULL,47,'craft\\elements\\Entry',1,0,'2026-02-22 00:05:57','2026-02-22 22:28:10',NULL,NULL,NULL,'4366297c-9871-4eb5-a829-ae608d91c1a8'),
(1162,1161,NULL,472,47,'craft\\elements\\Entry',1,0,'2026-02-22 00:07:00','2026-02-22 00:07:00',NULL,NULL,NULL,'16110fcf-51d7-40d0-8e9a-fd18a8302782'),
(1165,NULL,NULL,NULL,39,'craft\\elements\\Entry',1,0,'2026-02-22 00:07:17','2026-02-22 21:18:20',NULL,'2026-02-22 21:18:20',NULL,'9aaf0365-e89f-4163-a774-6e7cd5140ede'),
(1166,1161,NULL,473,47,'craft\\elements\\Entry',1,0,'2026-02-22 00:07:17','2026-02-22 00:07:17',NULL,NULL,NULL,'16fbbd61-3eca-409c-962b-b4c4932658eb'),
(1167,1165,NULL,474,39,'craft\\elements\\Entry',1,0,'2026-02-22 00:07:17','2026-02-22 00:07:17',NULL,'2026-02-22 21:18:20',NULL,'120a04ee-4ec5-4ccb-b108-deca1b3cf723'),
(1178,NULL,NULL,NULL,36,'craft\\elements\\Entry',1,0,'2026-02-22 00:07:23','2026-02-22 21:18:20',NULL,'2026-02-22 21:18:20',NULL,'9640bf8e-71c7-4239-8171-97c2320dec16'),
(1179,NULL,NULL,NULL,37,'craft\\elements\\Entry',1,0,'2026-02-22 00:07:23','2026-02-22 21:18:20',NULL,'2026-02-22 21:18:20',1,'05b086e2-f54e-4154-9b0d-dc5a91811a6a'),
(1180,NULL,NULL,NULL,37,'craft\\elements\\Entry',1,0,'2026-02-22 00:07:23','2026-02-22 21:18:20',NULL,'2026-02-22 21:18:20',1,'41984ed3-216a-47b4-9f0d-4cbe16be6f6d'),
(1181,NULL,NULL,NULL,37,'craft\\elements\\Entry',1,0,'2026-02-22 00:07:23','2026-02-22 21:18:20',NULL,'2026-02-22 21:18:20',1,'d09eae87-296e-4773-a28c-d7a312f18e31'),
(1182,NULL,NULL,NULL,37,'craft\\elements\\Entry',1,0,'2026-02-22 00:07:23','2026-02-22 21:18:20',NULL,'2026-02-22 21:18:20',1,'26b040c6-387d-457f-964d-1dd984dfe2d5'),
(1183,NULL,NULL,NULL,38,'craft\\elements\\Entry',1,0,'2026-02-22 00:07:23','2026-02-22 21:18:20',NULL,'2026-02-22 21:18:20',1,'ddef9382-c8ff-41e8-a9c7-c34a9345fed7'),
(1184,NULL,NULL,NULL,38,'craft\\elements\\Entry',1,0,'2026-02-22 00:07:23','2026-02-22 21:18:20',NULL,'2026-02-22 21:18:20',1,'a1d30ce8-59a1-4e51-8d42-a8f62656def8'),
(1185,NULL,NULL,NULL,38,'craft\\elements\\Entry',1,0,'2026-02-22 00:07:23','2026-02-22 21:18:20',NULL,'2026-02-22 21:18:20',1,'1841ed73-2ad8-4d40-8b12-d3cbc069a34b'),
(1186,NULL,NULL,NULL,38,'craft\\elements\\Entry',1,0,'2026-02-22 00:07:23','2026-02-22 21:18:20',NULL,'2026-02-22 21:18:20',1,'ec99134b-1ae4-4c3e-8dd6-edd539312438'),
(1187,1161,NULL,475,47,'craft\\elements\\Entry',1,0,'2026-02-22 00:07:23','2026-02-22 00:07:23',NULL,NULL,NULL,'185b842e-5c18-40e9-be62-562ada62a777'),
(1188,1178,NULL,476,36,'craft\\elements\\Entry',1,0,'2026-02-22 00:07:23','2026-02-22 00:07:23',NULL,'2026-02-22 21:18:20',NULL,'474b0568-f6e8-4692-9d10-8abd96ce614c'),
(1189,1179,NULL,477,37,'craft\\elements\\Entry',1,0,'2026-02-22 00:07:23','2026-02-22 00:07:23',NULL,'2026-02-22 21:18:20',NULL,'8c2e7910-260f-46a7-bb2a-895343a87e59'),
(1190,1180,NULL,478,37,'craft\\elements\\Entry',1,0,'2026-02-22 00:07:23','2026-02-22 00:07:23',NULL,'2026-02-22 21:18:20',NULL,'e96bca6c-48be-48d5-9be9-7bf9aad06471'),
(1191,1181,NULL,479,37,'craft\\elements\\Entry',1,0,'2026-02-22 00:07:23','2026-02-22 00:07:23',NULL,'2026-02-22 21:18:20',NULL,'6dd188be-bc98-465b-9858-ab0e3a1a6a79'),
(1192,1182,NULL,480,37,'craft\\elements\\Entry',1,0,'2026-02-22 00:07:23','2026-02-22 00:07:23',NULL,'2026-02-22 21:18:20',NULL,'bc0721c0-94f2-416c-9e02-44a6adea5d45'),
(1193,1183,NULL,481,38,'craft\\elements\\Entry',1,0,'2026-02-22 00:07:23','2026-02-22 00:07:23',NULL,'2026-02-22 21:18:20',NULL,'a54cd83d-ebb2-41f0-9d61-c2037f8e54c6'),
(1194,1184,NULL,482,38,'craft\\elements\\Entry',1,0,'2026-02-22 00:07:23','2026-02-22 00:07:23',NULL,'2026-02-22 21:18:20',NULL,'483fc1a0-63bc-4192-ac20-a415530e6878'),
(1195,1185,NULL,483,38,'craft\\elements\\Entry',1,0,'2026-02-22 00:07:23','2026-02-22 00:07:23',NULL,'2026-02-22 21:18:20',NULL,'dca204b6-078b-4288-954c-263c0ff78f78'),
(1196,1186,NULL,484,38,'craft\\elements\\Entry',1,0,'2026-02-22 00:07:23','2026-02-22 00:07:23',NULL,'2026-02-22 21:18:20',NULL,'694bf30a-5e70-4999-b972-a0b8d090d541'),
(1203,NULL,NULL,NULL,41,'craft\\elements\\Entry',1,0,'2026-02-22 00:07:37','2026-02-22 21:18:20',NULL,'2026-02-22 21:18:20',NULL,'7548e0cb-a1a8-404c-8831-48e27eb53211'),
(1204,NULL,NULL,NULL,40,'craft\\elements\\Entry',1,0,'2026-02-22 00:07:37','2026-02-22 21:18:20',NULL,'2026-02-22 21:18:20',1,'566048b4-e9a9-4a41-b973-d96b3ddf484f'),
(1205,NULL,NULL,NULL,40,'craft\\elements\\Entry',1,0,'2026-02-22 00:07:37','2026-02-22 21:18:20',NULL,'2026-02-22 21:18:20',1,'7a1570b5-6f22-4e5c-b652-97eb8bfae2ac'),
(1206,NULL,NULL,NULL,40,'craft\\elements\\Entry',1,0,'2026-02-22 00:07:37','2026-02-22 21:18:20',NULL,'2026-02-22 21:18:20',1,'295d5ba3-a0ee-4bea-acc9-613c9f784deb'),
(1207,NULL,NULL,NULL,40,'craft\\elements\\Entry',1,0,'2026-02-22 00:07:37','2026-02-22 21:18:20',NULL,'2026-02-22 21:18:20',1,'c3ded4b5-91dc-4048-a9e8-94ab69a4802a'),
(1208,1161,NULL,485,47,'craft\\elements\\Entry',1,0,'2026-02-22 00:07:37','2026-02-22 00:07:37',NULL,NULL,NULL,'4cc768bc-b8c5-46a3-9f15-3668935a69f0'),
(1209,1203,NULL,486,41,'craft\\elements\\Entry',1,0,'2026-02-22 00:07:37','2026-02-22 00:07:37',NULL,'2026-02-22 21:18:20',NULL,'690d1946-3178-49a6-a497-ea5950502ed1'),
(1210,1204,NULL,487,40,'craft\\elements\\Entry',1,0,'2026-02-22 00:07:37','2026-02-22 00:07:37',NULL,'2026-02-22 21:18:20',NULL,'ef0d2c74-978f-4622-b3b8-3cb0b29c6c63'),
(1211,1205,NULL,488,40,'craft\\elements\\Entry',1,0,'2026-02-22 00:07:37','2026-02-22 00:07:37',NULL,'2026-02-22 21:18:20',NULL,'74aab79d-955f-4cce-8eaa-2698b7c2f29c'),
(1212,1206,NULL,489,40,'craft\\elements\\Entry',1,0,'2026-02-22 00:07:37','2026-02-22 00:07:37',NULL,'2026-02-22 21:18:20',NULL,'60f95c08-2aa4-42ec-b3db-dac9a6708f35'),
(1213,1207,NULL,490,40,'craft\\elements\\Entry',1,0,'2026-02-22 00:07:37','2026-02-22 00:07:37',NULL,'2026-02-22 21:18:20',NULL,'4b7dbf45-831b-495e-adf8-ac1a0d1c405a'),
(1216,NULL,NULL,NULL,42,'craft\\elements\\Entry',1,0,'2026-02-22 00:08:02','2026-02-22 22:28:10',NULL,NULL,NULL,'999cf826-6194-4d8c-a4d4-848553784a37'),
(1217,1161,NULL,491,47,'craft\\elements\\Entry',1,0,'2026-02-22 00:08:02','2026-02-22 00:08:02',NULL,NULL,NULL,'2dc79874-89f1-484c-94db-cad467fa4e99'),
(1218,1216,NULL,492,42,'craft\\elements\\Entry',1,0,'2026-02-22 00:08:02','2026-02-22 00:08:02',NULL,NULL,NULL,'c532a446-dd4b-4c26-b929-df3eaae7eee6'),
(1221,NULL,NULL,NULL,43,'craft\\elements\\Entry',1,0,'2026-02-22 00:08:09','2026-02-22 21:18:20',NULL,'2026-02-22 21:18:20',NULL,'e889d647-64ec-445e-b832-26662dde3e76'),
(1222,1161,NULL,493,47,'craft\\elements\\Entry',1,0,'2026-02-22 00:08:09','2026-02-22 00:08:09',NULL,NULL,NULL,'bf81a1fb-8dc5-4a92-8934-ffaee9f5557d'),
(1223,1221,NULL,494,43,'craft\\elements\\Entry',1,0,'2026-02-22 00:08:09','2026-02-22 00:08:09',NULL,'2026-02-22 21:18:20',NULL,'ccf7d8f3-8891-4dde-9cb9-eaf70d9d3713'),
(1226,NULL,NULL,NULL,8,'craft\\elements\\Entry',1,0,'2026-02-22 00:08:22','2026-02-22 21:20:06',NULL,'2026-02-22 21:20:06',NULL,'8d1b31a6-3929-4ca7-afd7-81b93c8ceb13'),
(1227,1161,NULL,495,47,'craft\\elements\\Entry',1,0,'2026-02-22 00:08:22','2026-02-22 00:08:22',NULL,NULL,NULL,'08fe1614-91cb-4dad-9e6b-73a2d1b7f6ab'),
(1228,1226,NULL,496,8,'craft\\elements\\Entry',1,0,'2026-02-22 00:08:22','2026-02-22 00:08:22',NULL,'2026-02-22 21:20:06',NULL,'e068a479-ffad-4b8a-a3a7-b31d5689dc58'),
(1239,NULL,NULL,NULL,44,'craft\\elements\\Entry',1,0,'2026-02-22 00:08:32','2026-02-22 21:21:52',NULL,NULL,NULL,'3b963849-12ed-47ce-91f4-dca29ba60dc2'),
(1240,NULL,NULL,NULL,35,'craft\\elements\\Entry',1,0,'2026-02-22 00:08:32','2026-02-22 00:08:32',NULL,NULL,NULL,'7b9e0b45-7665-41a8-895d-74947e44d845'),
(1241,NULL,NULL,NULL,35,'craft\\elements\\Entry',1,0,'2026-02-22 00:08:32','2026-02-22 00:08:32',NULL,NULL,NULL,'1d132513-dd47-41c0-a2b2-28e1c88e2b8b'),
(1242,NULL,NULL,NULL,35,'craft\\elements\\Entry',1,0,'2026-02-22 00:08:32','2026-02-22 00:08:32',NULL,NULL,NULL,'9351e087-e821-435c-a0cc-e381338fceaa'),
(1243,NULL,NULL,NULL,35,'craft\\elements\\Entry',1,0,'2026-02-22 00:08:32','2026-02-22 00:08:32',NULL,NULL,NULL,'fa923030-dbd7-469c-9940-efb519fda519'),
(1244,NULL,NULL,NULL,35,'craft\\elements\\Entry',1,0,'2026-02-22 00:08:32','2026-02-22 00:08:32',NULL,NULL,NULL,'b3397eaa-e79c-496b-86d1-1cd9ef890d29'),
(1245,NULL,NULL,NULL,35,'craft\\elements\\Entry',1,0,'2026-02-22 00:08:32','2026-02-22 00:08:32',NULL,NULL,NULL,'65b89d1a-a058-46dc-8dfc-8c19960b6f51'),
(1246,NULL,NULL,NULL,35,'craft\\elements\\Entry',1,0,'2026-02-22 00:08:32','2026-02-22 00:08:32',NULL,NULL,NULL,'0cd9b723-4578-4479-af2d-24e3b147c12a'),
(1247,NULL,NULL,NULL,35,'craft\\elements\\Entry',1,0,'2026-02-22 00:08:32','2026-02-22 00:08:32',NULL,NULL,NULL,'3609930a-d01c-4d83-8414-3d6aa4758735'),
(1248,1161,NULL,497,47,'craft\\elements\\Entry',1,0,'2026-02-22 00:08:32','2026-02-22 00:08:32',NULL,NULL,NULL,'ad55e364-eca7-4d45-a36c-c09fb8944d25'),
(1249,1239,NULL,498,44,'craft\\elements\\Entry',1,0,'2026-02-22 00:08:32','2026-02-22 00:08:32',NULL,NULL,NULL,'c0555e72-e1a3-4d51-8d44-d08b89704149'),
(1250,1240,NULL,499,35,'craft\\elements\\Entry',1,0,'2026-02-22 00:08:32','2026-02-22 00:08:32',NULL,NULL,NULL,'2831c458-00d7-4afa-88dd-1e4d87017666'),
(1251,1241,NULL,500,35,'craft\\elements\\Entry',1,0,'2026-02-22 00:08:32','2026-02-22 00:08:32',NULL,NULL,NULL,'33eb1505-d109-4f80-adfe-9407c7f7ec94'),
(1252,1242,NULL,501,35,'craft\\elements\\Entry',1,0,'2026-02-22 00:08:32','2026-02-22 00:08:32',NULL,NULL,NULL,'a3bc1b2a-4154-44fb-86f0-a62fa91045a7'),
(1253,1243,NULL,502,35,'craft\\elements\\Entry',1,0,'2026-02-22 00:08:32','2026-02-22 00:08:32',NULL,NULL,NULL,'126db7d7-b26f-4d0d-a386-5286c06065a4'),
(1254,1244,NULL,503,35,'craft\\elements\\Entry',1,0,'2026-02-22 00:08:32','2026-02-22 00:08:32',NULL,NULL,NULL,'3169e3d1-b189-4c2f-a8a6-62cd2d2ebe0d'),
(1255,1245,NULL,504,35,'craft\\elements\\Entry',1,0,'2026-02-22 00:08:32','2026-02-22 00:08:32',NULL,NULL,NULL,'bad91792-4452-4a65-ae84-68f631203005'),
(1256,1246,NULL,505,35,'craft\\elements\\Entry',1,0,'2026-02-22 00:08:32','2026-02-22 00:08:32',NULL,NULL,NULL,'bb9e1eb2-6168-424f-b9d1-11633eb8e721'),
(1257,1247,NULL,506,35,'craft\\elements\\Entry',1,0,'2026-02-22 00:08:32','2026-02-22 00:08:32',NULL,NULL,NULL,'7287f160-5a85-4825-8068-78e21e70b228'),
(1259,1161,NULL,507,47,'craft\\elements\\Entry',1,0,'2026-02-22 00:10:17','2026-02-22 00:10:17',NULL,NULL,NULL,'389b6793-5c53-4d55-9d69-da2817771da6'),
(1261,1161,NULL,508,47,'craft\\elements\\Entry',1,0,'2026-02-22 00:10:31','2026-02-22 00:10:31',NULL,NULL,NULL,'0958ab39-b1c4-430c-990b-255c28ce47c0'),
(1264,1161,NULL,509,47,'craft\\elements\\Entry',1,0,'2026-02-22 00:18:14','2026-02-22 00:18:14',NULL,NULL,NULL,'891354f4-7881-43da-865b-4377c942f856'),
(1265,1216,NULL,510,42,'craft\\elements\\Entry',1,0,'2026-02-22 00:18:14','2026-02-22 00:18:14',NULL,NULL,NULL,'a89b4515-fd36-4710-92ca-646a2597a079'),
(1268,1161,NULL,511,47,'craft\\elements\\Entry',1,0,'2026-02-22 00:22:36','2026-02-22 00:22:36',NULL,NULL,NULL,'0ea1aeb2-db3b-4926-b308-141fdfac2858'),
(1269,1216,NULL,512,42,'craft\\elements\\Entry',1,0,'2026-02-22 00:22:36','2026-02-22 00:22:36',NULL,NULL,NULL,'28c20c2e-b689-4c0b-b885-b8583e631c47'),
(1272,1161,NULL,513,47,'craft\\elements\\Entry',1,0,'2026-02-22 00:28:19','2026-02-22 00:28:19',NULL,NULL,NULL,'16079fb8-14b6-4a0c-968c-6228ed1ae711'),
(1273,1216,NULL,514,42,'craft\\elements\\Entry',1,0,'2026-02-22 00:28:19','2026-02-22 00:28:19',NULL,NULL,NULL,'e5cbedf2-2d74-4f20-96ac-f32a1f7e179a'),
(1276,1161,NULL,515,47,'craft\\elements\\Entry',1,0,'2026-02-22 00:29:01','2026-02-22 00:29:01',NULL,NULL,NULL,'62cf52a0-7c30-47bf-b9ab-9002b46d9523'),
(1277,1216,NULL,516,42,'craft\\elements\\Entry',1,0,'2026-02-22 00:29:01','2026-02-22 00:29:01',NULL,NULL,NULL,'501d8e81-3633-44de-a91c-4605b9166927'),
(1279,1161,NULL,517,47,'craft\\elements\\Entry',1,0,'2026-02-22 00:33:44','2026-02-22 00:33:44',NULL,NULL,NULL,'6b0bea82-2e63-4176-afb7-3d4c3a807a78'),
(1282,117,NULL,518,6,'craft\\elements\\Entry',1,0,'2026-02-22 00:34:17','2026-02-22 00:34:17',NULL,NULL,NULL,'136dc01d-74f5-4bbf-a35f-77b4ede4369d'),
(1283,926,NULL,519,39,'craft\\elements\\Entry',1,0,'2026-02-22 00:34:17','2026-02-22 00:34:17',NULL,NULL,NULL,'978eae42-230a-4d1c-8725-fff015301edb'),
(1285,NULL,506,NULL,3,'craft\\elements\\Entry',1,0,'2026-02-22 00:41:32','2026-02-22 00:41:32',NULL,NULL,NULL,'06104f55-c504-4c4c-9f22-95d282250590'),
(1286,NULL,NULL,NULL,6,'craft\\elements\\Entry',1,0,'2026-02-22 00:42:05','2026-02-22 00:42:18',NULL,NULL,NULL,'fabc92b8-85ca-4d8c-925d-e84e2119fb9c'),
(1287,NULL,508,NULL,4,'craft\\elements\\Entry',1,0,'2026-02-22 00:42:12','2026-02-22 00:42:12',NULL,NULL,NULL,'8fbb677d-e398-4a90-82fc-b660f326228f'),
(1288,1286,NULL,520,6,'craft\\elements\\Entry',1,0,'2026-02-22 00:42:18','2026-02-22 00:42:18',NULL,NULL,NULL,'0760f3fa-ff6f-4eb4-96de-720146608618'),
(1289,NULL,509,NULL,48,'craft\\elements\\Entry',1,0,'2026-02-22 00:43:04','2026-02-22 00:43:04',NULL,NULL,NULL,'694f1756-4e8e-4c64-bb0c-eb13dfbec83d'),
(1292,1161,NULL,521,47,'craft\\elements\\Entry',1,0,'2026-02-22 18:53:48','2026-02-22 18:53:48',NULL,NULL,NULL,'af449684-77bd-4a28-b543-63c5208087da'),
(1293,1216,NULL,522,42,'craft\\elements\\Entry',1,0,'2026-02-22 18:53:48','2026-02-22 18:53:48',NULL,NULL,NULL,'46ddd9e7-c154-4b4c-944e-7896bfb04e6d'),
(1296,1161,NULL,523,47,'craft\\elements\\Entry',1,0,'2026-02-22 20:58:05','2026-02-22 20:58:05',NULL,NULL,NULL,'0488542f-2bbd-4f50-bcdb-72c7cc23a364'),
(1297,1216,NULL,524,42,'craft\\elements\\Entry',1,0,'2026-02-22 20:58:05','2026-02-22 20:58:05',NULL,NULL,NULL,'0fead92a-2495-4975-b971-5768f61ab427'),
(1300,1161,NULL,525,47,'craft\\elements\\Entry',1,0,'2026-02-22 20:59:10','2026-02-22 20:59:10',NULL,NULL,NULL,'caf3ca19-5db1-4688-baf9-3b6f5a326f93'),
(1301,1216,NULL,526,42,'craft\\elements\\Entry',1,0,'2026-02-22 20:59:10','2026-02-22 20:59:10',NULL,NULL,NULL,'5cbdfacf-5225-4590-b679-929a9e32ff5d'),
(1304,1161,NULL,527,47,'craft\\elements\\Entry',1,0,'2026-02-22 21:13:23','2026-02-22 21:13:23',NULL,NULL,NULL,'79828c96-193d-4950-b5a6-353e800baaad'),
(1305,1216,NULL,528,42,'craft\\elements\\Entry',1,0,'2026-02-22 21:13:23','2026-02-22 21:13:23',NULL,NULL,NULL,'173e8121-7d74-4079-9a0d-0d3d900a0cbe'),
(1308,1161,NULL,529,47,'craft\\elements\\Entry',1,0,'2026-02-22 21:15:15','2026-02-22 21:15:15',NULL,NULL,NULL,'7267517b-fe7d-4a07-9601-f9d7f3be140b'),
(1309,1216,NULL,530,42,'craft\\elements\\Entry',1,0,'2026-02-22 21:15:15','2026-02-22 21:15:15',NULL,NULL,NULL,'912b3e09-19c3-4527-82ec-2fb1edf76a5a'),
(1312,1161,NULL,531,47,'craft\\elements\\Entry',1,0,'2026-02-22 21:15:32','2026-02-22 21:15:32',NULL,NULL,NULL,'1ab4e649-1a41-47ab-93f1-2ebdfd87b9a8'),
(1313,1216,NULL,532,42,'craft\\elements\\Entry',1,0,'2026-02-22 21:15:32','2026-02-22 21:15:32',NULL,NULL,NULL,'e0dafac4-ddad-4a7e-bb9a-229a31fe76f2'),
(1316,1161,NULL,533,47,'craft\\elements\\Entry',1,0,'2026-02-22 21:16:12','2026-02-22 21:16:12',NULL,NULL,NULL,'f516f0b4-0932-41c0-92ea-a7077c955bf2'),
(1317,1216,NULL,534,42,'craft\\elements\\Entry',1,0,'2026-02-22 21:16:12','2026-02-22 21:16:12',NULL,NULL,NULL,'05f3686e-918e-483f-b0b0-0838b0fbaa8a'),
(1319,1161,NULL,535,47,'craft\\elements\\Entry',1,0,'2026-02-22 21:18:20','2026-02-22 21:18:20',NULL,NULL,NULL,'2d5949f1-2806-4356-8cca-7b8b56667327'),
(1322,1161,NULL,536,47,'craft\\elements\\Entry',1,0,'2026-02-22 21:20:06','2026-02-22 21:20:06',NULL,NULL,NULL,'4bd1d782-0dd7-491a-b3a4-88d12b5e0f47'),
(1325,NULL,NULL,NULL,8,'craft\\elements\\Entry',1,0,'2026-02-22 21:21:00','2026-02-22 21:21:00',NULL,NULL,NULL,'ecf3b239-fea4-4e02-b196-17b70a7e4be6'),
(1326,1161,NULL,537,47,'craft\\elements\\Entry',1,0,'2026-02-22 21:21:00','2026-02-22 21:21:00',NULL,NULL,NULL,'d394a3e1-de2e-4d06-9e0f-984a47250a5c'),
(1327,1325,NULL,538,8,'craft\\elements\\Entry',1,0,'2026-02-22 21:21:00','2026-02-22 21:21:00',NULL,NULL,NULL,'fce3f5a0-cab3-4fea-aa75-77555028116c'),
(1330,1161,NULL,539,47,'craft\\elements\\Entry',1,0,'2026-02-22 21:21:52','2026-02-22 21:21:52',NULL,NULL,NULL,'d02de22e-593b-4cfe-a455-e5e40e633b16'),
(1331,1239,NULL,540,44,'craft\\elements\\Entry',1,0,'2026-02-22 21:21:52','2026-02-22 21:21:52',NULL,NULL,NULL,'a5a4d1fd-c083-4a49-aae2-a39e13f236cc'),
(1334,NULL,NULL,NULL,42,'craft\\elements\\Entry',1,0,'2026-02-22 21:22:41','2026-02-22 22:00:26',NULL,NULL,NULL,'12c17684-fa20-48e6-9c8a-598243a8b131'),
(1335,1161,NULL,541,47,'craft\\elements\\Entry',1,0,'2026-02-22 21:22:41','2026-02-22 21:22:41',NULL,NULL,NULL,'51d8d221-d8fe-44fd-8634-2f69eac5d15c'),
(1336,1334,NULL,542,42,'craft\\elements\\Entry',1,0,'2026-02-22 21:22:41','2026-02-22 21:22:41',NULL,NULL,NULL,'47bc6c09-f8e5-41b0-a829-c642c35d5d24'),
(1338,1161,NULL,543,47,'craft\\elements\\Entry',1,0,'2026-02-22 21:23:02','2026-02-22 21:23:02',NULL,NULL,NULL,'0a2c1bae-f891-4479-a6c8-3a886803f864'),
(1340,1161,NULL,544,47,'craft\\elements\\Entry',1,0,'2026-02-22 21:23:15','2026-02-22 21:23:16',NULL,NULL,NULL,'59c45d20-2ada-431b-8d54-63d83e9daea6'),
(1344,NULL,NULL,NULL,44,'craft\\elements\\Entry',1,0,'2026-02-22 21:27:46','2026-02-22 21:43:39',NULL,'2026-02-22 21:43:39',NULL,'36cc472e-961f-481b-85cd-8eb4d6ad73fa'),
(1345,NULL,NULL,NULL,35,'craft\\elements\\Entry',1,0,'2026-02-22 21:27:46','2026-02-22 21:43:39',NULL,'2026-02-22 21:43:39',1,'10fbf464-3672-4dad-9237-a82b5766ec70'),
(1346,1161,NULL,545,47,'craft\\elements\\Entry',1,0,'2026-02-22 21:27:46','2026-02-22 21:27:46',NULL,NULL,NULL,'80dd3ba2-9b2e-4858-898d-a7936ccbf2bb'),
(1347,1344,NULL,546,44,'craft\\elements\\Entry',1,0,'2026-02-22 21:27:46','2026-02-22 21:27:46',NULL,'2026-02-22 21:43:39',NULL,'576dd5ab-8eeb-4cd1-aff0-643a5fa7a2f4'),
(1348,1345,NULL,547,35,'craft\\elements\\Entry',1,0,'2026-02-22 21:27:46','2026-02-22 21:27:46',NULL,'2026-02-22 21:43:39',NULL,'7e6a2e7b-d2b7-494b-a6e4-ae2b954ccb09'),
(1349,1161,NULL,548,47,'craft\\elements\\Entry',1,0,'2026-02-22 21:35:40','2026-02-22 21:35:40',NULL,NULL,NULL,'b1a6bfac-600f-4ab9-9c32-4a420f13725b'),
(1351,1161,NULL,549,47,'craft\\elements\\Entry',1,0,'2026-02-22 21:43:39','2026-02-22 21:43:39',NULL,NULL,NULL,'5231eb76-8c35-4dc9-a315-b02e8036f1b3'),
(1354,1161,NULL,550,47,'craft\\elements\\Entry',1,0,'2026-02-22 22:00:26','2026-02-22 22:00:26',NULL,NULL,NULL,'adaf3cdd-3ee8-440b-8b02-733a104f5be2'),
(1355,1334,NULL,551,42,'craft\\elements\\Entry',1,0,'2026-02-22 22:00:26','2026-02-22 22:00:26',NULL,NULL,NULL,'1bfcf630-6525-4c0d-877d-4212a85b4ab7'),
(1358,1161,NULL,552,47,'craft\\elements\\Entry',1,0,'2026-02-22 22:08:59','2026-02-22 22:08:59',NULL,NULL,NULL,'3dc24ed0-ebc1-445a-be65-c671239b40d6'),
(1362,NULL,NULL,NULL,42,'craft\\elements\\Entry',1,0,'2026-02-22 22:10:10','2026-02-22 22:10:10',NULL,NULL,NULL,'cc934202-a82e-4a74-a0be-07b407e82746'),
(1363,1161,NULL,553,47,'craft\\elements\\Entry',1,0,'2026-02-22 22:10:10','2026-02-22 22:10:10',NULL,NULL,NULL,'af119e43-bdc9-4ee2-9cbd-19ca1b438d81'),
(1364,1362,NULL,554,42,'craft\\elements\\Entry',1,0,'2026-02-22 22:10:10','2026-02-22 22:10:10',NULL,NULL,NULL,'10931a01-50a1-4df9-8ad3-1e6e48c3af7d'),
(1367,NULL,NULL,NULL,42,'craft\\elements\\Entry',1,0,'2026-02-22 22:16:09','2026-02-22 22:19:04',NULL,NULL,NULL,'3ac445e4-e3b6-412b-b971-2f2471f36300'),
(1368,912,NULL,555,7,'craft\\elements\\Entry',1,0,'2026-02-22 22:16:09','2026-02-22 22:16:09',NULL,NULL,NULL,'b8c10a7a-cb7e-41f8-b13d-5723820daa47'),
(1369,1367,NULL,556,42,'craft\\elements\\Entry',1,0,'2026-02-22 22:16:09','2026-02-22 22:16:09',NULL,NULL,NULL,'b7c21ebd-ed60-4197-a33a-c19a7c2f7620'),
(1372,NULL,NULL,NULL,42,'craft\\elements\\Entry',1,0,'2026-02-22 22:17:14','2026-02-22 22:17:14',NULL,NULL,NULL,'0b4e4a84-b6bc-4b67-adc7-4623cdc95617'),
(1373,912,NULL,557,7,'craft\\elements\\Entry',1,0,'2026-02-22 22:17:14','2026-02-22 22:17:14',NULL,NULL,NULL,'a7c068a6-0fcb-453a-803c-35759792c372'),
(1374,1372,NULL,558,42,'craft\\elements\\Entry',1,0,'2026-02-22 22:17:14','2026-02-22 22:17:14',NULL,NULL,NULL,'41e37db2-6c84-4401-ad13-3f44f4f91b1e'),
(1385,NULL,NULL,NULL,44,'craft\\elements\\Entry',1,0,'2026-02-22 22:17:43','2026-02-22 22:17:43',NULL,NULL,NULL,'0f147e8a-0501-458d-9fd1-7cbac5374271'),
(1386,NULL,NULL,NULL,35,'craft\\elements\\Entry',1,0,'2026-02-22 22:17:43','2026-02-22 22:17:43',NULL,NULL,NULL,'d71d459c-6e66-4075-9d16-1bef2d1a5114'),
(1387,NULL,NULL,NULL,35,'craft\\elements\\Entry',1,0,'2026-02-22 22:17:43','2026-02-22 22:17:43',NULL,NULL,NULL,'af2147a3-762e-4ef5-ae56-4ac55709010d'),
(1388,NULL,NULL,NULL,35,'craft\\elements\\Entry',1,0,'2026-02-22 22:17:43','2026-02-22 22:17:43',NULL,NULL,NULL,'e7f347c4-3e73-4626-abc6-77906d99ae63'),
(1389,NULL,NULL,NULL,35,'craft\\elements\\Entry',1,0,'2026-02-22 22:17:43','2026-02-22 22:17:43',NULL,NULL,NULL,'ef737805-c04c-453a-a492-b04d19e82753'),
(1390,NULL,NULL,NULL,35,'craft\\elements\\Entry',1,0,'2026-02-22 22:17:43','2026-02-22 22:17:43',NULL,NULL,NULL,'1f2e1f53-6bf3-44fe-9596-7d5fd62ca59e'),
(1391,NULL,NULL,NULL,35,'craft\\elements\\Entry',1,0,'2026-02-22 22:17:43','2026-02-22 22:17:43',NULL,NULL,NULL,'39ba092a-6ec9-45f3-93bf-98113fb51e1c'),
(1392,NULL,NULL,NULL,35,'craft\\elements\\Entry',1,0,'2026-02-22 22:17:43','2026-02-22 22:17:43',NULL,NULL,NULL,'2e40a6b4-e69c-479e-b2e4-e549f9448f73'),
(1393,NULL,NULL,NULL,35,'craft\\elements\\Entry',1,0,'2026-02-22 22:17:43','2026-02-22 22:17:43',NULL,NULL,NULL,'2533f1c9-36d7-40df-b209-4741ed1715dd'),
(1394,912,NULL,559,7,'craft\\elements\\Entry',1,0,'2026-02-22 22:17:43','2026-02-22 22:17:43',NULL,NULL,NULL,'0cd5800f-d5d7-4bb1-9f6b-dcea138d9898'),
(1395,1385,NULL,560,44,'craft\\elements\\Entry',1,0,'2026-02-22 22:17:43','2026-02-22 22:17:43',NULL,NULL,NULL,'b7580654-8d4a-4006-9212-50b99c9d5c2f'),
(1396,1386,NULL,561,35,'craft\\elements\\Entry',1,0,'2026-02-22 22:17:43','2026-02-22 22:17:43',NULL,NULL,NULL,'8f191f17-6fd8-4744-ad30-c3edfed9a81a'),
(1397,1387,NULL,562,35,'craft\\elements\\Entry',1,0,'2026-02-22 22:17:43','2026-02-22 22:17:43',NULL,NULL,NULL,'b761cc7b-b24c-414d-a189-e8abc5df3838'),
(1398,1388,NULL,563,35,'craft\\elements\\Entry',1,0,'2026-02-22 22:17:43','2026-02-22 22:17:43',NULL,NULL,NULL,'d3cd8903-afbe-43da-8c27-b003fcb4cc96'),
(1399,1389,NULL,564,35,'craft\\elements\\Entry',1,0,'2026-02-22 22:17:43','2026-02-22 22:17:43',NULL,NULL,NULL,'8ed16589-1b01-478b-936f-127963bc2d8b'),
(1400,1390,NULL,565,35,'craft\\elements\\Entry',1,0,'2026-02-22 22:17:43','2026-02-22 22:17:43',NULL,NULL,NULL,'1d51352d-3c5c-4899-b06e-8081822ebc6b'),
(1401,1391,NULL,566,35,'craft\\elements\\Entry',1,0,'2026-02-22 22:17:43','2026-02-22 22:17:43',NULL,NULL,NULL,'ea5e77f1-d665-47d8-8c1e-b56b290a3a95'),
(1402,1392,NULL,567,35,'craft\\elements\\Entry',1,0,'2026-02-22 22:17:43','2026-02-22 22:17:43',NULL,NULL,NULL,'33b2fe60-0a83-49c7-9407-c5057dcd2c9c'),
(1403,1393,NULL,568,35,'craft\\elements\\Entry',1,0,'2026-02-22 22:17:43','2026-02-22 22:17:43',NULL,NULL,NULL,'d86b782d-e634-494d-8096-6b00f1c33238'),
(1407,NULL,NULL,NULL,33,'craft\\elements\\Entry',1,0,'2026-02-22 22:19:04','2026-02-22 22:19:04',NULL,NULL,NULL,'c5a5ef61-69dc-4dd5-8cac-7ef3d39d18f3'),
(1408,912,NULL,569,7,'craft\\elements\\Entry',1,0,'2026-02-22 22:19:04','2026-02-22 22:19:04',NULL,NULL,NULL,'53e48e4f-c3d3-4973-9542-d0c76dde8990'),
(1409,1367,NULL,570,42,'craft\\elements\\Entry',1,0,'2026-02-22 22:19:04','2026-02-22 22:19:04',NULL,NULL,NULL,'b15cbe3e-f56f-4829-8d02-56113ff845f0'),
(1410,1407,NULL,571,33,'craft\\elements\\Entry',1,0,'2026-02-22 22:19:04','2026-02-22 22:19:04',NULL,NULL,NULL,'c8f92332-bd57-466e-ab3c-e83bb5db7331'),
(1413,1161,NULL,572,47,'craft\\elements\\Entry',1,0,'2026-02-22 22:28:10','2026-02-22 22:28:10',NULL,NULL,NULL,'eb467f3b-b508-4413-92ba-2aeaebdc9705'),
(1414,1216,NULL,573,42,'craft\\elements\\Entry',1,0,'2026-02-22 22:28:10','2026-02-22 22:28:10',NULL,NULL,NULL,'6b6c1ffd-2afd-499e-a2c7-a38804a37f46'),
(1415,NULL,550,NULL,6,'craft\\elements\\Entry',1,0,'2026-02-24 13:58:47','2026-02-24 13:58:47',NULL,NULL,NULL,'f04d9bed-ccc4-4b04-ab54-621617462a9a'),
(1416,912,NULL,574,7,'craft\\elements\\Entry',1,0,'2026-02-24 14:00:57','2026-02-24 14:00:57',NULL,NULL,NULL,'c5da27da-0a39-4684-96d4-e4dec8ad7b3e'),
(1417,NULL,NULL,NULL,7,'craft\\elements\\Entry',1,0,'2026-02-24 14:02:21','2026-02-24 14:02:21',NULL,NULL,NULL,'c0ace4c5-33ef-4abe-b8d9-f9379b2c5c52'),
(1418,1417,NULL,575,7,'craft\\elements\\Entry',1,0,'2026-02-24 14:02:21','2026-02-24 14:02:21',NULL,NULL,NULL,'0a0e32b7-df70-4f98-8616-53a0d122712b'),
(1419,NULL,551,NULL,6,'craft\\elements\\Entry',1,0,'2026-02-24 14:06:01','2026-02-24 14:06:01',NULL,NULL,NULL,'0d774f2c-9e8b-4625-be7c-238a354543ba'),
(1422,761,554,NULL,32,'craft\\elements\\Entry',1,0,'2026-02-24 14:17:13','2026-02-24 14:17:15',NULL,NULL,NULL,'5e41d0e5-9176-4411-acca-dee8ce7387ec'),
(1423,774,555,NULL,9,'craft\\elements\\Entry',1,0,'2026-02-24 14:31:44','2026-02-24 14:31:45',NULL,NULL,NULL,'3c8c2084-26bc-4ee5-a224-94d8ca43769d'),
(1424,1417,556,NULL,7,'craft\\elements\\Entry',1,0,'2026-02-24 14:39:56','2026-02-24 14:40:16',NULL,NULL,NULL,'8a557a8b-a61d-4fb1-8266-9797a7dd6a80'),
(1425,NULL,557,NULL,8,'craft\\elements\\Entry',1,0,'2026-02-24 14:39:56','2026-02-24 14:40:04',NULL,NULL,NULL,'a1a10a05-313a-44d3-903f-ffb0a140ca2a'),
(1426,NULL,558,NULL,5,'craft\\elements\\Entry',1,0,'2026-02-24 14:40:26','2026-02-24 14:40:26',NULL,NULL,NULL,'bbfb2baf-3055-454b-9f2c-1557ec12be90'),
(1427,NULL,559,NULL,18,'craft\\elements\\Entry',1,0,'2026-02-24 14:41:32','2026-02-24 14:41:32',NULL,NULL,NULL,'efb56455-e9e3-4fe3-8d86-a213527af5d2'),
(1428,143,560,NULL,4,'craft\\elements\\Entry',1,0,'2026-02-24 14:43:36','2026-02-24 14:43:40',NULL,NULL,NULL,'95f417f6-2637-4167-bb59-905d37121e2a'),
(1429,NULL,561,NULL,3,'craft\\elements\\Entry',1,0,'2026-02-24 14:43:36','2026-02-24 14:43:36',NULL,NULL,NULL,'e974f1ca-8097-43b6-ad3a-e55a9d8fc7a8'),
(1432,NULL,NULL,NULL,42,'craft\\elements\\Entry',1,0,'2026-02-24 14:47:57','2026-02-24 14:47:57',NULL,NULL,NULL,'98eece86-d59b-4de8-9af6-c292e9a3ee46'),
(1433,117,NULL,576,6,'craft\\elements\\Entry',1,0,'2026-02-24 14:47:57','2026-02-24 14:47:57',NULL,NULL,NULL,'59ee4360-b6c7-4a11-b337-a6f8ff00f557'),
(1434,926,NULL,577,39,'craft\\elements\\Entry',1,0,'2026-02-24 14:47:57','2026-02-24 14:47:57',NULL,NULL,NULL,'3dbdc60d-ee3b-4514-b5d5-15d37d6c5eee'),
(1435,1432,NULL,578,42,'craft\\elements\\Entry',1,0,'2026-02-24 14:47:57','2026-02-24 14:47:57',NULL,NULL,NULL,'0efd0db5-3f63-4b17-ae11-dab427cc0c27'),
(1438,117,NULL,579,6,'craft\\elements\\Entry',1,0,'2026-02-24 14:48:15','2026-02-24 14:48:15',NULL,NULL,NULL,'9f6c255f-a7ea-422e-9a59-eeb60c2152be'),
(1439,926,NULL,580,39,'craft\\elements\\Entry',1,0,'2026-02-24 14:48:15','2026-02-24 14:48:15',NULL,NULL,NULL,'6a5a5913-e258-4611-bc61-4406fd5bab05'),
(1440,NULL,565,NULL,48,'craft\\elements\\Entry',1,0,'2026-02-24 14:59:43','2026-02-24 14:59:43',NULL,NULL,NULL,'d181ec60-2132-4e05-9c26-e30b64ca35d0');
COMMIT;

--
-- Dumping data for table `elements_bulkops`
--

COMMIT;

--
-- Dumping data for table `elements_owners`
--

INSERT INTO `elements_owners` VALUES
(43,38,1),
(44,38,2),
(61,38,2),
(62,38,3),
(143,38,1),
(144,143,1),
(144,1428,1),
(145,143,2),
(145,1428,2),
(149,318,2),
(149,792,2),
(149,816,2),
(149,820,2),
(149,825,2),
(149,829,2),
(149,833,2),
(181,105,1),
(182,181,1),
(183,181,2),
(185,184,2),
(185,191,1),
(185,193,1),
(185,195,1),
(185,198,1),
(185,205,1),
(185,208,1),
(185,212,1),
(185,215,1),
(185,218,1),
(185,221,1),
(185,224,1),
(185,227,1),
(185,230,1),
(185,232,1),
(186,185,1),
(187,185,2),
(190,105,2),
(192,191,2),
(192,193,2),
(196,195,2),
(199,198,2),
(199,205,2),
(199,208,2),
(199,212,2),
(199,215,2),
(199,218,2),
(199,221,2),
(199,224,2),
(199,227,2),
(199,230,3),
(199,232,2),
(204,105,3),
(206,205,3),
(206,208,3),
(213,212,3),
(216,215,3),
(219,218,3),
(222,221,3),
(225,224,3),
(228,227,3),
(228,230,2),
(228,232,3),
(244,243,1),
(245,243,2),
(246,243,1),
(247,243,2),
(255,38,7),
(258,318,1),
(258,792,1),
(258,816,1),
(258,820,1),
(258,825,1),
(258,829,1),
(258,833,1),
(259,481,2),
(259,486,3),
(259,489,3),
(259,492,3),
(259,495,3),
(259,498,3),
(259,501,3),
(259,504,3),
(259,507,3),
(259,510,3),
(259,513,3),
(259,516,3),
(259,519,3),
(259,522,3),
(259,531,3),
(259,543,3),
(259,583,3),
(259,610,3),
(259,619,3),
(259,637,3),
(259,659,3),
(259,670,3),
(259,678,3),
(259,686,3),
(259,695,3),
(259,704,3),
(259,712,3),
(259,720,3),
(259,728,3),
(259,736,3),
(259,744,3),
(259,751,2),
(259,765,2),
(259,771,3),
(259,775,3),
(259,791,7),
(259,807,7),
(259,815,7),
(259,819,7),
(259,824,7),
(259,828,7),
(259,832,7),
(259,844,7),
(259,851,7),
(259,857,7),
(259,869,7),
(259,879,7),
(259,884,7),
(259,1143,7),
(259,1147,7),
(262,261,1),
(263,261,2),
(267,266,1),
(268,267,1),
(269,268,1),
(274,38,6),
(275,274,1),
(276,274,2),
(277,274,3),
(281,310,2),
(281,880,2),
(282,310,3),
(282,880,3),
(282,885,3),
(287,274,4),
(298,310,1),
(299,310,4),
(299,880,4),
(299,885,4),
(302,274,1),
(305,310,1),
(305,880,1),
(305,885,1),
(308,274,5),
(310,481,4),
(310,486,4),
(310,489,4),
(310,492,4),
(310,495,4),
(310,498,4),
(310,501,4),
(310,504,4),
(310,507,4),
(310,510,4),
(310,513,4),
(310,516,4),
(310,519,4),
(310,522,4),
(310,531,4),
(310,543,4),
(310,583,4),
(310,610,4),
(310,619,4),
(310,637,4),
(310,659,4),
(310,670,4),
(310,678,4),
(310,686,4),
(310,695,4),
(310,704,4),
(310,712,4),
(310,720,4),
(310,728,4),
(310,736,4),
(310,744,4),
(310,751,4),
(310,765,4),
(310,771,5),
(310,775,5),
(310,791,6),
(310,807,6),
(310,815,6),
(310,819,6),
(310,824,6),
(310,828,6),
(310,832,6),
(310,844,6),
(310,851,6),
(310,857,6),
(310,869,6),
(311,310,5),
(311,880,5),
(311,885,5),
(318,481,1),
(318,486,2),
(318,489,2),
(318,492,2),
(318,495,2),
(318,498,2),
(318,501,2),
(318,504,2),
(318,507,2),
(318,510,2),
(318,513,2),
(318,516,2),
(318,519,2),
(318,522,2),
(318,531,2),
(318,543,2),
(318,583,2),
(318,610,2),
(318,619,2),
(318,637,2),
(318,659,2),
(318,670,2),
(318,678,2),
(318,686,2),
(318,695,2),
(318,704,2),
(318,712,2),
(318,720,2),
(318,728,2),
(318,736,2),
(318,744,2),
(318,751,1),
(318,765,1),
(318,771,2),
(318,775,2),
(330,38,9),
(335,481,4),
(335,486,5),
(335,489,5),
(335,492,5),
(335,495,5),
(335,498,5),
(335,501,5),
(335,504,5),
(335,507,5),
(335,510,5),
(335,513,5),
(335,516,5),
(335,519,5),
(335,522,5),
(335,531,5),
(335,543,5),
(335,583,5),
(335,610,5),
(335,619,5),
(335,637,5),
(335,659,5),
(335,670,5),
(335,678,5),
(335,686,5),
(335,695,5),
(335,704,5),
(335,712,5),
(335,720,5),
(335,728,5),
(335,736,5),
(335,744,5),
(335,751,5),
(335,765,5),
(335,771,6),
(335,775,6),
(335,791,9),
(335,807,9),
(335,815,9),
(335,819,9),
(335,824,9),
(335,828,9),
(335,832,9),
(335,844,9),
(335,851,9),
(335,857,9),
(335,869,9),
(335,879,9),
(335,884,9),
(335,1143,9),
(335,1147,9),
(358,38,1),
(359,358,1),
(360,359,1),
(377,358,2),
(378,377,1),
(379,377,2),
(395,359,2),
(408,359,2),
(409,359,4),
(410,359,4),
(411,358,2),
(412,411,1),
(482,481,1),
(483,482,2),
(483,487,2),
(483,490,2),
(483,493,2),
(483,496,2),
(483,499,2),
(483,502,2),
(484,483,1),
(487,486,1),
(490,489,1),
(493,492,1),
(496,495,1),
(499,498,1),
(502,501,1),
(505,504,1),
(508,507,1),
(511,510,1),
(514,513,1),
(517,516,1),
(520,519,1),
(523,522,1),
(529,359,1),
(530,359,4),
(532,531,1),
(533,532,1),
(534,533,1),
(534,545,1),
(535,533,2),
(535,545,2),
(536,533,3),
(536,545,4),
(542,359,3),
(544,543,1),
(545,544,1),
(546,545,3),
(556,555,1),
(567,359,1),
(568,359,2),
(569,359,3),
(570,359,5),
(578,358,1),
(579,578,1),
(580,578,2),
(580,593,2),
(581,578,3),
(581,593,3),
(582,578,4),
(584,583,1),
(585,584,1),
(586,585,1),
(587,585,2),
(588,585,3),
(589,585,4),
(592,593,1),
(593,358,1),
(594,593,4),
(604,38,2),
(605,604,1),
(605,834,1),
(606,605,1),
(607,605,2),
(608,605,3),
(609,605,4),
(611,610,1),
(612,611,1),
(612,620,1),
(613,612,1),
(614,612,2),
(615,612,3),
(616,612,4),
(620,619,1),
(626,605,2),
(632,604,1),
(632,834,1),
(634,632,2),
(635,632,3),
(636,632,4),
(638,637,1),
(639,638,1),
(641,639,2),
(642,639,3),
(643,639,4),
(648,632,2),
(654,604,1),
(654,834,1),
(655,654,1),
(655,835,1),
(656,654,2),
(656,835,2),
(657,654,3),
(657,835,3),
(658,654,4),
(658,835,4),
(660,659,1),
(661,660,1),
(662,661,1),
(662,672,1),
(662,680,1),
(662,688,1),
(663,661,2),
(663,672,2),
(663,680,2),
(664,661,3),
(665,661,4),
(665,672,4),
(665,680,4),
(665,688,4),
(665,697,4),
(665,706,4),
(665,714,4),
(665,722,4),
(665,730,4),
(665,738,4),
(665,746,4),
(665,809,4),
(671,670,1),
(672,671,1),
(673,672,3),
(679,678,1),
(680,679,1),
(681,680,3),
(681,688,3),
(681,697,3),
(687,686,1),
(688,687,1),
(689,688,2),
(696,695,1),
(697,696,1),
(698,697,1),
(698,706,1),
(698,714,1),
(698,722,1),
(698,730,1),
(698,738,1),
(698,746,1),
(698,809,1),
(699,697,2),
(699,706,2),
(699,714,2),
(699,722,2),
(699,730,2),
(699,738,2),
(699,746,2),
(699,809,2),
(705,704,1),
(706,705,1),
(707,706,3),
(713,712,1),
(714,713,1),
(715,714,3),
(721,720,1),
(722,721,1),
(723,722,3),
(729,728,1),
(730,729,1),
(731,730,3),
(737,736,1),
(738,737,1),
(739,738,3),
(745,744,1),
(745,751,3),
(745,765,3),
(745,771,4),
(745,775,4),
(745,791,2),
(746,745,1),
(747,746,3),
(750,38,5),
(752,751,6),
(752,765,6),
(752,771,7),
(752,775,7),
(752,791,5),
(752,807,5),
(752,815,5),
(752,819,5),
(752,824,5),
(752,828,5),
(752,832,5),
(752,844,5),
(752,851,5),
(752,857,5),
(752,869,5),
(752,879,5),
(752,884,5),
(752,1143,5),
(752,1147,5),
(756,755,1),
(761,38,3),
(762,761,1),
(762,1422,1),
(763,761,2),
(763,1422,2),
(764,761,3),
(764,1422,3),
(766,765,7),
(766,771,1),
(766,775,1),
(766,791,3),
(767,766,1),
(768,766,2),
(768,811,2),
(768,1144,2),
(768,1148,2),
(769,766,3),
(769,811,3),
(769,1144,3),
(769,1148,3),
(774,38,4),
(776,775,8),
(776,791,4),
(776,807,4),
(776,815,4),
(776,819,4),
(776,824,4),
(776,828,4),
(776,832,4),
(776,844,4),
(776,851,4),
(776,857,4),
(776,869,4),
(776,879,4),
(776,884,4),
(776,1143,4),
(776,1147,4),
(785,38,8),
(786,785,1),
(787,786,1),
(788,786,2),
(789,786,3),
(790,786,4),
(792,791,1),
(792,807,1),
(793,791,8),
(793,807,8),
(793,815,8),
(793,819,8),
(793,824,8),
(793,828,8),
(793,832,8),
(793,844,8),
(793,851,8),
(793,857,8),
(793,869,8),
(793,879,8),
(793,884,8),
(793,1143,8),
(793,1147,8),
(794,793,1),
(795,794,1),
(796,794,2),
(797,794,3),
(798,794,4),
(806,761,1),
(806,1422,1),
(808,807,2),
(808,815,2),
(808,819,2),
(808,824,2),
(808,828,2),
(808,832,2),
(808,844,2),
(808,851,2),
(808,857,2),
(808,869,2),
(808,879,2),
(808,884,2),
(808,1143,2),
(808,1147,2),
(809,808,1),
(810,809,3),
(811,807,3),
(811,815,3),
(811,819,3),
(811,824,3),
(811,828,3),
(811,832,3),
(811,844,3),
(811,851,3),
(811,857,3),
(811,869,3),
(811,879,3),
(811,884,3),
(812,811,1),
(812,1144,1),
(812,1148,1),
(816,815,1),
(820,819,1),
(825,824,1),
(829,828,1),
(833,832,1),
(833,844,1),
(833,851,1),
(833,857,1),
(833,869,1),
(833,879,1),
(833,884,1),
(833,1143,1),
(833,1147,1),
(834,38,2),
(835,604,1),
(835,834,1),
(836,835,5),
(837,654,3),
(838,837,1),
(843,38,10),
(845,844,10),
(845,851,10),
(845,857,10),
(845,869,10),
(845,879,10),
(845,884,10),
(845,1143,10),
(845,1147,10),
(849,38,11),
(850,849,1),
(852,851,11),
(853,852,1),
(858,857,11),
(859,858,1),
(867,38,11),
(868,867,2),
(870,869,11),
(870,879,11),
(870,884,11),
(870,1143,11),
(870,1147,11),
(871,870,2),
(878,274,1),
(880,879,6),
(881,880,1),
(881,885,1),
(885,884,6),
(885,1143,6),
(885,1147,6),
(886,885,2),
(901,887,1),
(902,887,3),
(903,887,2),
(904,903,1),
(906,905,1),
(906,911,1),
(907,905,2),
(907,911,3),
(908,905,3),
(908,911,2),
(909,908,1),
(920,117,3),
(922,921,3),
(926,117,1),
(928,927,3),
(932,931,3),
(936,935,3),
(940,939,3),
(940,948,1),
(940,966,1),
(940,976,1),
(940,988,1),
(940,997,1),
(940,1003,1),
(940,1015,1),
(940,1024,1),
(940,1029,1),
(940,1033,1),
(940,1039,1),
(940,1044,1),
(940,1048,1),
(940,1052,1),
(940,1058,1),
(940,1063,1),
(940,1084,1),
(940,1096,1),
(945,117,2),
(946,945,1),
(947,946,1),
(949,948,4),
(950,949,1),
(950,967,1),
(950,977,1),
(950,989,1),
(950,998,1),
(951,950,1),
(960,945,2),
(961,960,1),
(962,945,3),
(963,962,1),
(964,945,4),
(965,964,1),
(967,966,4),
(968,967,2),
(968,977,2),
(968,989,2),
(968,998,2),
(969,968,1),
(970,967,3),
(970,977,3),
(970,989,3),
(970,998,3),
(971,970,1),
(972,967,4),
(972,977,4),
(972,989,4),
(972,998,4),
(973,972,1),
(977,976,4),
(984,945,1),
(985,945,2),
(986,945,3),
(987,945,4),
(989,988,4),
(990,989,1),
(991,989,2),
(991,998,2),
(992,989,3),
(992,998,3),
(993,989,4),
(993,998,4),
(998,997,4),
(998,1003,2),
(998,1015,2),
(998,1024,2),
(998,1029,2),
(998,1033,2),
(998,1039,2),
(998,1044,2),
(998,1048,2),
(998,1052,2),
(998,1058,2),
(998,1063,2),
(998,1084,2),
(998,1096,2),
(998,1151,2),
(998,1155,2),
(998,1282,2),
(998,1433,2),
(998,1438,2),
(999,998,1),
(1002,117,3),
(1004,1003,4),
(1011,1002,1),
(1012,1002,2),
(1013,1002,3),
(1014,1002,4),
(1016,1015,4),
(1017,1016,1),
(1018,1016,2),
(1018,1025,2),
(1018,1030,2),
(1018,1034,2),
(1019,1016,3),
(1019,1025,3),
(1019,1030,3),
(1019,1034,3),
(1020,1016,4),
(1020,1025,4),
(1020,1030,4),
(1020,1034,4),
(1025,1024,4),
(1026,1025,1),
(1026,1030,1),
(1026,1034,1),
(1030,1029,4),
(1034,1033,4),
(1034,1039,3),
(1034,1044,3),
(1034,1048,3),
(1034,1052,3),
(1034,1058,3),
(1034,1063,3),
(1034,1084,3),
(1034,1096,3),
(1034,1151,3),
(1034,1155,3),
(1034,1282,3),
(1034,1433,3),
(1034,1438,3),
(1038,117,4),
(1040,1039,4),
(1040,1044,4),
(1040,1048,4),
(1040,1052,4),
(1040,1058,4),
(1040,1063,4),
(1040,1084,4),
(1040,1096,4),
(1040,1151,4),
(1040,1155,4),
(1040,1282,4),
(1040,1433,4),
(1040,1438,4),
(1043,117,6),
(1045,1044,5),
(1049,1048,5),
(1053,1052,5),
(1053,1058,5),
(1053,1063,5),
(1053,1084,5),
(1053,1096,5),
(1053,1151,5),
(1053,1155,5),
(1053,1282,5),
(1053,1433,6),
(1053,1438,6),
(1057,117,7),
(1059,1058,6),
(1059,1063,6),
(1059,1084,6),
(1059,1096,6),
(1059,1151,6),
(1059,1155,6),
(1059,1282,6),
(1059,1433,7),
(1059,1438,7),
(1062,117,7),
(1064,1063,7),
(1075,117,8),
(1076,1075,1),
(1077,1075,2),
(1078,1075,3),
(1079,1075,4),
(1080,1075,5),
(1081,1075,6),
(1082,1075,7),
(1083,1075,8),
(1085,1084,7),
(1086,1085,1),
(1086,1097,1),
(1087,1085,2),
(1087,1097,2),
(1088,1085,3),
(1088,1097,3),
(1089,1085,4),
(1089,1097,4),
(1090,1085,5),
(1090,1097,5),
(1091,1085,6),
(1091,1097,6),
(1092,1085,7),
(1092,1097,7),
(1093,1085,8),
(1093,1097,8),
(1097,1096,7),
(1097,1151,7),
(1097,1155,7),
(1097,1282,7),
(1097,1433,8),
(1097,1438,8),
(1099,1098,1),
(1100,1098,2),
(1101,1098,3),
(1102,1098,4),
(1104,1103,1),
(1105,1103,2),
(1106,1103,3),
(1107,1103,4),
(1109,1108,1),
(1110,1108,2),
(1111,1108,3),
(1112,1108,4),
(1114,1113,1),
(1115,1113,2),
(1116,1113,3),
(1117,1113,4),
(1119,1118,1),
(1120,1118,2),
(1121,1118,3),
(1122,1118,4),
(1124,1123,1),
(1125,1123,2),
(1126,1123,3),
(1127,1123,4),
(1129,1128,1),
(1131,1130,1),
(1133,1132,1),
(1135,1134,1),
(1144,1143,3),
(1148,1147,3),
(1152,1151,1),
(1156,1155,1),
(1165,1161,3),
(1167,1166,1),
(1167,1187,1),
(1167,1208,1),
(1167,1217,1),
(1167,1222,1),
(1167,1227,1),
(1167,1248,1),
(1167,1259,2),
(1167,1261,3),
(1167,1264,3),
(1167,1268,3),
(1167,1272,3),
(1167,1276,3),
(1167,1279,3),
(1167,1292,3),
(1167,1296,3),
(1167,1300,3),
(1167,1304,3),
(1167,1308,3),
(1167,1312,3),
(1167,1316,3),
(1178,1161,2),
(1179,1178,1),
(1180,1178,2),
(1181,1178,3),
(1182,1178,4),
(1183,1178,1),
(1184,1178,2),
(1185,1178,3),
(1186,1178,4),
(1188,1187,2),
(1188,1208,2),
(1188,1217,2),
(1188,1222,2),
(1188,1227,2),
(1188,1248,2),
(1188,1259,3),
(1188,1261,2),
(1188,1264,2),
(1188,1268,2),
(1188,1272,2),
(1188,1276,2),
(1188,1279,2),
(1188,1292,2),
(1188,1296,2),
(1188,1300,2),
(1188,1304,2),
(1188,1308,2),
(1188,1312,2),
(1188,1316,2),
(1189,1188,1),
(1190,1188,2),
(1191,1188,3),
(1192,1188,4),
(1193,1188,1),
(1194,1188,2),
(1195,1188,3),
(1196,1188,4),
(1203,1161,4),
(1204,1203,1),
(1205,1203,2),
(1206,1203,3),
(1207,1203,4),
(1209,1208,3),
(1209,1217,3),
(1209,1222,3),
(1209,1227,3),
(1209,1248,3),
(1209,1259,4),
(1209,1261,4),
(1209,1264,4),
(1209,1268,4),
(1209,1272,4),
(1209,1276,4),
(1209,1279,4),
(1209,1292,4),
(1209,1296,4),
(1209,1300,4),
(1209,1304,4),
(1209,1308,4),
(1209,1312,4),
(1209,1316,4),
(1210,1209,1),
(1211,1209,2),
(1212,1209,3),
(1213,1209,4),
(1216,1161,1),
(1218,1217,4),
(1218,1222,4),
(1218,1227,4),
(1218,1248,4),
(1218,1259,1),
(1218,1261,1),
(1221,1161,5),
(1223,1222,5),
(1223,1227,5),
(1223,1248,5),
(1223,1259,5),
(1223,1261,5),
(1223,1264,5),
(1223,1268,5),
(1223,1272,5),
(1223,1276,5),
(1223,1279,5),
(1223,1292,5),
(1223,1296,5),
(1223,1300,5),
(1223,1304,5),
(1223,1308,5),
(1223,1312,5),
(1223,1316,5),
(1226,1161,6),
(1228,1227,6),
(1228,1248,6),
(1228,1259,6),
(1228,1261,6),
(1228,1264,6),
(1228,1268,6),
(1228,1272,6),
(1228,1276,6),
(1228,1279,6),
(1228,1292,6),
(1228,1296,6),
(1228,1300,6),
(1228,1304,6),
(1228,1308,6),
(1228,1312,6),
(1228,1316,6),
(1228,1319,6),
(1239,1161,5),
(1240,1239,1),
(1241,1239,2),
(1242,1239,3),
(1243,1239,4),
(1244,1239,5),
(1245,1239,6),
(1246,1239,7),
(1247,1239,8),
(1249,1248,7),
(1249,1259,7),
(1249,1261,7),
(1249,1264,7),
(1249,1268,7),
(1249,1272,7),
(1249,1276,7),
(1249,1279,7),
(1249,1292,7),
(1249,1296,7),
(1249,1300,7),
(1249,1304,7),
(1249,1308,7),
(1249,1312,7),
(1249,1316,7),
(1249,1319,7),
(1249,1322,3),
(1249,1326,2),
(1250,1249,1),
(1250,1331,1),
(1251,1249,2),
(1251,1331,2),
(1252,1249,3),
(1252,1331,3),
(1253,1249,4),
(1253,1331,4),
(1254,1249,5),
(1254,1331,5),
(1255,1249,6),
(1255,1331,6),
(1256,1249,7),
(1256,1331,7),
(1257,1249,8),
(1257,1331,8),
(1265,1264,1),
(1269,1268,1),
(1273,1272,1),
(1277,1276,1),
(1277,1279,1),
(1283,1282,1),
(1287,1286,1),
(1293,1292,1),
(1297,1296,1),
(1301,1300,1),
(1305,1304,1),
(1309,1308,1),
(1313,1312,1),
(1317,1316,1),
(1317,1319,1),
(1317,1322,1),
(1317,1326,1),
(1317,1330,1),
(1317,1335,3),
(1317,1338,3),
(1317,1340,1),
(1317,1346,1),
(1317,1349,1),
(1317,1351,1),
(1317,1354,1),
(1317,1358,1),
(1317,1363,1),
(1325,1161,4),
(1327,1326,7),
(1327,1330,2),
(1327,1335,1),
(1327,1338,2),
(1327,1340,3),
(1327,1346,3),
(1327,1349,3),
(1327,1351,3),
(1327,1354,3),
(1327,1358,3),
(1327,1363,4),
(1327,1413,4),
(1331,1330,3),
(1331,1335,4),
(1331,1338,4),
(1331,1340,4),
(1331,1346,4),
(1331,1349,4),
(1331,1351,4),
(1331,1354,4),
(1331,1358,4),
(1331,1363,5),
(1331,1413,5),
(1334,1161,2),
(1336,1335,2),
(1336,1338,1),
(1336,1340,2),
(1336,1346,2),
(1336,1349,2),
(1336,1351,2),
(1344,1161,7),
(1345,1344,1),
(1347,1346,7),
(1347,1349,7),
(1348,1347,1),
(1355,1354,2),
(1355,1358,2),
(1355,1363,2),
(1355,1413,2),
(1362,1161,3),
(1364,1363,3),
(1364,1413,3),
(1367,912,1),
(1369,1368,1),
(1369,1373,1),
(1369,1394,1),
(1372,912,2),
(1374,1373,2),
(1374,1394,2),
(1374,1408,2),
(1374,1416,2),
(1385,912,3),
(1386,1385,1),
(1387,1385,2),
(1388,1385,3),
(1389,1385,4),
(1390,1385,5),
(1391,1385,6),
(1392,1385,7),
(1393,1385,8),
(1395,1394,3),
(1395,1408,3),
(1395,1416,3),
(1396,1395,1),
(1397,1395,2),
(1398,1395,3),
(1399,1395,4),
(1400,1395,5),
(1401,1395,6),
(1402,1395,7),
(1403,1395,8),
(1407,912,4),
(1409,1408,1),
(1409,1416,1),
(1410,1408,4),
(1410,1416,4),
(1414,1413,1),
(1422,38,3),
(1423,38,4),
(1425,1424,1),
(1428,38,1),
(1429,1428,3),
(1432,117,5),
(1434,1433,1),
(1435,1433,5),
(1435,1438,5),
(1439,1438,1);
COMMIT;

--
-- Dumping data for table `elements_sites`
--

INSERT INTO `elements_sites` VALUES
(1,1,1,NULL,NULL,NULL,NULL,1,'2025-11-29 11:54:53','2025-11-29 11:54:53','3c9b1b6c-12d7-4e5e-bc8d-6fbe79642795'),
(2,2,1,'Home',NULL,NULL,'{\"741b290b-1284-44cf-803c-46a7844d69e4\":\"normal\"}',1,'2025-11-29 12:58:28','2025-11-30 12:26:41','e4f0da76-4425-4bfb-adca-096fcabeef60'),
(3,3,1,'About',NULL,NULL,'{\"741b290b-1284-44cf-803c-46a7844d69e4\":\"normal\"}',1,'2025-11-29 12:58:35','2026-02-08 10:05:52','a24873b3-82e5-4c80-bd1c-2286f59cd0d9'),
(4,4,1,'Contact',NULL,NULL,'{\"741b290b-1284-44cf-803c-46a7844d69e4\":\"normal\"}',1,'2025-11-29 12:58:41','2026-02-08 09:04:00','2a7bb385-6547-45e1-9d62-23f1e8394213'),
(5,5,1,'Conditions',NULL,NULL,'{\"741b290b-1284-44cf-803c-46a7844d69e4\":\"normal\"}',1,'2025-11-29 12:58:47','2025-11-30 12:11:53','2b6570de-ffcb-43b0-8a97-ba325aaabdda'),
(6,6,1,'Prices',NULL,NULL,'{\"741b290b-1284-44cf-803c-46a7844d69e4\":\"normal\"}',1,'2025-11-29 12:58:53','2026-02-21 23:03:38','e35efb96-b01e-46e9-8364-f964b0e9b4c7'),
(7,7,1,'Logo',NULL,NULL,NULL,1,'2025-11-30 11:19:43','2025-11-30 11:19:43','5811443a-a447-413c-88ee-65687d07505f'),
(8,8,1,'Book Consultation',NULL,NULL,'{\"741b290b-1284-44cf-803c-46a7844d69e4\":\"cta\"}',1,'2025-11-30 11:23:32','2026-02-24 14:13:17','0991f285-e6d7-4bd1-b83b-bffec03b44bd'),
(11,11,1,'Treatments',NULL,NULL,'{\"741b290b-1284-44cf-803c-46a7844d69e4\":\"normal\"}',1,'2025-11-30 12:04:32','2026-02-21 23:07:43','932e53c3-7285-4d90-aac6-5babc6eb052f'),
(12,12,1,'Acne',NULL,NULL,'{\"741b290b-1284-44cf-803c-46a7844d69e4\":\"normal\"}',1,'2025-11-30 12:08:14','2025-11-30 12:10:12','fa59970b-3218-42a4-ad71-bd8a60315baf'),
(13,13,1,'Acne scarring',NULL,NULL,'{\"741b290b-1284-44cf-803c-46a7844d69e4\":\"normal\"}',1,'2025-11-30 12:08:18','2025-11-30 12:10:10','4cc3a973-9a8c-477d-9dea-28cd19018c27'),
(14,14,1,'Age spots',NULL,NULL,'{\"741b290b-1284-44cf-803c-46a7844d69e4\":\"normal\"}',1,'2025-11-30 12:08:27','2025-11-30 12:10:07','6da0219c-af61-47c0-aeea-41f67ac59df3'),
(15,15,1,'Crepey skin',NULL,NULL,'{\"741b290b-1284-44cf-803c-46a7844d69e4\":\"normal\"}',1,'2025-11-30 12:08:33','2025-11-30 12:10:04','a8c1a741-fcaa-48b8-8e52-1b47f6e96f55'),
(16,16,1,'Dark circles',NULL,NULL,'{\"741b290b-1284-44cf-803c-46a7844d69e4\":\"normal\"}',1,'2025-11-30 12:08:41','2025-11-30 12:10:01','d9ac973f-bb41-4fc8-82c7-5673796ef5b4'),
(17,17,1,'Lines and wrinkles',NULL,NULL,'{\"741b290b-1284-44cf-803c-46a7844d69e4\":\"normal\"}',1,'2025-11-30 12:08:51','2025-11-30 12:09:59','3b36a70f-dd82-4448-94b8-28d7b447ff49'),
(18,18,1,'Upper lip lines',NULL,NULL,'{\"741b290b-1284-44cf-803c-46a7844d69e4\":\"normal\"}',1,'2025-11-30 12:08:54','2025-11-30 12:09:56','6652340d-63c1-4267-9e45-4fb5022a53eb'),
(19,19,1,'Ageing',NULL,NULL,'{\"741b290b-1284-44cf-803c-46a7844d69e4\":\"normal\"}',1,'2025-11-30 12:08:58','2025-11-30 12:09:54','7f8c5998-caea-414c-8a73-1ff6c9de4d30'),
(20,20,1,'Neck lines',NULL,NULL,'{\"741b290b-1284-44cf-803c-46a7844d69e4\":\"normal\"}',1,'2025-11-30 12:09:04','2025-11-30 12:09:23','372d50af-d438-40dd-9667-0a9b7e094187'),
(21,21,1,'Neck lines',NULL,NULL,'{\"741b290b-1284-44cf-803c-46a7844d69e4\":\"normal\"}',1,'2025-11-30 12:09:09','2025-11-30 12:09:19','d5085d77-88a3-48dc-aebf-8f616e0be325'),
(22,22,1,'Anti-wrinkle injections',NULL,NULL,'{\"741b290b-1284-44cf-803c-46a7844d69e4\":\"normal\"}',1,'2025-11-30 12:10:25','2025-11-30 12:12:11','26a224f1-734e-40ff-a715-7d001d4470d8'),
(23,23,1,'Cryotherapy',NULL,NULL,'{\"741b290b-1284-44cf-803c-46a7844d69e4\":\"normal\"}',1,'2025-11-30 12:10:30','2025-11-30 12:12:16','25ca3059-340f-4c1e-8167-7c7d9990fed6'),
(24,24,1,'Dermal filler',NULL,NULL,'{\"741b290b-1284-44cf-803c-46a7844d69e4\":\"normal\"}',1,'2025-11-30 12:10:35','2025-11-30 12:12:19','264aed5b-8d91-46c0-a83e-cb4cebff618c'),
(25,25,1,'Skin Consultations',NULL,NULL,'{\"741b290b-1284-44cf-803c-46a7844d69e4\":\"normal\"}',1,'2025-11-30 12:10:43','2025-11-30 12:12:21','56a9f448-5d98-4cdc-8e15-badeedf620c5'),
(26,26,1,'Polynucleotides',NULL,NULL,'{\"741b290b-1284-44cf-803c-46a7844d69e4\":\"normal\"}',1,'2025-11-30 12:10:48','2025-11-30 12:12:24','da1ee09e-e7dc-4f7b-9c79-881dfcdb4d96'),
(28,28,1,'Skin boosters',NULL,NULL,'{\"741b290b-1284-44cf-803c-46a7844d69e4\":\"normal\"}',1,'2025-11-30 12:11:16','2025-11-30 12:12:26','7938352f-46c7-4e61-88c1-4a08e8ff7917'),
(29,29,1,'Bio-stimulators',NULL,NULL,'{\"741b290b-1284-44cf-803c-46a7844d69e4\":\"normal\"}',1,'2025-11-30 12:11:25','2025-11-30 12:12:28','8520441f-146f-4407-ac14-15ab0425b7d7'),
(30,30,1,'Microneedling',NULL,NULL,'{\"741b290b-1284-44cf-803c-46a7844d69e4\":\"normal\"}',1,'2025-11-30 12:11:30','2025-11-30 12:12:31','b1555f2a-97b2-4bed-907b-9c58bea7427d'),
(31,31,1,'Chemical peels',NULL,NULL,'{\"741b290b-1284-44cf-803c-46a7844d69e4\":\"normal\"}',1,'2025-11-30 12:11:35','2025-11-30 12:12:35','dde85e46-2e3f-4f8b-bec6-b58f635c3376'),
(35,35,1,'Blog',NULL,NULL,'{\"741b290b-1284-44cf-803c-46a7844d69e4\":\"normal\"}',1,'2025-11-30 12:27:29','2025-11-30 12:27:34','365c1df5-1d01-466f-a838-4ec076860b96'),
(36,36,1,'Logob',NULL,NULL,NULL,1,'2025-11-30 14:11:48','2025-11-30 14:11:48','625b31e5-f560-4a89-a8df-3c218fa807d2'),
(37,37,1,'Homepage','__temp_rrcjtpbnoatrthppnvqrdlnvcjxjphzkaalu','__temp_rrcjtpbnoatrthppnvqrdlnvcjxjphzkaalu','{\"306c8a8b-7513-4a3f-82c5-7797d86388ed\":\"normal\"}',1,'2025-11-30 19:26:54','2025-11-30 19:26:58','c803f96e-ec5c-4cf4-ae48-a6f5c7d6759b'),
(38,38,1,'Homepage','homepage','__home__',NULL,1,'2025-11-30 19:27:45','2025-12-02 17:25:51','55484de4-115f-4ed8-b36b-52dae5039b00'),
(43,43,1,'Book Consultation','book-consultation',NULL,'{\"28396760-6b42-4e26-91fe-691bb1d0f638\":\"Book Consultation\",\"34edbdad-80cc-455a-8024-e4ad5cc55f12\":{\"value\":\"#\",\"type\":\"url\"},\"306c8a8b-7513-4a3f-82c5-7797d86388ed\":\"cta\"}',1,'2025-11-30 19:34:01','2025-11-30 20:10:08','839fcd05-434a-4f69-87e6-cd140f56ed0d'),
(44,44,1,'Learn More','learn-more',NULL,'{\"28396760-6b42-4e26-91fe-691bb1d0f638\":\"Learn More\",\"34edbdad-80cc-455a-8024-e4ad5cc55f12\":{\"value\":\"#\",\"type\":\"url\"},\"306c8a8b-7513-4a3f-82c5-7797d86388ed\":\"ctaAlt\"}',1,'2025-11-30 19:34:01','2025-11-30 19:34:01','f8fcb670-6791-404a-902d-6f2f684b8391'),
(48,48,1,'Shutterstock 1956162976 1 2048x1366',NULL,NULL,NULL,1,'2025-11-30 19:44:26','2025-11-30 19:44:26','c643ea22-b547-4c79-8f02-358ecbabd848'),
(61,61,1,'Learn More','learn-more',NULL,'{\"28396760-6b42-4e26-91fe-691bb1d0f638\":\"Learn More\",\"34edbdad-80cc-455a-8024-e4ad5cc55f12\":{\"value\":\"#haha\",\"type\":\"url\"},\"306c8a8b-7513-4a3f-82c5-7797d86388ed\":\"ctaAlt\"}',1,'2025-11-30 20:06:55','2025-11-30 20:09:31','54113b3f-dbd5-4747-95b6-16e5ab781bca'),
(62,62,1,'test','test',NULL,'{\"28396760-6b42-4e26-91fe-691bb1d0f638\":\"test\",\"34edbdad-80cc-455a-8024-e4ad5cc55f12\":{\"value\":\"#haha\",\"type\":\"url\"},\"306c8a8b-7513-4a3f-82c5-7797d86388ed\":\"cta\"}',1,'2025-11-30 20:06:55','2025-11-30 20:06:55','3a96f2df-12d7-4af1-9ee7-9db0f2a2e8c0'),
(81,81,1,'Baton Rouge Office JPG',NULL,NULL,NULL,1,'2025-11-30 20:19:00','2025-11-30 20:19:00','25b3cda5-d5f0-4895-9f62-9962622bdc9a'),
(85,85,1,NULL,'__temp_yanlghiksayuupxycyhbdxrennvbwmbnoeos',NULL,'{\"306c8a8b-7513-4a3f-82c5-7797d86388ed\":\"normal\"}',1,'2025-12-02 14:55:01','2025-12-02 14:55:01','e0413373-f232-4f64-9d05-215920d773e6'),
(86,86,1,NULL,'__temp_elkdoolrlnxpcggzqmknaaovipfxawztgttd',NULL,'{\"306c8a8b-7513-4a3f-82c5-7797d86388ed\":\"normal\"}',1,'2025-12-02 14:55:13','2025-12-02 14:55:13','406198ae-d55d-4c7d-9f64-69715c2936d5'),
(87,87,1,NULL,'__temp_xrdvngqzyacjfoaravastrgfszzrvjfwupoz',NULL,'{\"049cf0d9-d7c3-4388-9e2f-2a63b940021b\":\"normal\",\"bcabfcb9-19e8-44e6-8f09-e37ebd2791d1\":false}',1,'2025-12-02 15:31:53','2025-12-02 15:31:53','9971b99f-ab55-4748-b056-57c028f95208'),
(88,88,1,NULL,'__temp_hsjpxmnwvpuuxslczhyyjwbxzdgxchmotbvh',NULL,'{\"049cf0d9-d7c3-4388-9e2f-2a63b940021b\":\"normal\",\"bcabfcb9-19e8-44e6-8f09-e37ebd2791d1\":false}',1,'2025-12-02 15:33:56','2025-12-02 15:33:56','58934b79-1d01-4831-94d4-033e0cd8eab1'),
(89,89,1,'Prophilo','prophilo',NULL,'{\"26a77c9c-ce78-46e2-acb7-8fd1af9ba2eb\":[90],\"d5803862-14af-411a-83a8-0734f3d68687\":[91],\"bcabfcb9-19e8-44e6-8f09-e37ebd2791d1\":true,\"521ddd96-4b77-4908-ae99-90bb9fa46eda\":[117]}',1,'2025-12-02 15:34:26','2025-12-02 17:03:57','171a1574-2b4d-4f06-acc8-76fd36ce96c1'),
(90,90,1,'Before4',NULL,NULL,NULL,1,'2025-12-02 15:40:05','2025-12-02 15:40:05','7f2c4aa4-9e8c-40f4-a33e-33f0cd5e65e8'),
(91,91,1,'After4',NULL,NULL,NULL,1,'2025-12-02 15:40:14','2025-12-02 15:40:14','5a3035d2-2697-4dcf-858d-c2bc435dc999'),
(92,92,1,'Prophilo','prophilo',NULL,'{\"26a77c9c-ce78-46e2-acb7-8fd1af9ba2eb\":[90],\"d5803862-14af-411a-83a8-0734f3d68687\":[91],\"bcabfcb9-19e8-44e6-8f09-e37ebd2791d1\":false}',1,'2025-12-02 15:40:41','2025-12-02 15:40:41','b000bf5a-1b3a-450d-8af1-89930cde4a09'),
(93,93,1,'Prophilo','prophilo','treatments/prophilo','{\"34edbdad-80cc-455a-8024-e4ad5cc55f12\":{\"value\":\"#\",\"type\":\"url\"},\"28396760-6b42-4e26-91fe-691bb1d0f638\":\"Prophilo\",\"306c8a8b-7513-4a3f-82c5-7797d86388ed\":\"normal\"}',1,'2025-12-02 15:40:51','2025-12-02 15:41:06','ab3a1a3b-1dcf-420a-b5a2-8ae063a7810a'),
(94,94,1,'Prophilo','prophilo','treatments/prophilo','{\"28396760-6b42-4e26-91fe-691bb1d0f638\":\"Prophilo\",\"34edbdad-80cc-455a-8024-e4ad5cc55f12\":{\"value\":\"#\",\"type\":\"url\"},\"306c8a8b-7513-4a3f-82c5-7797d86388ed\":\"normal\"}',1,'2025-12-02 15:41:06','2025-12-02 15:41:06','78b62710-e7d8-4aff-b2ce-60bab7f2b6a7'),
(96,96,1,'Prophilo','prophilo',NULL,'{\"26a77c9c-ce78-46e2-acb7-8fd1af9ba2eb\":[90],\"d5803862-14af-411a-83a8-0734f3d68687\":[91],\"bcabfcb9-19e8-44e6-8f09-e37ebd2791d1\":true,\"521ddd96-4b77-4908-ae99-90bb9fa46eda\":[93]}',1,'2025-12-02 15:41:19','2025-12-02 15:41:19','ce0661a2-0bb8-4f10-8f3a-a31fc150b098'),
(97,97,1,'Micro needling','micro-needling','treatments/micro-needling','{\"34edbdad-80cc-455a-8024-e4ad5cc55f12\":{\"value\":\"#\",\"type\":\"url\"},\"28396760-6b42-4e26-91fe-691bb1d0f638\":\"microneedling\",\"306c8a8b-7513-4a3f-82c5-7797d86388ed\":\"normal\"}',1,'2025-12-02 15:42:01','2025-12-02 15:42:14','3ae599ad-64f0-46a5-8578-c5b08234205d'),
(98,98,1,'Micro needling','micro-needling','treatments/micro-needling','{\"28396760-6b42-4e26-91fe-691bb1d0f638\":\"microneedling\",\"34edbdad-80cc-455a-8024-e4ad5cc55f12\":{\"value\":\"#\",\"type\":\"url\"},\"306c8a8b-7513-4a3f-82c5-7797d86388ed\":\"normal\"}',1,'2025-12-02 15:42:14','2025-12-02 15:42:14','db9b2aab-741e-49b0-a9ce-7bee308002a7'),
(99,99,1,'Micro needling','micro-needling',NULL,'{\"26a77c9c-ce78-46e2-acb7-8fd1af9ba2eb\":[90],\"d5803862-14af-411a-83a8-0734f3d68687\":[91],\"bcabfcb9-19e8-44e6-8f09-e37ebd2791d1\":true,\"521ddd96-4b77-4908-ae99-90bb9fa46eda\":[105]}',1,'2025-12-02 15:42:19','2025-12-02 17:46:07','7b9a8d03-77f0-4bc1-ade2-506c59d32a47'),
(100,100,1,'Micro needling','micro-needling',NULL,'{\"26a77c9c-ce78-46e2-acb7-8fd1af9ba2eb\":[90],\"d5803862-14af-411a-83a8-0734f3d68687\":[91],\"bcabfcb9-19e8-44e6-8f09-e37ebd2791d1\":true,\"521ddd96-4b77-4908-ae99-90bb9fa46eda\":[97]}',1,'2025-12-02 15:42:45','2025-12-02 15:42:45','49a6d380-14ed-4a99-8216-3c175862e798'),
(102,102,1,'Micro needling','micro-needling',NULL,'{\"26a77c9c-ce78-46e2-acb7-8fd1af9ba2eb\":[90],\"d5803862-14af-411a-83a8-0734f3d68687\":[91],\"bcabfcb9-19e8-44e6-8f09-e37ebd2791d1\":true,\"521ddd96-4b77-4908-ae99-90bb9fa46eda\":[97,93]}',1,'2025-12-02 15:43:24','2025-12-02 15:43:24','55a583a9-77c1-4071-af03-46328a5d5464'),
(103,103,1,NULL,'__temp_eczucndpelmcbofcgkaqlkysjduvmhzsrxbz','treatments/__temp_eczucndpelmcbofcgkaqlkysjduvmhzsrxbz','{\"bcabfcb9-19e8-44e6-8f09-e37ebd2791d1\":false}',1,'2025-12-02 16:12:22','2025-12-02 16:12:22','27d68e0a-d9dc-437f-9b31-fbb86ec65852'),
(104,104,1,NULL,'__temp_whrcowofhfpshwbvvypmifonhqhbyqujjlxp','treatments/__temp_whrcowofhfpshwbvvypmifonhqhbyqujjlxp','{\"bcabfcb9-19e8-44e6-8f09-e37ebd2791d1\":false}',1,'2025-12-02 16:12:31','2025-12-02 16:12:31','5943efe3-ab01-4087-83b2-42a4a2d88f85'),
(105,105,1,'Test treatment','test-treatment','treatments/test-treatment','{\"15c485a1-c1dd-465e-93b2-21f693927c55\":[48]}',1,'2025-12-02 16:15:38','2025-12-02 21:01:57','1d3b9edb-4cd3-44f2-a94e-c77b8b30f0f5'),
(106,106,1,'Test treatment','test-treatment','treatments/test-treatment',NULL,1,'2025-12-02 16:15:48','2025-12-02 16:15:48','b65635e7-4e5b-4459-b33f-e247b5bee579'),
(108,108,1,'Prophilo','prophilo',NULL,'{\"26a77c9c-ce78-46e2-acb7-8fd1af9ba2eb\":[90],\"d5803862-14af-411a-83a8-0734f3d68687\":[91],\"bcabfcb9-19e8-44e6-8f09-e37ebd2791d1\":true,\"521ddd96-4b77-4908-ae99-90bb9fa46eda\":[93,105]}',1,'2025-12-02 16:15:56','2025-12-02 16:15:56','a84fc8d6-3700-4e85-be09-16992c89adae'),
(110,110,1,'Micro needling','micro-needling',NULL,'{\"26a77c9c-ce78-46e2-acb7-8fd1af9ba2eb\":[90],\"d5803862-14af-411a-83a8-0734f3d68687\":[91],\"bcabfcb9-19e8-44e6-8f09-e37ebd2791d1\":true,\"521ddd96-4b77-4908-ae99-90bb9fa46eda\":[97,93,105]}',1,'2025-12-02 16:16:03','2025-12-02 16:16:03','2a494987-fab6-4f19-be83-d6dd7b50d4a7'),
(111,111,1,NULL,'__temp_sxwwgvyssycqewavwtgzcosmxdczanztinac',NULL,'{\"bcabfcb9-19e8-44e6-8f09-e37ebd2791d1\":false}',1,'2025-12-02 16:16:32','2025-12-02 16:16:32','33c2a795-c908-42f9-8073-00c12ea85486'),
(112,112,1,'test1','test1',NULL,'{\"26a77c9c-ce78-46e2-acb7-8fd1af9ba2eb\":[757],\"d5803862-14af-411a-83a8-0734f3d68687\":[91],\"bcabfcb9-19e8-44e6-8f09-e37ebd2791d1\":true}',1,'2025-12-02 16:26:08','2025-12-15 09:01:44','0ee28033-7d68-4a70-a355-84c7bf2db7b1'),
(113,113,1,'test1','test1',NULL,'{\"bcabfcb9-19e8-44e6-8f09-e37ebd2791d1\":false}',1,'2025-12-02 16:26:11','2025-12-02 16:26:11','89a03564-1303-4f50-8c52-79eead9d9a30'),
(115,115,1,'test1','test1',NULL,'{\"bcabfcb9-19e8-44e6-8f09-e37ebd2791d1\":false,\"521ddd96-4b77-4908-ae99-90bb9fa46eda\":[105]}',1,'2025-12-02 16:26:28','2025-12-02 16:26:28','9300ad94-0ddb-4a33-85f1-88b3711efe93'),
(116,116,1,'Micro needling','micro-needling',NULL,'{\"26a77c9c-ce78-46e2-acb7-8fd1af9ba2eb\":[90],\"d5803862-14af-411a-83a8-0734f3d68687\":[91],\"bcabfcb9-19e8-44e6-8f09-e37ebd2791d1\":true,\"521ddd96-4b77-4908-ae99-90bb9fa46eda\":[105]}',1,'2025-12-02 16:28:15','2025-12-02 16:28:15','b1ebc82b-5b58-4832-ba9a-0c4f9c6bd555'),
(117,117,1,'Treatment 2','treatment-2','treatments/treatment-2','{\"15c485a1-c1dd-465e-93b2-21f693927c55\":[81]}',1,'2025-12-02 16:47:00','2026-02-08 10:19:31','e4358cb3-8282-4177-9dac-46b6cf757fd1'),
(118,118,1,'treatment 2','treatment-2','treatments/treatment-2',NULL,1,'2025-12-02 16:47:05','2025-12-02 16:47:05','b5a3856c-804b-406c-9217-c05dda16ee7a'),
(120,120,1,'Prophilo','prophilo',NULL,'{\"26a77c9c-ce78-46e2-acb7-8fd1af9ba2eb\":[90],\"d5803862-14af-411a-83a8-0734f3d68687\":[91],\"bcabfcb9-19e8-44e6-8f09-e37ebd2791d1\":true,\"521ddd96-4b77-4908-ae99-90bb9fa46eda\":[117]}',1,'2025-12-02 16:47:19','2025-12-02 16:47:19','fcc8db7a-8956-400c-8d97-c7f173fc7bc3'),
(122,122,1,'Test treatment','test-treatment','treatments/test-treatment','{\"e29b7cc1-1c1e-414d-93ca-11ce7716b219\":[112,99]}',1,'2025-12-02 16:48:06','2025-12-02 16:48:06','b22798e9-7c41-4bfd-9952-c253b69fe765'),
(124,124,1,'test1','test1',NULL,'{\"26a77c9c-ce78-46e2-acb7-8fd1af9ba2eb\":[90],\"d5803862-14af-411a-83a8-0734f3d68687\":[91],\"bcabfcb9-19e8-44e6-8f09-e37ebd2791d1\":true,\"521ddd96-4b77-4908-ae99-90bb9fa46eda\":[105]}',1,'2025-12-02 16:48:40','2025-12-02 16:48:40','3e21bf7c-56f9-4a25-a90e-4ecde7cf6169'),
(125,125,1,'Micro needling','micro-needling',NULL,'{\"26a77c9c-ce78-46e2-acb7-8fd1af9ba2eb\":[90],\"d5803862-14af-411a-83a8-0734f3d68687\":[91],\"bcabfcb9-19e8-44e6-8f09-e37ebd2791d1\":true,\"521ddd96-4b77-4908-ae99-90bb9fa46eda\":[105]}',1,'2025-12-02 16:48:44','2025-12-02 16:48:44','32d68fd1-e1af-480b-b5b6-25fe84999b6b'),
(127,127,1,'Prophilo','prophilo',NULL,'{\"26a77c9c-ce78-46e2-acb7-8fd1af9ba2eb\":[90],\"d5803862-14af-411a-83a8-0734f3d68687\":[91],\"bcabfcb9-19e8-44e6-8f09-e37ebd2791d1\":false,\"521ddd96-4b77-4908-ae99-90bb9fa46eda\":[117]}',1,'2025-12-02 16:48:50','2025-12-02 16:48:50','5c457146-ca82-4fbd-89ab-e9bcf272ec51'),
(129,129,1,'Prophilo','prophilo',NULL,'{\"26a77c9c-ce78-46e2-acb7-8fd1af9ba2eb\":[90],\"d5803862-14af-411a-83a8-0734f3d68687\":[91],\"bcabfcb9-19e8-44e6-8f09-e37ebd2791d1\":true,\"521ddd96-4b77-4908-ae99-90bb9fa46eda\":[117]}',1,'2025-12-02 17:03:57','2025-12-02 17:03:57','90bc1d62-abbc-44ea-804f-cc008c20d1cc'),
(132,132,1,'treatment 2','treatment-2','treatments/treatment-2','{\"e29b7cc1-1c1e-414d-93ca-11ce7716b219\":[89]}',1,'2025-12-02 17:18:14','2025-12-02 17:18:14','388c40d0-b0a9-455b-a3ad-4f5a0958a903'),
(134,134,1,'Micro needling','micro-needling',NULL,'{\"26a77c9c-ce78-46e2-acb7-8fd1af9ba2eb\":[90],\"d5803862-14af-411a-83a8-0734f3d68687\":[91],\"bcabfcb9-19e8-44e6-8f09-e37ebd2791d1\":false,\"521ddd96-4b77-4908-ae99-90bb9fa46eda\":[105]}',1,'2025-12-02 17:18:36','2025-12-02 17:18:36','a392bada-031c-4350-acbd-168400ef7592'),
(136,136,1,'Micro needling','micro-needling',NULL,'{\"26a77c9c-ce78-46e2-acb7-8fd1af9ba2eb\":[90],\"d5803862-14af-411a-83a8-0734f3d68687\":[91],\"bcabfcb9-19e8-44e6-8f09-e37ebd2791d1\":true,\"521ddd96-4b77-4908-ae99-90bb9fa46eda\":[105]}',1,'2025-12-02 17:18:46','2025-12-02 17:18:46','99fc4849-a024-4807-9c87-12dc615b395b'),
(142,142,1,NULL,'__temp_hdwjyrjzbnxddwavchizopzypbxursrlvbcs',NULL,'{\"bcabfcb9-19e8-44e6-8f09-e37ebd2791d1\":false}',1,'2025-12-02 17:25:48','2025-12-02 17:25:48','8460b438-a32c-4410-875e-964ab58021e2'),
(143,143,1,'Reveal Your Natural Beauty','homepage',NULL,'{\"12def3da-8ca1-48fa-891d-c3798b3b46e9\":\"Reveal Your 2\",\"5dfd8cfe-1390-4f09-9378-3016c101b1dc\":\"Natural Beauty\",\"17d6bc9c-9563-4fc4-8b98-b7dc3fb68dd4\":\"Doctor-Led Aesthetic Medicine\",\"cf5f75f8-8ee4-4a97-b726-1bef5dd1e817\":\"Expert medical aesthetics, face, and skin treatments. Precision artistry for results that look authentically you.\",\"cec5ecd1-20c2-44f9-b9ce-018d169101d7\":[312,821],\"238ce99e-fad8-4e55-b39c-58e5e5704123\":\"right\"}',1,'2025-12-02 17:25:51','2025-12-08 10:15:37','3a200008-3875-4a76-9ead-9e614cc2434f'),
(144,144,1,'Book Consultation','book-consultation',NULL,'{\"28396760-6b42-4e26-91fe-691bb1d0f638\":\"Book Consultation\",\"34edbdad-80cc-455a-8024-e4ad5cc55f12\":{\"value\":\"#\",\"type\":\"url\"},\"306c8a8b-7513-4a3f-82c5-7797d86388ed\":\"cta\"}',1,'2025-12-02 17:25:51','2025-12-02 21:31:23','5eca9a82-2cae-4a29-97f8-8651e569af97'),
(145,145,1,'Learn More','learn-more',NULL,'{\"28396760-6b42-4e26-91fe-691bb1d0f638\":\"Learn More\",\"34edbdad-80cc-455a-8024-e4ad5cc55f12\":{\"value\":\"#\",\"type\":\"url\"},\"306c8a8b-7513-4a3f-82c5-7797d86388ed\":\"ctaAlt\"}',1,'2025-12-02 17:25:51','2025-12-02 17:25:51','8e717004-9e65-4753-b671-a58f03df515d'),
(149,149,1,'Learn More','learn-more',NULL,'{\"28396760-6b42-4e26-91fe-691bb1d0f638\":\"Learn More\",\"34edbdad-80cc-455a-8024-e4ad5cc55f12\":{\"value\":\"#\",\"type\":\"url\"},\"306c8a8b-7513-4a3f-82c5-7797d86388ed\":\"ctaAlt\"}',1,'2025-12-02 17:25:51','2025-12-02 17:25:51','e084403a-099e-4904-9e08-d7f3829cc0cc'),
(161,161,1,'Micro needling','micro-needling',NULL,'{\"26a77c9c-ce78-46e2-acb7-8fd1af9ba2eb\":[90],\"d5803862-14af-411a-83a8-0734f3d68687\":[91],\"bcabfcb9-19e8-44e6-8f09-e37ebd2791d1\":false,\"521ddd96-4b77-4908-ae99-90bb9fa46eda\":[105]}',1,'2025-12-02 17:45:53','2025-12-02 17:45:53','6d1396df-fa33-4cd8-9d71-1d28450b1997'),
(163,163,1,'Micro needling','micro-needling',NULL,'{\"26a77c9c-ce78-46e2-acb7-8fd1af9ba2eb\":[90],\"d5803862-14af-411a-83a8-0734f3d68687\":[91],\"bcabfcb9-19e8-44e6-8f09-e37ebd2791d1\":true,\"521ddd96-4b77-4908-ae99-90bb9fa46eda\":[105]}',1,'2025-12-02 17:46:07','2025-12-02 17:46:07','edb73a2d-5a63-4227-8d42-b823954d4afb'),
(177,177,1,NULL,'__temp_hkaqolstjxgnhufvswrrydueovxzylzlajls',NULL,'{\"bcabfcb9-19e8-44e6-8f09-e37ebd2791d1\":false}',1,'2025-12-02 19:05:16','2025-12-02 19:05:16','d878c1ad-f3cf-41d4-8192-a60ca0fd415c'),
(181,181,1,'test','test',NULL,'{\"12def3da-8ca1-48fa-891d-c3798b3b46e9\":\"test1\",\"5dfd8cfe-1390-4f09-9378-3016c101b1dc\":\"test2\",\"17d6bc9c-9563-4fc4-8b98-b7dc3fb68dd4\":\"test 3\",\"cf5f75f8-8ee4-4a97-b726-1bef5dd1e817\":\"test 4\",\"cec5ecd1-20c2-44f9-b9ce-018d169101d7\":[48],\"238ce99e-fad8-4e55-b39c-58e5e5704123\":\"right\"}',1,'2025-12-02 19:06:16','2025-12-02 19:06:16','f9ad0c52-bea9-4595-b43f-7945ffa367fb'),
(182,182,1,'testtt1','testtt1',NULL,'{\"28396760-6b42-4e26-91fe-691bb1d0f638\":\"asasdas\",\"34edbdad-80cc-455a-8024-e4ad5cc55f12\":{\"value\":\"#\",\"type\":\"url\"},\"306c8a8b-7513-4a3f-82c5-7797d86388ed\":\"cta\"}',1,'2025-12-02 19:06:16','2025-12-02 19:06:16','0d7bc712-a2c4-4adc-860b-32cbef7a7a37'),
(183,183,1,'test123123','test123123',NULL,'{\"28396760-6b42-4e26-91fe-691bb1d0f638\":\"test123123\",\"34edbdad-80cc-455a-8024-e4ad5cc55f12\":{\"value\":\"https://11233312\",\"type\":\"url\"},\"306c8a8b-7513-4a3f-82c5-7797d86388ed\":\"ctaAlt\"}',1,'2025-12-02 19:06:16','2025-12-02 19:06:16','62fc7594-4558-4eae-86cb-7139d400460c'),
(184,184,1,'Test treatment','test-treatment','treatments/test-treatment','{\"e29b7cc1-1c1e-414d-93ca-11ce7716b219\":[112,99]}',1,'2025-12-02 19:06:16','2025-12-02 19:06:16','b2bc0a49-936f-4336-a58a-947125ccd032'),
(185,185,1,'test','test',NULL,'{\"12def3da-8ca1-48fa-891d-c3798b3b46e9\":\"test1\",\"5dfd8cfe-1390-4f09-9378-3016c101b1dc\":\"test2\",\"17d6bc9c-9563-4fc4-8b98-b7dc3fb68dd4\":\"test 3\",\"cf5f75f8-8ee4-4a97-b726-1bef5dd1e817\":\"test 4\",\"cec5ecd1-20c2-44f9-b9ce-018d169101d7\":[48],\"238ce99e-fad8-4e55-b39c-58e5e5704123\":\"right\"}',1,'2025-12-02 19:06:16','2025-12-02 19:06:16','b6034eb7-c859-430f-9bbe-a1164054cf3a'),
(186,186,1,'testtt1','testtt1',NULL,'{\"28396760-6b42-4e26-91fe-691bb1d0f638\":\"asasdas\",\"34edbdad-80cc-455a-8024-e4ad5cc55f12\":{\"value\":\"#\",\"type\":\"url\"},\"306c8a8b-7513-4a3f-82c5-7797d86388ed\":\"cta\"}',1,'2025-12-02 19:06:16','2025-12-02 19:06:16','bc403c81-63f0-4e95-a958-53b2877f9569'),
(187,187,1,'test123123','test123123',NULL,'{\"28396760-6b42-4e26-91fe-691bb1d0f638\":\"test123123\",\"34edbdad-80cc-455a-8024-e4ad5cc55f12\":{\"value\":\"https://11233312\",\"type\":\"url\"},\"306c8a8b-7513-4a3f-82c5-7797d86388ed\":\"ctaAlt\"}',1,'2025-12-02 19:06:16','2025-12-02 19:06:16','e32c665e-90b1-488a-9b20-d3d7c670031d'),
(190,190,1,'Featured transformation','featured-transformation',NULL,'{\"b711d73c-2e12-484e-aa49-7fbd53b17a66\":\"Transformations 2\",\"f6773126-ca9b-4379-9aa4-35fdc0de9bbd\":\"Real Results 2\",\"d5be8f8e-04d2-4f39-bd44-54d27923b9d5\":\"Swipe to reveal the transformation. See the remarkable results our patients have achieved.  2\",\"49644737-b16a-4ec0-9507-72c7d47013c5\":[89,112,99]}',1,'2025-12-02 19:32:49','2025-12-02 20:01:57','6b5dafc0-4174-4b88-af81-53cc67112e98'),
(191,191,1,'Test treatment','test-treatment','treatments/test-treatment','{\"e29b7cc1-1c1e-414d-93ca-11ce7716b219\":[112,99]}',1,'2025-12-02 19:32:49','2025-12-02 19:32:49','dec01666-2908-4a2d-8bdd-c3da4b7a58c1'),
(192,192,1,'Featured transformation','featured-transformation',NULL,'{\"49644737-b16a-4ec0-9507-72c7d47013c5\":[112,99,89]}',1,'2025-12-02 19:32:49','2025-12-02 19:32:49','353820ee-878d-4974-a872-27c5fd2fca80'),
(193,193,1,'Test treatment','test-treatment','treatments/test-treatment',NULL,1,'2025-12-02 19:34:09','2025-12-02 19:34:09','b01ef016-2554-49db-80b1-d695555e4a89'),
(195,195,1,'Test treatment','test-treatment','treatments/test-treatment',NULL,1,'2025-12-02 19:52:54','2025-12-02 19:52:54','454cb995-e6d7-4dcc-b898-65ca4aa0ea73'),
(196,196,1,'Featured transformation','featured-transformation',NULL,'{\"49644737-b16a-4ec0-9507-72c7d47013c5\":[89,112,99]}',1,'2025-12-02 19:52:54','2025-12-02 19:52:54','d78dae6f-de7a-4c70-a328-cac71177e2b6'),
(198,198,1,'Test treatment','test-treatment','treatments/test-treatment',NULL,1,'2025-12-02 20:01:58','2025-12-02 20:01:58','a7ad2c54-eb44-4d29-a874-6f37f72dd825'),
(199,199,1,'Featured transformation','featured-transformation',NULL,'{\"b711d73c-2e12-484e-aa49-7fbd53b17a66\":\"Transformations 2\",\"f6773126-ca9b-4379-9aa4-35fdc0de9bbd\":\"Real Results 2\",\"d5be8f8e-04d2-4f39-bd44-54d27923b9d5\":\"Swipe to reveal the transformation. See the remarkable results our patients have achieved.  2\",\"49644737-b16a-4ec0-9507-72c7d47013c5\":[89,112,99]}',1,'2025-12-02 20:01:58','2025-12-02 20:01:58','c0c83a86-3b64-445f-8b55-5d7dc0b7e913'),
(204,204,1,'What can a treatment do today?','what-can-a-treatment-do-today',NULL,'{\"e2ce4804-fbe9-43d5-8161-304ca9bcd25d\":2,\"3b3a78d0-f320-4edb-8883-3e52ec1f93af\":\"Explore Our Services\",\"11aa40c7-103c-4706-ace9-3f450871c29f\":\"What can a treatment do today?\",\"de66f1b4-ca80-4ff2-a88f-8249af4521c1\":\"test1\",\"16daf059-c7fd-4b72-a424-158e791ae13c\":\"limited\",\"d401ee3a-400c-47c1-b52e-7ca24db6b7f3\":[117]}',1,'2025-12-02 20:31:56','2025-12-02 21:08:36','40c52552-5979-4452-86d0-81596a080dcc'),
(205,205,1,'Test treatment','test-treatment','treatments/test-treatment',NULL,1,'2025-12-02 20:31:56','2025-12-02 20:31:56','323eb0f9-3898-4c78-9035-31646a0ea82c'),
(206,206,1,'What can a treatment do today?','what-can-a-treatment-do-today',NULL,'{\"3b3a78d0-f320-4edb-8883-3e52ec1f93af\":\"Explore Our Services\",\"11aa40c7-103c-4706-ace9-3f450871c29f\":\"What can a treatment do today?\",\"de66f1b4-ca80-4ff2-a88f-8249af4521c1\":\"test1\",\"16daf059-c7fd-4b72-a424-158e791ae13c\":\"all\"}',1,'2025-12-02 20:31:56','2025-12-02 20:31:56','536a13c0-0426-4f7d-86b5-fbc4053fe31a'),
(208,208,1,'Test treatment','test-treatment','treatments/test-treatment','{\"15c485a1-c1dd-465e-93b2-21f693927c55\":[48]}',1,'2025-12-02 21:01:57','2025-12-02 21:01:57','988ab2b1-0685-488c-9bd7-5283d3bb7919'),
(210,210,1,'treatment 2','treatment-2','treatments/treatment-2','{\"15c485a1-c1dd-465e-93b2-21f693927c55\":[81]}',1,'2025-12-02 21:02:05','2025-12-02 21:02:05','efc5115d-6bed-4a4f-8d13-e7279f6ac99a'),
(212,212,1,'Test treatment','test-treatment','treatments/test-treatment','{\"15c485a1-c1dd-465e-93b2-21f693927c55\":[48]}',1,'2025-12-02 21:05:04','2025-12-02 21:05:04','f001eb49-985d-4502-8b52-96749463435c'),
(213,213,1,'What can a treatment do today?','what-can-a-treatment-do-today',NULL,'{\"3b3a78d0-f320-4edb-8883-3e52ec1f93af\":\"Explore Our Services\",\"11aa40c7-103c-4706-ace9-3f450871c29f\":\"What can a treatment do today?\",\"de66f1b4-ca80-4ff2-a88f-8249af4521c1\":\"test1\",\"16daf059-c7fd-4b72-a424-158e791ae13c\":\"all\",\"e2ce4804-fbe9-43d5-8161-304ca9bcd25d\":1}',1,'2025-12-02 21:05:04','2025-12-02 21:05:04','8aa92da5-0cd5-4ee2-a690-c4a6ae2395e7'),
(215,215,1,'Test treatment','test-treatment','treatments/test-treatment','{\"15c485a1-c1dd-465e-93b2-21f693927c55\":[48]}',1,'2025-12-02 21:05:38','2025-12-02 21:05:38','494e3c52-e0c2-48dd-bf23-ee273c575e13'),
(216,216,1,'What can a treatment do today?','what-can-a-treatment-do-today',NULL,'{\"3b3a78d0-f320-4edb-8883-3e52ec1f93af\":\"Explore Our Services\",\"11aa40c7-103c-4706-ace9-3f450871c29f\":\"What can a treatment do today?\",\"de66f1b4-ca80-4ff2-a88f-8249af4521c1\":\"test1\",\"16daf059-c7fd-4b72-a424-158e791ae13c\":\"limited\",\"e2ce4804-fbe9-43d5-8161-304ca9bcd25d\":1}',1,'2025-12-02 21:05:38','2025-12-02 21:05:38','ab3e421d-5aed-437b-816b-c9a4df0ce567'),
(218,218,1,'Test treatment','test-treatment','treatments/test-treatment','{\"15c485a1-c1dd-465e-93b2-21f693927c55\":[48]}',1,'2025-12-02 21:06:16','2025-12-02 21:06:16','37912eec-6de1-4ead-91b8-fb81a8ed7c84'),
(219,219,1,'What can a treatment do today?','what-can-a-treatment-do-today',NULL,'{\"3b3a78d0-f320-4edb-8883-3e52ec1f93af\":\"Explore Our Services\",\"11aa40c7-103c-4706-ace9-3f450871c29f\":\"What can a treatment do today?\",\"de66f1b4-ca80-4ff2-a88f-8249af4521c1\":\"test1\",\"16daf059-c7fd-4b72-a424-158e791ae13c\":\"selected\",\"e2ce4804-fbe9-43d5-8161-304ca9bcd25d\":1}',1,'2025-12-02 21:06:16','2025-12-02 21:06:16','a52a2811-2ca4-4ed8-827d-a17599e1e0b6'),
(221,221,1,'Test treatment','test-treatment','treatments/test-treatment','{\"15c485a1-c1dd-465e-93b2-21f693927c55\":[48]}',1,'2025-12-02 21:08:02','2025-12-02 21:08:02','9936b19b-9797-4759-884f-010a45cb10bb'),
(222,222,1,'What can a treatment do today?','what-can-a-treatment-do-today',NULL,'{\"3b3a78d0-f320-4edb-8883-3e52ec1f93af\":\"Explore Our Services\",\"11aa40c7-103c-4706-ace9-3f450871c29f\":\"What can a treatment do today?\",\"de66f1b4-ca80-4ff2-a88f-8249af4521c1\":\"test1\",\"16daf059-c7fd-4b72-a424-158e791ae13c\":\"limited\",\"e2ce4804-fbe9-43d5-8161-304ca9bcd25d\":1}',1,'2025-12-02 21:08:02','2025-12-02 21:08:02','2b8ff343-f095-428c-86fe-36a688859cce'),
(224,224,1,'Test treatment','test-treatment','treatments/test-treatment','{\"15c485a1-c1dd-465e-93b2-21f693927c55\":[48]}',1,'2025-12-02 21:08:18','2025-12-02 21:08:18','39f154f4-a65e-4fd1-93a3-fdb829c05090'),
(225,225,1,'What can a treatment do today?','what-can-a-treatment-do-today',NULL,'{\"3b3a78d0-f320-4edb-8883-3e52ec1f93af\":\"Explore Our Services\",\"11aa40c7-103c-4706-ace9-3f450871c29f\":\"What can a treatment do today?\",\"de66f1b4-ca80-4ff2-a88f-8249af4521c1\":\"test1\",\"16daf059-c7fd-4b72-a424-158e791ae13c\":\"limited\",\"e2ce4804-fbe9-43d5-8161-304ca9bcd25d\":1,\"d401ee3a-400c-47c1-b52e-7ca24db6b7f3\":[117]}',1,'2025-12-02 21:08:18','2025-12-02 21:08:18','ea60a971-cdca-4790-a652-96c20aad2489'),
(227,227,1,'Test treatment','test-treatment','treatments/test-treatment','{\"15c485a1-c1dd-465e-93b2-21f693927c55\":[48]}',1,'2025-12-02 21:08:37','2025-12-02 21:08:37','283968bb-2c9c-491b-8ef1-896842569147'),
(228,228,1,'What can a treatment do today?','what-can-a-treatment-do-today',NULL,'{\"3b3a78d0-f320-4edb-8883-3e52ec1f93af\":\"Explore Our Services\",\"11aa40c7-103c-4706-ace9-3f450871c29f\":\"What can a treatment do today?\",\"de66f1b4-ca80-4ff2-a88f-8249af4521c1\":\"test1\",\"16daf059-c7fd-4b72-a424-158e791ae13c\":\"limited\",\"e2ce4804-fbe9-43d5-8161-304ca9bcd25d\":2,\"d401ee3a-400c-47c1-b52e-7ca24db6b7f3\":[117]}',1,'2025-12-02 21:08:37','2025-12-02 21:08:37','754e93ae-1197-4f28-b4da-f5e0fa15d123'),
(230,230,1,'Test treatment','test-treatment','treatments/test-treatment','{\"15c485a1-c1dd-465e-93b2-21f693927c55\":[48]}',1,'2025-12-02 21:09:02','2025-12-02 21:09:02','659ba08b-0758-412b-845c-1b36fd6ccfdd'),
(232,232,1,'Test treatment','test-treatment','treatments/test-treatment','{\"15c485a1-c1dd-465e-93b2-21f693927c55\":[48]}',1,'2025-12-02 21:09:19','2025-12-02 21:09:19','6e03bb29-7b5c-441e-866c-e3d7e25c22ab'),
(235,235,1,'About Us 2',NULL,NULL,NULL,1,'2025-12-02 21:42:11','2025-12-02 22:25:41','7827cb92-f5d5-4396-ab1d-6f0d68723c1e'),
(236,236,1,'Treatments',NULL,NULL,NULL,1,'2025-12-02 21:42:21','2025-12-02 21:42:38','eb5af7f6-0cb5-4d05-8bfb-a5b22d48164b'),
(237,237,1,'Prices',NULL,NULL,NULL,1,'2025-12-02 21:42:36','2025-12-02 21:42:38','339d390c-0610-4e4a-a124-a219ffaec5fb'),
(238,238,1,'Contact',NULL,NULL,NULL,1,'2025-12-02 21:42:46','2025-12-02 21:42:51','8b019242-97bf-44e6-b05f-fbe549cc4e80'),
(239,239,1,'Botox & Dysport 2',NULL,NULL,NULL,1,'2025-12-02 21:43:52','2025-12-02 22:25:52','27013424-789d-48a3-9285-d77b46e84a22'),
(240,240,1,'Dermal Fillers',NULL,NULL,NULL,1,'2025-12-02 21:44:07','2025-12-02 21:57:40','7985b941-1225-47ac-b7f2-921722d5dfe4'),
(241,241,1,'Lip Enhancement',NULL,NULL,NULL,1,'2025-12-02 21:44:15','2025-12-02 21:57:40','96dbd43f-26b8-4932-88a4-8870c19a2f0f'),
(242,242,1,'Facial Contouring',NULL,NULL,NULL,1,'2025-12-02 21:44:23','2025-12-02 21:57:40','ca2f3551-9dd7-42d2-9f06-68b560406625'),
(243,243,1,NULL,NULL,NULL,'{\"2d269704-a7ab-430b-8fb7-4f5ecf43619e\":[36],\"44163978-09b5-41d9-aeca-b7f4d159c399\":\"Enhancing natural beauty through expert medical aesthetics and personalized care. 2\",\"ad69a4ab-be0f-40af-9893-7061bb208954\":\"07834 258 596 2\",\"2ee1436c-9bfd-4b8b-85d5-08ac782d324c\":\"Email Us 2\",\"15ee367f-1e67-4016-853e-efc16011c1ec\":\"224 Town Lane, Bebington,\\nWirral, CH63 8LG 2\",\"12fa2947-f2ff-44bd-b309-abed952bde15\":{\"value\":\"#googlelink\",\"type\":\"url\"},\"c49634d8-fde6-459c-bd26-9cb8d58aad59\":\"© 2025 Dr Rachel. All rights reserved. 2\"}',1,'2025-12-02 22:04:25','2025-12-02 22:27:30','9de4ed3a-2d75-4453-9ea0-4250a74f481f'),
(244,244,1,'Privacy Policy 2','privacy-policy',NULL,'{\"28396760-6b42-4e26-91fe-691bb1d0f638\":\"Privacy Policy 2\",\"34edbdad-80cc-455a-8024-e4ad5cc55f12\":{\"value\":\"#\",\"type\":\"url\"},\"306c8a8b-7513-4a3f-82c5-7797d86388ed\":\"normal\"}',1,'2025-12-02 22:09:04','2025-12-02 22:26:26','e20abc50-ee17-4fae-8405-545df3a57b9b'),
(245,245,1,'Terms of Service 2','terms-of-service',NULL,'{\"28396760-6b42-4e26-91fe-691bb1d0f638\":\"Terms of Service 2\",\"34edbdad-80cc-455a-8024-e4ad5cc55f12\":{\"value\":\"#\",\"type\":\"url\"},\"306c8a8b-7513-4a3f-82c5-7797d86388ed\":\"normal\"}',1,'2025-12-02 22:09:19','2025-12-02 22:26:30','749e2299-d120-4b02-8b03-517587b138d1'),
(246,246,1,'Facebook','facebook',NULL,'{\"4c5c639e-d111-4970-819b-5bcf7873db6f\":{\"value\":\"#\",\"type\":\"url\"},\"2c8d3384-fdaf-45a9-8e0e-73f881e9509a\":\"facebook\"}',1,'2025-12-02 22:10:27','2025-12-02 22:10:43','1d04a19d-0f90-4bc6-9932-9c96d66aa827'),
(247,247,1,'Instagram','instagram',NULL,'{\"4c5c639e-d111-4970-819b-5bcf7873db6f\":{\"value\":\"#\",\"type\":\"url\"},\"2c8d3384-fdaf-45a9-8e0e-73f881e9509a\":\"instagram\"}',1,'2025-12-02 22:10:44','2025-12-02 22:11:01','431fdf61-377f-4463-a5e6-1f1f9b90cbbd'),
(250,250,1,'First Blog Post','first-blog-post','blog/first-blog-post','{\"966e4d54-8540-4d35-be11-59c9ca1f49b0\":\"<p>asdasdsddsadasdsads saadsdas dasdasads dasdsasda saddsaasd sdaasdsa saddsasad sdasdaasd assdadsa</p>\",\"83e6b444-62be-401e-aadc-b5db0004e217\":[48]}',1,'2025-12-03 07:52:32','2025-12-03 07:52:56','18a59d52-d53d-4e7d-82a7-ccbb1d99da7d'),
(251,251,1,'First Blog Post','first-blog-post','blog/first-blog-post','{\"966e4d54-8540-4d35-be11-59c9ca1f49b0\":\"<p>asdasdsddsadasdsads saadsdas dasdasads dasdsasda saddsaasd sdaasdsa saddsasad sdasdaasd assdadsa</p>\",\"83e6b444-62be-401e-aadc-b5db0004e217\":[48]}',1,'2025-12-03 07:52:56','2025-12-03 07:52:56','91c3f520-f84d-4ed2-930e-b4681f6cbf4f'),
(252,252,1,'Second Blog Post','second-blog-post','blog/second-blog-post','{\"966e4d54-8540-4d35-be11-59c9ca1f49b0\":\"<p>Lorem ipsum dolor sit amet </p>\",\"83e6b444-62be-401e-aadc-b5db0004e217\":[81]}',1,'2025-12-03 07:54:02','2025-12-03 07:54:17','d71bb3e9-b840-44f8-9ed8-ee5ae802cdf1'),
(253,253,1,'Second Blog Post','second-blog-post','blog/second-blog-post','{\"966e4d54-8540-4d35-be11-59c9ca1f49b0\":\"<p>Lorem ipsum dolor sit amet </p>\",\"83e6b444-62be-401e-aadc-b5db0004e217\":[81]}',1,'2025-12-03 07:54:20','2025-12-03 07:54:20','0525b212-0fa1-4e26-9b2a-ce93fd8b5c64'),
(255,255,1,'Blog Posts','blog-posts',NULL,'{\"33ee3a3d-d49b-4235-989e-7b6f0c31f998\":\"Latest from our blog\",\"6fcbabcf-457e-47c2-873c-dc1bab02fd18\":\"Blog Posts\",\"7a8d453a-db94-47f8-8c2b-ebf52865b100\":\"Sample description (optional)\",\"01b1237d-1cd3-4827-875c-d66daeca276e\":\"all\"}',1,'2025-12-03 08:56:07','2025-12-03 08:56:07','8390d3fc-2b2c-484e-a6d0-ddbb6a6ae6c2'),
(258,258,1,'Book Consultation','book-consultation',NULL,'{\"28396760-6b42-4e26-91fe-691bb1d0f638\":\"Book Consultation\",\"34edbdad-80cc-455a-8024-e4ad5cc55f12\":{\"value\":\"#\",\"type\":\"url\"},\"306c8a8b-7513-4a3f-82c5-7797d86388ed\":\"cta\"}',1,'2025-12-03 08:56:07','2025-12-03 08:56:07','e2102b00-77be-412f-8318-fd8a9f516bc2'),
(259,259,1,'Blog Posts','blog-posts',NULL,'{\"33ee3a3d-d49b-4235-989e-7b6f0c31f998\":\"Latest from our blog\",\"6fcbabcf-457e-47c2-873c-dc1bab02fd18\":\"Blog Posts\",\"7a8d453a-db94-47f8-8c2b-ebf52865b100\":\"Sample description (optional)\",\"01b1237d-1cd3-4827-875c-d66daeca276e\":\"all\"}',1,'2025-12-03 08:56:07','2025-12-03 08:56:07','f2167c6f-0715-4c67-ac0b-a9f6d6595611'),
(261,261,1,'How It Works','how-it-works',NULL,'{\"6868dccf-8cf0-4c95-83cf-43d34443cdbc\":\"From consultation to results, we make every step seamless and stress-free\",\"4911f493-aeb6-4573-a3c1-3dc0b0940146\":\"How It Works\"}',1,'2025-12-03 17:04:20','2025-12-03 17:06:43','160a4206-c1ef-4742-a9e5-f1cc779ed01f'),
(262,262,1,'Initial Consultation','initial-consultation',NULL,NULL,1,'2025-12-03 17:06:52','2025-12-03 17:07:02','89eaf0c0-94ca-42f4-bac1-4d7456f4a189'),
(263,263,1,NULL,'__temp_nlxkifxxvdscxbvhkfivzgovzenkympksrvj',NULL,NULL,1,'2025-12-03 17:09:02','2025-12-03 17:09:02','e70f47f1-49bf-44d9-a2cd-09c1caf320c6'),
(266,266,1,NULL,'__temp_ebcppsbiyglengkcqvmwvqrpbknpuinmoefq',NULL,NULL,1,'2025-12-03 17:10:11','2025-12-03 17:10:36','d98e6e5b-0ffb-47f1-b911-6e8c7a028ff5'),
(267,267,1,NULL,'__temp_sgqlrzasvrximzgmuktrhatbqlnuhdtshbjo',NULL,NULL,1,'2025-12-03 17:10:13','2025-12-03 17:10:31','482d14b0-2779-4abf-8789-5fcbc6149d63'),
(268,268,1,NULL,'__temp_jnrqdrasmyjjjzxwupapczmjcnkmbyhtggzl',NULL,NULL,1,'2025-12-03 17:10:21','2025-12-03 17:10:25','43955071-4d69-4d24-9d3e-90bd2599e501'),
(269,269,1,NULL,'__temp_dmcoepfpkxjgfvksiedvpnyakfdbftooscuf',NULL,NULL,1,'2025-12-03 17:10:23','2025-12-03 17:10:23','3aa4d8c0-0d6f-45c3-9743-5e3ad17ad57f'),
(274,274,1,'How It Works','how-it-works',NULL,'{\"4911f493-aeb6-4573-a3c1-3dc0b0940146\":\"How It Works\",\"6868dccf-8cf0-4c95-83cf-43d34443cdbc\":\"From consultation to results, we make every step seamless and stress-free\"}',1,'2025-12-03 17:13:37','2025-12-03 17:13:37','bb1ee66e-916e-4774-ba5c-10e981c38274'),
(275,275,1,'Initial Consultation','initial-consultation',NULL,'{\"e7689c08-7dfa-49a7-bd36-805fe89ac1e3\":\"Initial Consultation\",\"a3a4499b-38c4-49c1-93eb-05cf9d0e9152\":\"Lorem Ipsum is simply dummy text of the printing and typesetting industry. Lorem Ipsum has been the industry\'s standard dummy text ever since the 1500s, when an unknown printer took a galley of type and scrambled it to make a type specimen book. It has survived not only five centuries, but also the leap into electronic typesetting, remaining essentially unchanged.\",\"6c588796-bb27-4fdf-9590-a50a0e275ca7\":true,\"b57c8db9-03d0-4026-889f-6d3160affed8\":\"test\",\"209bfbdc-be9c-4933-96f5-5c10d80de891\":{\"value\":\"#\",\"type\":\"url\"}}',1,'2025-12-03 17:13:37','2025-12-03 19:05:19','643e884a-31f7-45bd-8c24-faa7256bec91'),
(276,276,1,'Personalised Treatment Plan 2','personalised-treatment-plan',NULL,'{\"e7689c08-7dfa-49a7-bd36-805fe89ac1e3\":\"Personalised Treatment Plan 2\",\"a3a4499b-38c4-49c1-93eb-05cf9d0e9152\":\"Lorem Ipsum is simply dummy text of the printing and typesetting industry. Lorem Ipsum has been the industry\'s standard dummy text ever since the 1500s, when an unknown printer took a galley of type and scrambled it to make a type specimen book. It has survived not only five centuries, but also the leap into electronic typesetting, remaining essentially unchanged. 2\",\"6c588796-bb27-4fdf-9590-a50a0e275ca7\":false}',1,'2025-12-03 17:13:37','2026-02-05 08:00:00','3ced76dc-7c24-4d51-a917-8c9d4c250bdc'),
(277,277,1,'Treatment & Aftercare','treatment-aftercare',NULL,'{\"e7689c08-7dfa-49a7-bd36-805fe89ac1e3\":\"Treatment & Aftercare\",\"a3a4499b-38c4-49c1-93eb-05cf9d0e9152\":\"Lorem Ipsum is simply dummy text of the printing and typesetting industry. Lorem Ipsum has been the industry\'s standard dummy text ever since the 1500s, when an unknown printer took a galley of type and scrambled it to make a type specimen book. It has survived not only five centuries, but also the leap into electronic typesetting, remaining essentially unchanged.\",\"6c588796-bb27-4fdf-9590-a50a0e275ca7\":false}',1,'2025-12-03 17:13:37','2025-12-03 17:13:37','4d7a2561-9dc5-4dd0-8fb1-7ac391c12a39'),
(281,281,1,'Personalised Treatment Plan','personalised-treatment-plan',NULL,'{\"e7689c08-7dfa-49a7-bd36-805fe89ac1e3\":\"Personalised Treatment Plan\",\"a3a4499b-38c4-49c1-93eb-05cf9d0e9152\":\"Lorem Ipsum is simply dummy text of the printing and typesetting industry. Lorem Ipsum has been the industry\'s standard dummy text ever since the 1500s, when an unknown printer took a galley of type and scrambled it to make a type specimen book. It has survived not only five centuries, but also the leap into electronic typesetting, remaining essentially unchanged.\",\"6c588796-bb27-4fdf-9590-a50a0e275ca7\":false}',1,'2025-12-03 17:13:37','2025-12-03 17:13:37','7005044f-8d64-42f0-af95-491af20786b5'),
(282,282,1,'Treatment & Aftercare','treatment-aftercare',NULL,'{\"e7689c08-7dfa-49a7-bd36-805fe89ac1e3\":\"Treatment & Aftercare\",\"a3a4499b-38c4-49c1-93eb-05cf9d0e9152\":\"Lorem Ipsum is simply dummy text of the printing and typesetting industry. Lorem Ipsum has been the industry\'s standard dummy text ever since the 1500s, when an unknown printer took a galley of type and scrambled it to make a type specimen book. It has survived not only five centuries, but also the leap into electronic typesetting, remaining essentially unchanged.\",\"6c588796-bb27-4fdf-9590-a50a0e275ca7\":false}',1,'2025-12-03 17:13:37','2025-12-03 17:13:37','b474ccdb-3582-40e2-bdab-8f1846685974'),
(287,287,1,'Section Four','section-four',NULL,'{\"e7689c08-7dfa-49a7-bd36-805fe89ac1e3\":\"Section Four\",\"a3a4499b-38c4-49c1-93eb-05cf9d0e9152\":\"Lorem Ipsum is simply dummy text of the printing and typesetting industry. Lorem Ipsum has been the industry\'s standard dummy text ever since the 1500s, when an unknown printer took a galley of type and scrambled it to make a type specimen book. It has survived not only five centuries, but also the leap into electronic typesetting, remaining essentially unchanged.\",\"6c588796-bb27-4fdf-9590-a50a0e275ca7\":true,\"b57c8db9-03d0-4026-889f-6d3160affed8\":\"Book Consultation\",\"209bfbdc-be9c-4933-96f5-5c10d80de891\":{\"value\":\"#\",\"type\":\"url\"}}',1,'2025-12-03 18:18:09','2025-12-03 18:27:27','c93472a3-eb01-426b-82df-685aecbc8747'),
(298,298,1,'Initial Consultation','initial-consultation',NULL,'{\"e7689c08-7dfa-49a7-bd36-805fe89ac1e3\":\"Initial Consultation\",\"a3a4499b-38c4-49c1-93eb-05cf9d0e9152\":\"Lorem Ipsum is simply dummy text of the printing and typesetting industry. Lorem Ipsum has been the industry\'s standard dummy text ever since the 1500s, when an unknown printer took a galley of type and scrambled it to make a type specimen book. It has survived not only five centuries, but also the leap into electronic typesetting, remaining essentially unchanged.\",\"6c588796-bb27-4fdf-9590-a50a0e275ca7\":true,\"b57c8db9-03d0-4026-889f-6d3160affed8\":\"test\",\"209bfbdc-be9c-4933-96f5-5c10d80de891\":{\"value\":\"#\",\"type\":\"url\"}}',1,'2025-12-03 19:05:20','2025-12-03 19:05:20','382782bb-9340-43ef-af06-67a5d76e9c34'),
(299,299,1,'Section Four','section-four',NULL,'{\"e7689c08-7dfa-49a7-bd36-805fe89ac1e3\":\"Section Four\",\"a3a4499b-38c4-49c1-93eb-05cf9d0e9152\":\"Lorem Ipsum is simply dummy text of the printing and typesetting industry. Lorem Ipsum has been the industry\'s standard dummy text ever since the 1500s, when an unknown printer took a galley of type and scrambled it to make a type specimen book. It has survived not only five centuries, but also the leap into electronic typesetting, remaining essentially unchanged.\",\"6c588796-bb27-4fdf-9590-a50a0e275ca7\":true,\"b57c8db9-03d0-4026-889f-6d3160affed8\":\"Book Consultation\",\"209bfbdc-be9c-4933-96f5-5c10d80de891\":{\"value\":\"#\",\"type\":\"url\"}}',1,'2025-12-03 19:05:20','2025-12-03 19:05:20','7650b94e-a04d-48d9-a121-a59c4a6a1f02'),
(302,302,1,'Book Consultation Works','book-consultation-works',NULL,'{\"28396760-6b42-4e26-91fe-691bb1d0f638\":\"Book Consultation Works\",\"34edbdad-80cc-455a-8024-e4ad5cc55f12\":{\"value\":\"#\",\"type\":\"url\"},\"306c8a8b-7513-4a3f-82c5-7797d86388ed\":\"cta\"}',1,'2025-12-03 19:14:29','2025-12-03 19:14:29','c1f95ce0-235f-4b76-b46b-96025e1010ee'),
(305,305,1,'Book Consultation Works','book-consultation-works',NULL,'{\"28396760-6b42-4e26-91fe-691bb1d0f638\":\"Book Consultation Works\",\"34edbdad-80cc-455a-8024-e4ad5cc55f12\":{\"value\":\"#\",\"type\":\"url\"},\"306c8a8b-7513-4a3f-82c5-7797d86388ed\":\"cta\"}',1,'2025-12-03 19:14:30','2025-12-03 19:14:30','758233a6-2126-44ea-9f7b-f6cec450336e'),
(308,308,1,'Section five','section-five',NULL,'{\"e7689c08-7dfa-49a7-bd36-805fe89ac1e3\":\"Section five\",\"6c588796-bb27-4fdf-9590-a50a0e275ca7\":false}',1,'2025-12-03 19:16:27','2025-12-03 19:16:27','eb8f6e76-fbbe-4dca-9aa1-84dfda8580c0'),
(310,310,1,'How It Works','how-it-works',NULL,'{\"4911f493-aeb6-4573-a3c1-3dc0b0940146\":\"How It Works\",\"6868dccf-8cf0-4c95-83cf-43d34443cdbc\":\"From consultation to results, we make every step seamless and stress-free\"}',1,'2025-12-03 19:16:28','2025-12-03 19:16:28','42dce1b5-e64b-4036-94a2-e65f8aadeb8e'),
(311,311,1,'Section five','section-five',NULL,'{\"e7689c08-7dfa-49a7-bd36-805fe89ac1e3\":\"Section five\",\"6c588796-bb27-4fdf-9590-a50a0e275ca7\":false}',1,'2025-12-03 19:16:28','2025-12-03 19:16:28','aa22af80-9dc0-4cea-8687-606d97416229'),
(312,312,1,'Drrach home banner',NULL,NULL,NULL,1,'2025-12-04 08:44:27','2025-12-04 08:44:27','5752a6ce-1b17-4e8c-96ba-a4e8ffacf782'),
(318,318,1,'Hero Section','homepage',NULL,'{\"12def3da-8ca1-48fa-891d-c3798b3b46e9\":\"Reveal Your 2\",\"5dfd8cfe-1390-4f09-9378-3016c101b1dc\":\"Natural Beauty\",\"17d6bc9c-9563-4fc4-8b98-b7dc3fb68dd4\":\"Doctor-Led Aesthetic Medicine\",\"cf5f75f8-8ee4-4a97-b726-1bef5dd1e817\":\"Expert medical aesthetics, face, and skin treatments. Precision artistry for results that look authentically you.\",\"cec5ecd1-20c2-44f9-b9ce-018d169101d7\":[48],\"238ce99e-fad8-4e55-b39c-58e5e5704123\":\"right\"}',1,'2025-12-04 08:58:21','2025-12-04 08:58:21','b9ede1bd-e6cf-48f5-a9d2-676a45e7a3a7'),
(319,319,1,'Emily Johnson','emily-johnson',NULL,'{\"90b06f70-ec9f-49d9-b838-cef50698ec38\":[320],\"67df7d0c-ae22-4046-8a69-b0f66abff507\":\"\\\"Professional, caring, and incredibly skilled. My lips look amazing - exactly what I hoped for.\\\"\",\"fc67ba9e-5144-49e5-9c18-5fea452bce42\":\"Lip Enhancement\",\"16de76fd-a825-41df-9b9d-8fe41ce48ada\":\"Emily Johnson\"}',1,'2025-12-04 17:55:44','2025-12-04 17:56:51','d30137eb-a364-40c7-8b89-b7a8f817a7e7'),
(320,320,1,'Ellipse 9',NULL,NULL,NULL,1,'2025-12-04 17:56:44','2025-12-04 17:56:44','20aae905-a04e-40cc-8086-364713af1246'),
(321,321,1,'Emily Johnson','emily-johnson',NULL,'{\"16de76fd-a825-41df-9b9d-8fe41ce48ada\":\"Emily Johnson\",\"fc67ba9e-5144-49e5-9c18-5fea452bce42\":\"Lip Enhancement\",\"67df7d0c-ae22-4046-8a69-b0f66abff507\":\"\\\"Professional, caring, and incredibly skilled. My lips look amazing - exactly what I hoped for.\\\"\",\"90b06f70-ec9f-49d9-b838-cef50698ec38\":[320]}',1,'2025-12-04 17:56:51','2025-12-04 17:56:51','0290ca5a-0ed4-47ac-aaf6-0c360ed8b240'),
(322,322,1,'Jessica Williams','jessica-williams',NULL,'{\"90b06f70-ec9f-49d9-b838-cef50698ec38\":[320],\"67df7d0c-ae22-4046-8a69-b0f66abff507\":\"\\\"I was nervous at first, but the team made me feel so at ease. The results are subtle but transformative.\\\"\",\"fc67ba9e-5144-49e5-9c18-5fea452bce42\":\"Facial Rejuvenation\",\"16de76fd-a825-41df-9b9d-8fe41ce48ada\":\"Jessica Williams\"}',1,'2025-12-04 17:56:55','2025-12-04 17:57:32','e56b0547-1a5d-4cd7-a5ff-91db5e05c8a0'),
(323,323,1,'Jessica Williams','jessica-williams',NULL,'{\"16de76fd-a825-41df-9b9d-8fe41ce48ada\":\"Jessica Williams\",\"fc67ba9e-5144-49e5-9c18-5fea452bce42\":\"Facial Rejuvenation\",\"67df7d0c-ae22-4046-8a69-b0f66abff507\":\"\\\"I was nervous at first, but the team made me feel so at ease. The results are subtle but transformative.\\\"\",\"90b06f70-ec9f-49d9-b838-cef50698ec38\":[320]}',1,'2025-12-04 17:57:32','2025-12-04 17:57:32','598f25f6-e444-4501-b39a-2af3c2403640'),
(324,324,1,'Amanda Brown','amanda-brown',NULL,'{\"90b06f70-ec9f-49d9-b838-cef50698ec38\":[320],\"67df7d0c-ae22-4046-8a69-b0f66abff507\":\"\\\"Five years younger without looking \'done\' - exactly what I wanted. The personalized approach makes all the difference.\\\"\",\"fc67ba9e-5144-49e5-9c18-5fea452bce42\":\"Anti-Aging Package\",\"16de76fd-a825-41df-9b9d-8fe41ce48ada\":\"Amanda Brown\"}',1,'2025-12-04 17:57:32','2025-12-04 17:57:55','6888915a-85bb-4ee9-8e0e-a3e38e8b6fe6'),
(325,325,1,'Amanda Brown','amanda-brown',NULL,'{\"16de76fd-a825-41df-9b9d-8fe41ce48ada\":\"Amanda Brown\",\"fc67ba9e-5144-49e5-9c18-5fea452bce42\":\"Anti-Aging Package\",\"67df7d0c-ae22-4046-8a69-b0f66abff507\":\"\\\"Five years younger without looking \'done\' - exactly what I wanted. The personalized approach makes all the difference.\\\"\",\"90b06f70-ec9f-49d9-b838-cef50698ec38\":[320]}',1,'2025-12-04 17:57:55','2025-12-04 17:57:55','8a29e226-88ae-45f5-82f0-244378f00886'),
(326,326,1,'Sarah Mitchell','sarah-mitchell',NULL,'{\"90b06f70-ec9f-49d9-b838-cef50698ec38\":[320],\"67df7d0c-ae22-4046-8a69-b0f66abff507\":\"\\\"The results exceeded my expectations. Dr. Rachel took time to understand exactly what I wanted and delivered natural-looking results that made me feel like myself again, just refreshed.\\\"\",\"fc67ba9e-5144-49e5-9c18-5fea452bce42\":\"Botox & Dermal Fillers\",\"16de76fd-a825-41df-9b9d-8fe41ce48ada\":\"Sarah Mitchell\"}',1,'2025-12-04 17:58:07','2025-12-04 17:58:29','88108a56-4c67-46a3-8f0d-48dfdd89d7e8'),
(327,327,1,'Sarah Mitchell','sarah-mitchell',NULL,'{\"16de76fd-a825-41df-9b9d-8fe41ce48ada\":\"Sarah Mitchell\",\"fc67ba9e-5144-49e5-9c18-5fea452bce42\":\"Botox & Dermal Fillers\",\"67df7d0c-ae22-4046-8a69-b0f66abff507\":\"\\\"The results exceeded my expectations. Dr. Rachel took time to understand exactly what I wanted and delivered natural-looking results that made me feel like myself again, just refreshed.\\\"\",\"90b06f70-ec9f-49d9-b838-cef50698ec38\":[320]}',1,'2025-12-04 17:58:29','2025-12-04 17:58:29','215be0b0-8303-47b7-b788-a8fdb49d33dd'),
(330,330,1,'What Our Patients Say','what-our-patients-say',NULL,'{\"28fc0304-69b6-43ac-8c99-e2c875a4a532\":\"Patient Stories\",\"06865648-84b5-46f3-8fd0-48993e09ff0b\":\"What Our Patients Say\",\"214c0ead-2e2c-4485-9e17-5ad3c84ae9d5\":\"all\",\"0bc96d1c-7d25-4448-9f0a-aa33ea239a34\":[326,322,324,319],\"a25ceaa8-9edc-4eb2-a59d-a1340895067d\":true,\"5dbdee7d-8d17-44c9-8581-679879c315ca\":{\"value\":\"#\",\"type\":\"url\"},\"4977ef85-8f70-4b78-8499-ac4fe3031f69\":27}',1,'2025-12-04 17:59:30','2025-12-04 18:16:24','ba595eff-9888-4d4c-910f-d8d2a61aba28'),
(335,335,1,'What Our Patients Say','what-our-patients-say',NULL,'{\"28fc0304-69b6-43ac-8c99-e2c875a4a532\":\"Patient Stories\",\"06865648-84b5-46f3-8fd0-48993e09ff0b\":\"What Our Patients Say\",\"214c0ead-2e2c-4485-9e17-5ad3c84ae9d5\":\"all\",\"0bc96d1c-7d25-4448-9f0a-aa33ea239a34\":[326,322,324,319],\"a25ceaa8-9edc-4eb2-a59d-a1340895067d\":true,\"5dbdee7d-8d17-44c9-8581-679879c315ca\":{\"value\":\"#\",\"type\":\"url\"},\"4977ef85-8f70-4b78-8499-ac4fe3031f69\":27}',1,'2025-12-04 18:16:25','2025-12-04 18:16:25','83be33b7-3b76-4a5e-85f6-4016af3c2ab3'),
(337,337,1,'Sarah Mitchell','sarah-mitchell',NULL,'{\"16de76fd-a825-41df-9b9d-8fe41ce48ada\":\"Sarah Mitchell\",\"fc67ba9e-5144-49e5-9c18-5fea452bce42\":\"Botox & Dermal Fillers\",\"67df7d0c-ae22-4046-8a69-b0f66abff507\":\"\\\"The results exceeded my expectations. Dr. Rachel took time to understand exactly what I wanted and delivered natural-looking results that made me feel like myself again, just refreshed.\\\"\",\"90b06f70-ec9f-49d9-b838-cef50698ec38\":[320]}',1,'2025-12-04 18:18:04','2025-12-04 18:18:04','e3e6a3b9-5b48-4fb5-b6bb-a5951dc971aa'),
(339,339,1,'Jessica Williams','jessica-williams',NULL,'{\"16de76fd-a825-41df-9b9d-8fe41ce48ada\":\"Jessica Williams\",\"fc67ba9e-5144-49e5-9c18-5fea452bce42\":\"Facial Rejuvenation\",\"67df7d0c-ae22-4046-8a69-b0f66abff507\":\"\\\"I was nervous at first, but the team made me feel so at ease. The results are subtle but transformative.\\\"\",\"90b06f70-ec9f-49d9-b838-cef50698ec38\":[320]}',1,'2025-12-04 18:18:27','2025-12-04 18:18:27','9a2eede5-97ea-49dd-a2b0-f5f9ba51bc7a'),
(341,341,1,'Jessica Williams','jessica-williams',NULL,'{\"16de76fd-a825-41df-9b9d-8fe41ce48ada\":\"Jessica Williams\",\"fc67ba9e-5144-49e5-9c18-5fea452bce42\":\"Facial Rejuvenation\",\"67df7d0c-ae22-4046-8a69-b0f66abff507\":\"\\\"I was nervous at first, but the team made me feel so at ease. The results are subtle but transformative.\\\"\",\"90b06f70-ec9f-49d9-b838-cef50698ec38\":[320]}',1,'2025-12-04 18:18:56','2025-12-04 18:18:56','2554d182-4278-4a24-98cf-651bd3eab74d'),
(343,343,1,NULL,'__temp_zjrvvlgkzqvcossdcrczxsyxoxtrxbmbxqkt',NULL,'{\"f6ecf01a-0bc4-4c4c-9bcc-e0cded609999\":\"30\",\"12ab5942-8eb1-4e8d-af73-0d67149caea5\":true,\"353456f6-299a-4ccf-a717-44aa8f5eaf3e\":\"beigeWarm\",\"48f56917-e399-43c9-91af-7d3ddaa9b6c8\":\"bottom\",\"463779f3-52da-4f3f-8f35-b0263c8d8c3b\":\"maintain\",\"c6ba37df-5856-4b99-abff-ee5ac2023dee\":\"twoColumns3367\",\"15d88486-9f10-4200-8468-69effb7550d6\":\"medium\",\"08c9532b-900d-4f33-8644-fbd2b4a0448e\":\"auto\"}',1,'2025-12-04 19:30:33','2025-12-04 19:31:05','3090befe-9400-4523-ad8c-43568f1a1880'),
(348,348,1,NULL,'__temp_lzvyeytrqhjeckolrlslhccdbkerfdtqufbg',NULL,NULL,1,'2025-12-06 10:39:20','2025-12-06 10:39:20','56e5eb40-a03c-4e24-ba4c-92a009ca7047'),
(349,349,1,NULL,'__temp_opkwzijqrhcwynqkhppceiqsswyrdbsuxrod',NULL,NULL,1,'2025-12-06 10:39:47','2025-12-06 10:39:47','bb91b0b6-950b-4a1e-a450-b5f0891e1d71'),
(352,352,1,NULL,'__temp_wexyjcfjleplrbnfambvsgitgzibotuqyufg',NULL,'{\"d786a952-f7f5-459f-8a46-f32ff468d4f6\":\"h2\",\"dc38184a-b41a-44b1-980c-64e7c324f41a\":\"standard\",\"e143d6ba-f2c7-4712-922a-18c4986f97a5\":\"left\",\"e0f06b72-a283-4059-ad08-76e79c84e85e\":false,\"f6a12dd4-f43f-4d77-92f9-750ed12602b5\":\"gold\"}',1,'2025-12-06 10:40:49','2025-12-06 10:40:49','4479993c-2dac-424a-90e6-f3837bdbe806'),
(353,353,1,NULL,'__temp_uqhjrqukbjafnvugauvjrloacaphqhnynxqr',NULL,'{\"306c8a8b-7513-4a3f-82c5-7797d86388ed\":\"normal\"}',1,'2025-12-06 10:40:52','2025-12-06 10:40:52','bf5c5701-b2c2-4814-9dc0-833d1fe6fa11'),
(354,354,1,NULL,'__temp_pwtdzxiqvvbvlodtczhbopvzsnkbkcoxpdhr',NULL,'{\"8630c735-6b35-4179-a62f-cb5a5eeafa83\":\"medium\",\"31831217-1d9a-4a1e-bb5e-cab96c9fc65d\":\"left\",\"b01a8273-3669-4c90-b79a-e4721c29434e\":\"none\",\"a93a1121-2f17-4072-8021-3405bb9b4467\":false}',1,'2025-12-06 10:40:54','2025-12-06 10:40:54','e2afa3fb-e155-4c0f-891d-7cbe51692ebb'),
(355,355,1,NULL,'__temp_bqenovxuushfugbsgmrgnrrivgsuocfyftgl',NULL,NULL,1,'2025-12-06 10:40:56','2025-12-06 10:40:56','0b0bb7e1-ac52-4303-aea5-bc53b602c87e'),
(356,356,1,NULL,'__temp_ueulohmlvftnpttugavoigplkmkpateaatdi',NULL,'{\"52f962b8-3d4a-4f5e-8e56-eb9108a237b7\":\"default\"}',1,'2025-12-06 10:41:00','2025-12-06 10:41:00','af219455-6d9f-4193-b7a1-4f2df6e2291e'),
(357,357,1,NULL,'__temp_tnragugzrodaaqdxbdwmzxrxwcbaudfrukyi',NULL,NULL,1,'2025-12-06 10:41:09','2025-12-06 10:41:09','0884fcdf-6aa9-4487-8d3f-8d47b4638974'),
(358,358,1,NULL,'one-column-test',NULL,'{\"c6ba37df-5856-4b99-abff-ee5ac2023dee\":\"singleColumn\",\"463779f3-52da-4f3f-8f35-b0263c8d8c3b\":\"stack\",\"15d88486-9f10-4200-8468-69effb7550d6\":\"medium\",\"48f56917-e399-43c9-91af-7d3ddaa9b6c8\":\"center\",\"353456f6-299a-4ccf-a717-44aa8f5eaf3e\":\"gradientNavy\",\"420c8b0e-3fe1-4ee3-ae34-7a4e1a6ad89d\":[],\"12ab5942-8eb1-4e8d-af73-0d67149caea5\":false,\"f6ecf01a-0bc4-4c4c-9bcc-e0cded609999\":\"10\",\"08c9532b-900d-4f33-8644-fbd2b4a0448e\":\"auto\",\"7b70343f-41ce-4c2d-bcec-54b0cd0dc42f\":\"fullBgContainer\",\"1ba854f9-b95e-4fbd-9117-3e38dea54db5\":\"large\",\"03a38015-ace3-4900-9eb7-553ae2371d19\":\"large\",\"24a9c864-a05b-496f-92d0-6072f45d84fe\":false,\"4379e7a0-c7e2-4a76-96b1-dbcf9ed02074\":\"wave\",\"d604dc08-fc17-470f-ac46-5bd2d5fea7f0\":\"slideLeft\",\"ede60280-5b1f-46f4-ba48-87483c912289\":\"#section\",\"18334eca-71b2-4090-ac35-20abdb207c33\":\"some class\",\"3a7f3567-350e-41a1-9bb8-129cd9a6c519\":true,\"d41d3f08-74c0-46b1-804a-884be4a6fffa\":true}',1,'2025-12-06 18:45:14','2025-12-07 08:25:18','687671c6-5efe-462d-91c6-f5cf665e7b96'),
(359,359,1,'Elegant Text Section','testtt',NULL,NULL,1,'2025-12-06 18:45:14','2025-12-07 08:32:56','3fbfad22-4d77-442c-b660-2049119d9a1c'),
(360,360,1,'test','test',NULL,'{\"2aae0d8e-4cea-4926-92cc-9a1c5dc3ecb9\":\"<p>adsdsaasd adsasdasd adsdasasd adsadsasd</p>\",\"1fcfdd57-b6cb-4493-bdf2-2f7f6386c8c2\":\"large\",\"d65d1c35-ed40-465c-8613-98206b6c0d67\":\"right\",\"c531a0eb-1f92-4225-a6f0-40ab68b8f3de\":\"prose\"}',1,'2025-12-06 18:45:14','2025-12-06 18:45:14','b7fd5ba4-f98d-423d-b29a-8715c5b3eb49'),
(377,377,1,'sdsddasddasads','sdsddasddasads',NULL,NULL,1,'2025-12-06 18:56:45','2025-12-06 18:56:45','7cebe5aa-e872-4bb3-bb4f-75b62cbd9b53'),
(378,378,1,'sadasddsa','sadasddsa',NULL,'{\"28396760-6b42-4e26-91fe-691bb1d0f638\":\"sadsdaasddsa\",\"34edbdad-80cc-455a-8024-e4ad5cc55f12\":{\"value\":\"#\",\"type\":\"url\"},\"306c8a8b-7513-4a3f-82c5-7797d86388ed\":\"cta\"}',1,'2025-12-06 18:56:45','2025-12-06 18:56:45','8e2cecc6-96af-46d1-93fe-d0a08c483a80'),
(379,379,1,'saffsasfa','saffsasfa',NULL,'{\"4ce0ac7c-152d-4795-89c2-faff0d75a7ed\":\"safsfasfafsasfa\",\"d786a952-f7f5-459f-8a46-f32ff468d4f6\":\"h2\",\"dc38184a-b41a-44b1-980c-64e7c324f41a\":\"standard\",\"e143d6ba-f2c7-4712-922a-18c4986f97a5\":\"left\",\"e0f06b72-a283-4059-ad08-76e79c84e85e\":false,\"f6a12dd4-f43f-4d77-92f9-750ed12602b5\":\"gold\"}',1,'2025-12-06 18:56:45','2025-12-06 18:56:45','909ca61f-ca96-45de-9523-e0837b2edc03'),
(395,395,1,'Specialized in the subtle magic of clinically advanced treatments','test',NULL,'{\"2aae0d8e-4cea-4926-92cc-9a1c5dc3ecb9\":\"<h2>Specialized in the subtle magic of clinically advanced treatments</h2><p> </p>\",\"1fcfdd57-b6cb-4493-bdf2-2f7f6386c8c2\":\"large\",\"d65d1c35-ed40-465c-8613-98206b6c0d67\":\"center\",\"c531a0eb-1f92-4225-a6f0-40ab68b8f3de\":\"container\"}',1,'2025-12-06 19:18:57','2025-12-06 20:31:20','f1b2123a-b439-4243-ab65-156d68734485'),
(408,408,1,'heading','heading',NULL,'{\"4ce0ac7c-152d-4795-89c2-faff0d75a7ed\":\"Heading text\",\"d786a952-f7f5-459f-8a46-f32ff468d4f6\":\"h2\",\"dc38184a-b41a-44b1-980c-64e7c324f41a\":\"standard\",\"e143d6ba-f2c7-4712-922a-18c4986f97a5\":\"left\",\"e0f06b72-a283-4059-ad08-76e79c84e85e\":false,\"f6a12dd4-f43f-4d77-92f9-750ed12602b5\":\"white\"}',1,'2025-12-06 19:23:58','2025-12-06 19:23:58','f9e4a1c5-bdbe-49b1-8758-620a7cfdeb93'),
(409,409,1,'testasdsdadas','testasdsdadas',NULL,'{\"6f6aeaf6-c34d-47b7-a6c1-7da174fe58ed\":[91],\"8630c735-6b35-4179-a62f-cb5a5eeafa83\":\"medium\",\"31831217-1d9a-4a1e-bb5e-cab96c9fc65d\":\"right\",\"b01a8273-3669-4c90-b79a-e4721c29434e\":\"none\",\"a93a1121-2f17-4072-8021-3405bb9b4467\":false}',1,'2025-12-06 19:23:58','2025-12-06 19:23:58','4869bcc9-438c-4c90-a03d-18808eb07e2d'),
(410,410,1,'saffsafsa','saffsafsa',NULL,'{\"14c2af89-da53-4d01-ae06-433c386d36c3\":\"fafasafsfasfasafsafsafs\",\"4c134696-2755-4438-9b8a-5b95d32d3cb6\":\"afsafsasfafsasfasfasasf\",\"7185c98c-c9bb-46f3-b785-e1e137bf4fce\":\"fsafasasffasasfasf\",\"59d47b20-e597-4c63-8a0a-700e4fd4e0b1\":{\"value\":\"#\",\"type\":\"url\"},\"52f962b8-3d4a-4f5e-8e56-eb9108a237b7\":\"bordered\"}',1,'2025-12-06 19:23:58','2025-12-06 19:23:58','84a6ebf4-86b7-4e2a-a5a3-02f34d9c1407'),
(411,411,1,'sadadsasdasdads','sadadsasdasdads',NULL,NULL,1,'2025-12-06 19:23:58','2025-12-06 19:23:58','c258afc3-1e92-4303-8651-a099ace1466c'),
(412,412,1,'dsadasdsasaddsa','dsadasdsasaddsa',NULL,'{\"6f6aeaf6-c34d-47b7-a6c1-7da174fe58ed\":[90],\"8630c735-6b35-4179-a62f-cb5a5eeafa83\":\"medium\",\"31831217-1d9a-4a1e-bb5e-cab96c9fc65d\":\"center\",\"b01a8273-3669-4c90-b79a-e4721c29434e\":\"medium\",\"a93a1121-2f17-4072-8021-3405bb9b4467\":false,\"e022b58a-9fe5-47af-a775-76e84e0b011f\":\"dsadsadsdsadsa\"}',1,'2025-12-06 19:23:58','2025-12-06 20:23:07','5fb6314b-15a1-4dcd-b77b-5dd80c07f02d'),
(481,481,1,'Homepage','homepage','__home__',NULL,1,'2025-12-06 20:23:09','2025-12-06 20:23:09','bf9df8c2-1c14-4837-bf73-792083509e25'),
(482,482,1,'One COlumn test 2','one-column-test',NULL,'{\"c6ba37df-5856-4b99-abff-ee5ac2023dee\":\"twoColumns5050\",\"463779f3-52da-4f3f-8f35-b0263c8d8c3b\":\"stack\",\"48f56917-e399-43c9-91af-7d3ddaa9b6c8\":\"top\",\"15d88486-9f10-4200-8468-69effb7550d6\":\"large\",\"353456f6-299a-4ccf-a717-44aa8f5eaf3e\":\"gradientNavy\",\"12ab5942-8eb1-4e8d-af73-0d67149caea5\":false,\"f6ecf01a-0bc4-4c4c-9bcc-e0cded609999\":\"30\",\"08c9532b-900d-4f33-8644-fbd2b4a0448e\":\"white\",\"7b70343f-41ce-4c2d-bcec-54b0cd0dc42f\":\"fullBgFull\",\"1ba854f9-b95e-4fbd-9117-3e38dea54db5\":\"large\",\"03a38015-ace3-4900-9eb7-553ae2371d19\":\"large\",\"ede60280-5b1f-46f4-ba48-87483c912289\":\"#section\",\"18334eca-71b2-4090-ac35-20abdb207c33\":\"some class\",\"24a9c864-a05b-496f-92d0-6072f45d84fe\":false,\"4379e7a0-c7e2-4a76-96b1-dbcf9ed02074\":\"wave\",\"3a7f3567-350e-41a1-9bb8-129cd9a6c519\":true,\"d41d3f08-74c0-46b1-804a-884be4a6fffa\":true,\"d604dc08-fc17-470f-ac46-5bd2d5fea7f0\":\"slideLeft\"}',1,'2025-12-06 20:23:09','2025-12-06 20:23:09','f74f7314-cdb4-45ee-aa77-019b83f7307c'),
(483,483,1,'sadadsasdasdads','sadadsasdasdads',NULL,NULL,1,'2025-12-06 20:23:09','2025-12-06 20:23:09','64048f45-0681-48c0-b05e-239834cceecd'),
(484,484,1,'dsadasdsasaddsa','dsadasdsasaddsa',NULL,'{\"6f6aeaf6-c34d-47b7-a6c1-7da174fe58ed\":[90],\"8630c735-6b35-4179-a62f-cb5a5eeafa83\":\"medium\",\"31831217-1d9a-4a1e-bb5e-cab96c9fc65d\":\"center\",\"b01a8273-3669-4c90-b79a-e4721c29434e\":\"medium\",\"a93a1121-2f17-4072-8021-3405bb9b4467\":false,\"e022b58a-9fe5-47af-a775-76e84e0b011f\":\"dsadsadsdsadsa\"}',1,'2025-12-06 20:23:09','2025-12-06 20:23:09','32c25fdd-bb2f-48d6-80ff-0b01049d6f6f'),
(486,486,1,'Homepage','homepage','__home__',NULL,1,'2025-12-06 20:24:18','2025-12-06 20:24:18','063cb1cb-d0e6-4229-a652-4fdf2f2efeab'),
(487,487,1,'One COlumn test 2','one-column-test',NULL,'{\"c6ba37df-5856-4b99-abff-ee5ac2023dee\":\"twoColumns5050\",\"463779f3-52da-4f3f-8f35-b0263c8d8c3b\":\"stack\",\"48f56917-e399-43c9-91af-7d3ddaa9b6c8\":\"top\",\"15d88486-9f10-4200-8468-69effb7550d6\":\"large\",\"353456f6-299a-4ccf-a717-44aa8f5eaf3e\":\"gradientNavy\",\"12ab5942-8eb1-4e8d-af73-0d67149caea5\":false,\"f6ecf01a-0bc4-4c4c-9bcc-e0cded609999\":\"30\",\"08c9532b-900d-4f33-8644-fbd2b4a0448e\":\"white\",\"7b70343f-41ce-4c2d-bcec-54b0cd0dc42f\":\"fullBgFull\",\"1ba854f9-b95e-4fbd-9117-3e38dea54db5\":\"large\",\"03a38015-ace3-4900-9eb7-553ae2371d19\":\"large\",\"ede60280-5b1f-46f4-ba48-87483c912289\":\"#section\",\"18334eca-71b2-4090-ac35-20abdb207c33\":\"some class\",\"24a9c864-a05b-496f-92d0-6072f45d84fe\":false,\"4379e7a0-c7e2-4a76-96b1-dbcf9ed02074\":\"wave\",\"3a7f3567-350e-41a1-9bb8-129cd9a6c519\":true,\"d41d3f08-74c0-46b1-804a-884be4a6fffa\":true,\"d604dc08-fc17-470f-ac46-5bd2d5fea7f0\":\"slideLeft\"}',1,'2025-12-06 20:24:18','2025-12-06 20:24:18','9de55304-8620-43ce-bab7-ccec75cc976c'),
(489,489,1,'Homepage','homepage','__home__',NULL,1,'2025-12-06 20:24:44','2025-12-06 20:24:44','3187d9ec-0a6a-4147-b360-0e2f59265803'),
(490,490,1,'One COlumn test 2','one-column-test',NULL,'{\"c6ba37df-5856-4b99-abff-ee5ac2023dee\":\"twoColumns5050\",\"463779f3-52da-4f3f-8f35-b0263c8d8c3b\":\"stack\",\"48f56917-e399-43c9-91af-7d3ddaa9b6c8\":\"top\",\"15d88486-9f10-4200-8468-69effb7550d6\":\"large\",\"353456f6-299a-4ccf-a717-44aa8f5eaf3e\":\"gradientNavy\",\"12ab5942-8eb1-4e8d-af73-0d67149caea5\":false,\"f6ecf01a-0bc4-4c4c-9bcc-e0cded609999\":\"30\",\"08c9532b-900d-4f33-8644-fbd2b4a0448e\":\"charcoalLight\",\"7b70343f-41ce-4c2d-bcec-54b0cd0dc42f\":\"fullBgFull\",\"1ba854f9-b95e-4fbd-9117-3e38dea54db5\":\"large\",\"03a38015-ace3-4900-9eb7-553ae2371d19\":\"large\",\"ede60280-5b1f-46f4-ba48-87483c912289\":\"#section\",\"18334eca-71b2-4090-ac35-20abdb207c33\":\"some class\",\"24a9c864-a05b-496f-92d0-6072f45d84fe\":false,\"4379e7a0-c7e2-4a76-96b1-dbcf9ed02074\":\"wave\",\"3a7f3567-350e-41a1-9bb8-129cd9a6c519\":true,\"d41d3f08-74c0-46b1-804a-884be4a6fffa\":true,\"d604dc08-fc17-470f-ac46-5bd2d5fea7f0\":\"slideLeft\"}',1,'2025-12-06 20:24:44','2025-12-06 20:24:44','83197b66-49e1-4889-ae1f-775a5eb3780b'),
(492,492,1,'Homepage','homepage','__home__',NULL,1,'2025-12-06 20:24:58','2025-12-06 20:24:58','2b4d2d7f-f734-41ac-8105-b531f5f6af48'),
(493,493,1,'One COlumn test 2','one-column-test',NULL,'{\"c6ba37df-5856-4b99-abff-ee5ac2023dee\":\"twoColumns5050\",\"463779f3-52da-4f3f-8f35-b0263c8d8c3b\":\"stack\",\"48f56917-e399-43c9-91af-7d3ddaa9b6c8\":\"top\",\"15d88486-9f10-4200-8468-69effb7550d6\":\"large\",\"353456f6-299a-4ccf-a717-44aa8f5eaf3e\":\"creamLight\",\"12ab5942-8eb1-4e8d-af73-0d67149caea5\":false,\"f6ecf01a-0bc4-4c4c-9bcc-e0cded609999\":\"30\",\"08c9532b-900d-4f33-8644-fbd2b4a0448e\":\"charcoalLight\",\"7b70343f-41ce-4c2d-bcec-54b0cd0dc42f\":\"fullBgFull\",\"1ba854f9-b95e-4fbd-9117-3e38dea54db5\":\"large\",\"03a38015-ace3-4900-9eb7-553ae2371d19\":\"large\",\"ede60280-5b1f-46f4-ba48-87483c912289\":\"#section\",\"18334eca-71b2-4090-ac35-20abdb207c33\":\"some class\",\"24a9c864-a05b-496f-92d0-6072f45d84fe\":false,\"4379e7a0-c7e2-4a76-96b1-dbcf9ed02074\":\"wave\",\"3a7f3567-350e-41a1-9bb8-129cd9a6c519\":true,\"d41d3f08-74c0-46b1-804a-884be4a6fffa\":true,\"d604dc08-fc17-470f-ac46-5bd2d5fea7f0\":\"slideLeft\"}',1,'2025-12-06 20:24:58','2025-12-06 20:24:58','ea92f0ca-3849-45ed-948b-eefe70ccde11'),
(495,495,1,'Homepage','homepage','__home__',NULL,1,'2025-12-06 20:25:12','2025-12-06 20:25:12','ca308b6a-f9c4-4bf2-952c-5e7481e88040'),
(496,496,1,'One COlumn test 2','one-column-test',NULL,'{\"c6ba37df-5856-4b99-abff-ee5ac2023dee\":\"twoColumns5050\",\"463779f3-52da-4f3f-8f35-b0263c8d8c3b\":\"stack\",\"48f56917-e399-43c9-91af-7d3ddaa9b6c8\":\"top\",\"15d88486-9f10-4200-8468-69effb7550d6\":\"large\",\"353456f6-299a-4ccf-a717-44aa8f5eaf3e\":\"beigeWarm\",\"12ab5942-8eb1-4e8d-af73-0d67149caea5\":false,\"f6ecf01a-0bc4-4c4c-9bcc-e0cded609999\":\"30\",\"08c9532b-900d-4f33-8644-fbd2b4a0448e\":\"charcoalLight\",\"7b70343f-41ce-4c2d-bcec-54b0cd0dc42f\":\"fullBgFull\",\"1ba854f9-b95e-4fbd-9117-3e38dea54db5\":\"large\",\"03a38015-ace3-4900-9eb7-553ae2371d19\":\"large\",\"ede60280-5b1f-46f4-ba48-87483c912289\":\"#section\",\"18334eca-71b2-4090-ac35-20abdb207c33\":\"some class\",\"24a9c864-a05b-496f-92d0-6072f45d84fe\":false,\"4379e7a0-c7e2-4a76-96b1-dbcf9ed02074\":\"wave\",\"3a7f3567-350e-41a1-9bb8-129cd9a6c519\":true,\"d41d3f08-74c0-46b1-804a-884be4a6fffa\":true,\"d604dc08-fc17-470f-ac46-5bd2d5fea7f0\":\"slideLeft\"}',1,'2025-12-06 20:25:12','2025-12-06 20:25:12','2dc2f32d-7d4f-4845-8eb4-46c9fa05be50'),
(498,498,1,'Homepage','homepage','__home__',NULL,1,'2025-12-06 20:25:32','2025-12-06 20:25:32','b01d81bf-bfc8-4f44-aafe-6cad13566501'),
(499,499,1,'One COlumn test 2','one-column-test',NULL,'{\"c6ba37df-5856-4b99-abff-ee5ac2023dee\":\"twoColumns5050\",\"463779f3-52da-4f3f-8f35-b0263c8d8c3b\":\"stack\",\"48f56917-e399-43c9-91af-7d3ddaa9b6c8\":\"top\",\"15d88486-9f10-4200-8468-69effb7550d6\":\"large\",\"353456f6-299a-4ccf-a717-44aa8f5eaf3e\":\"gradientGold\",\"12ab5942-8eb1-4e8d-af73-0d67149caea5\":false,\"f6ecf01a-0bc4-4c4c-9bcc-e0cded609999\":\"30\",\"08c9532b-900d-4f33-8644-fbd2b4a0448e\":\"charcoalLight\",\"7b70343f-41ce-4c2d-bcec-54b0cd0dc42f\":\"fullBgFull\",\"1ba854f9-b95e-4fbd-9117-3e38dea54db5\":\"large\",\"03a38015-ace3-4900-9eb7-553ae2371d19\":\"large\",\"ede60280-5b1f-46f4-ba48-87483c912289\":\"#section\",\"18334eca-71b2-4090-ac35-20abdb207c33\":\"some class\",\"24a9c864-a05b-496f-92d0-6072f45d84fe\":false,\"4379e7a0-c7e2-4a76-96b1-dbcf9ed02074\":\"wave\",\"3a7f3567-350e-41a1-9bb8-129cd9a6c519\":true,\"d41d3f08-74c0-46b1-804a-884be4a6fffa\":true,\"d604dc08-fc17-470f-ac46-5bd2d5fea7f0\":\"slideLeft\"}',1,'2025-12-06 20:25:32','2025-12-06 20:25:32','e483c9b9-6dee-44db-bcd8-424e670b7c76'),
(501,501,1,'Homepage','homepage','__home__',NULL,1,'2025-12-06 20:25:58','2025-12-06 20:25:58','7f3dfc34-e710-46dc-a33b-f50dde775fec'),
(502,502,1,'One COlumn test 2','one-column-test',NULL,'{\"c6ba37df-5856-4b99-abff-ee5ac2023dee\":\"twoColumns5050\",\"463779f3-52da-4f3f-8f35-b0263c8d8c3b\":\"stack\",\"48f56917-e399-43c9-91af-7d3ddaa9b6c8\":\"top\",\"15d88486-9f10-4200-8468-69effb7550d6\":\"large\",\"353456f6-299a-4ccf-a717-44aa8f5eaf3e\":\"navyDark\",\"12ab5942-8eb1-4e8d-af73-0d67149caea5\":false,\"f6ecf01a-0bc4-4c4c-9bcc-e0cded609999\":\"30\",\"08c9532b-900d-4f33-8644-fbd2b4a0448e\":\"charcoalLight\",\"7b70343f-41ce-4c2d-bcec-54b0cd0dc42f\":\"fullBgFull\",\"1ba854f9-b95e-4fbd-9117-3e38dea54db5\":\"large\",\"03a38015-ace3-4900-9eb7-553ae2371d19\":\"large\",\"ede60280-5b1f-46f4-ba48-87483c912289\":\"#section\",\"18334eca-71b2-4090-ac35-20abdb207c33\":\"some class\",\"24a9c864-a05b-496f-92d0-6072f45d84fe\":false,\"4379e7a0-c7e2-4a76-96b1-dbcf9ed02074\":\"wave\",\"3a7f3567-350e-41a1-9bb8-129cd9a6c519\":true,\"d41d3f08-74c0-46b1-804a-884be4a6fffa\":true,\"d604dc08-fc17-470f-ac46-5bd2d5fea7f0\":\"slideLeft\"}',1,'2025-12-06 20:25:58','2025-12-06 20:25:58','e8f1ad5a-9ade-4d35-b1ce-8df829fd9473'),
(504,504,1,'Homepage','homepage','__home__',NULL,1,'2025-12-06 20:26:27','2025-12-06 20:26:27','268335bd-a584-494a-91a2-6995ec8cc67d'),
(505,505,1,'One COlumn test 2','one-column-test',NULL,'{\"c6ba37df-5856-4b99-abff-ee5ac2023dee\":\"singleColumn\",\"463779f3-52da-4f3f-8f35-b0263c8d8c3b\":\"stack\",\"48f56917-e399-43c9-91af-7d3ddaa9b6c8\":\"bottom\",\"15d88486-9f10-4200-8468-69effb7550d6\":\"large\",\"353456f6-299a-4ccf-a717-44aa8f5eaf3e\":\"navyDark\",\"12ab5942-8eb1-4e8d-af73-0d67149caea5\":false,\"f6ecf01a-0bc4-4c4c-9bcc-e0cded609999\":\"30\",\"08c9532b-900d-4f33-8644-fbd2b4a0448e\":\"charcoalLight\",\"7b70343f-41ce-4c2d-bcec-54b0cd0dc42f\":\"fullBgFull\",\"1ba854f9-b95e-4fbd-9117-3e38dea54db5\":\"large\",\"03a38015-ace3-4900-9eb7-553ae2371d19\":\"large\",\"ede60280-5b1f-46f4-ba48-87483c912289\":\"#section\",\"18334eca-71b2-4090-ac35-20abdb207c33\":\"some class\",\"24a9c864-a05b-496f-92d0-6072f45d84fe\":false,\"4379e7a0-c7e2-4a76-96b1-dbcf9ed02074\":\"wave\",\"3a7f3567-350e-41a1-9bb8-129cd9a6c519\":true,\"d41d3f08-74c0-46b1-804a-884be4a6fffa\":true,\"d604dc08-fc17-470f-ac46-5bd2d5fea7f0\":\"slideLeft\"}',1,'2025-12-06 20:26:27','2025-12-06 20:26:27','3fec04b4-a587-4889-b3e1-ff684651de4c'),
(507,507,1,'Homepage','homepage','__home__',NULL,1,'2025-12-06 20:27:37','2025-12-06 20:27:37','7a66f1bb-f96b-4906-b5d6-422ee88c6467'),
(508,508,1,'One COlumn test 2','one-column-test',NULL,'{\"c6ba37df-5856-4b99-abff-ee5ac2023dee\":\"singleColumn\",\"463779f3-52da-4f3f-8f35-b0263c8d8c3b\":\"stack\",\"48f56917-e399-43c9-91af-7d3ddaa9b6c8\":\"bottom\",\"15d88486-9f10-4200-8468-69effb7550d6\":\"large\",\"353456f6-299a-4ccf-a717-44aa8f5eaf3e\":\"navyDark\",\"12ab5942-8eb1-4e8d-af73-0d67149caea5\":false,\"f6ecf01a-0bc4-4c4c-9bcc-e0cded609999\":\"30\",\"08c9532b-900d-4f33-8644-fbd2b4a0448e\":\"charcoalLight\",\"7b70343f-41ce-4c2d-bcec-54b0cd0dc42f\":\"fullBgFull\",\"1ba854f9-b95e-4fbd-9117-3e38dea54db5\":\"large\",\"03a38015-ace3-4900-9eb7-553ae2371d19\":\"large\",\"ede60280-5b1f-46f4-ba48-87483c912289\":\"#section\",\"18334eca-71b2-4090-ac35-20abdb207c33\":\"some class\",\"24a9c864-a05b-496f-92d0-6072f45d84fe\":false,\"4379e7a0-c7e2-4a76-96b1-dbcf9ed02074\":\"wave\",\"3a7f3567-350e-41a1-9bb8-129cd9a6c519\":false,\"d41d3f08-74c0-46b1-804a-884be4a6fffa\":true,\"d604dc08-fc17-470f-ac46-5bd2d5fea7f0\":\"slideLeft\"}',1,'2025-12-06 20:27:37','2025-12-06 20:27:37','f8ec7de8-fdc3-4fe2-82a6-c86481b24bd3'),
(510,510,1,'Homepage','homepage','__home__',NULL,1,'2025-12-06 20:27:47','2025-12-06 20:27:47','46cecb97-bade-469e-9afd-3cf5a5463fa4'),
(511,511,1,'One COlumn test 2','one-column-test',NULL,'{\"c6ba37df-5856-4b99-abff-ee5ac2023dee\":\"singleColumn\",\"463779f3-52da-4f3f-8f35-b0263c8d8c3b\":\"stack\",\"48f56917-e399-43c9-91af-7d3ddaa9b6c8\":\"bottom\",\"15d88486-9f10-4200-8468-69effb7550d6\":\"large\",\"353456f6-299a-4ccf-a717-44aa8f5eaf3e\":\"navyDark\",\"12ab5942-8eb1-4e8d-af73-0d67149caea5\":false,\"f6ecf01a-0bc4-4c4c-9bcc-e0cded609999\":\"30\",\"08c9532b-900d-4f33-8644-fbd2b4a0448e\":\"charcoalLight\",\"7b70343f-41ce-4c2d-bcec-54b0cd0dc42f\":\"fullBgFull\",\"1ba854f9-b95e-4fbd-9117-3e38dea54db5\":\"large\",\"03a38015-ace3-4900-9eb7-553ae2371d19\":\"large\",\"ede60280-5b1f-46f4-ba48-87483c912289\":\"#section\",\"18334eca-71b2-4090-ac35-20abdb207c33\":\"some class\",\"24a9c864-a05b-496f-92d0-6072f45d84fe\":false,\"4379e7a0-c7e2-4a76-96b1-dbcf9ed02074\":\"wave\",\"3a7f3567-350e-41a1-9bb8-129cd9a6c519\":true,\"d41d3f08-74c0-46b1-804a-884be4a6fffa\":true,\"d604dc08-fc17-470f-ac46-5bd2d5fea7f0\":\"slideLeft\"}',1,'2025-12-06 20:27:47','2025-12-06 20:27:47','93643703-b49c-4be1-a287-ceca17ee312e'),
(513,513,1,'Homepage','homepage','__home__',NULL,1,'2025-12-06 20:28:39','2025-12-06 20:28:39','345db795-2627-42af-b4a5-2a8a39788e42'),
(514,514,1,'One COlumn test 2','one-column-test',NULL,'{\"c6ba37df-5856-4b99-abff-ee5ac2023dee\":\"singleColumn\",\"463779f3-52da-4f3f-8f35-b0263c8d8c3b\":\"stack\",\"48f56917-e399-43c9-91af-7d3ddaa9b6c8\":\"stretch\",\"15d88486-9f10-4200-8468-69effb7550d6\":\"large\",\"353456f6-299a-4ccf-a717-44aa8f5eaf3e\":\"navyDark\",\"12ab5942-8eb1-4e8d-af73-0d67149caea5\":false,\"f6ecf01a-0bc4-4c4c-9bcc-e0cded609999\":\"30\",\"08c9532b-900d-4f33-8644-fbd2b4a0448e\":\"charcoalLight\",\"7b70343f-41ce-4c2d-bcec-54b0cd0dc42f\":\"fullBgFull\",\"1ba854f9-b95e-4fbd-9117-3e38dea54db5\":\"large\",\"03a38015-ace3-4900-9eb7-553ae2371d19\":\"large\",\"ede60280-5b1f-46f4-ba48-87483c912289\":\"#section\",\"18334eca-71b2-4090-ac35-20abdb207c33\":\"some class\",\"24a9c864-a05b-496f-92d0-6072f45d84fe\":false,\"4379e7a0-c7e2-4a76-96b1-dbcf9ed02074\":\"wave\",\"3a7f3567-350e-41a1-9bb8-129cd9a6c519\":true,\"d41d3f08-74c0-46b1-804a-884be4a6fffa\":true,\"d604dc08-fc17-470f-ac46-5bd2d5fea7f0\":\"slideLeft\"}',1,'2025-12-06 20:28:39','2025-12-06 20:28:39','d458b6a6-5da0-42d9-8ab2-91d6c416ccee'),
(516,516,1,'Homepage','homepage','__home__',NULL,1,'2025-12-06 20:28:57','2025-12-06 20:28:57','2ae192c5-178c-413f-9c14-16e2292f8832'),
(517,517,1,'One COlumn test 2','one-column-test',NULL,'{\"c6ba37df-5856-4b99-abff-ee5ac2023dee\":\"singleColumn\",\"463779f3-52da-4f3f-8f35-b0263c8d8c3b\":\"stack\",\"48f56917-e399-43c9-91af-7d3ddaa9b6c8\":\"top\",\"15d88486-9f10-4200-8468-69effb7550d6\":\"large\",\"353456f6-299a-4ccf-a717-44aa8f5eaf3e\":\"navyDark\",\"12ab5942-8eb1-4e8d-af73-0d67149caea5\":false,\"f6ecf01a-0bc4-4c4c-9bcc-e0cded609999\":\"10\",\"08c9532b-900d-4f33-8644-fbd2b4a0448e\":\"charcoalLight\",\"7b70343f-41ce-4c2d-bcec-54b0cd0dc42f\":\"fullBgFull\",\"1ba854f9-b95e-4fbd-9117-3e38dea54db5\":\"large\",\"03a38015-ace3-4900-9eb7-553ae2371d19\":\"large\",\"ede60280-5b1f-46f4-ba48-87483c912289\":\"#section\",\"18334eca-71b2-4090-ac35-20abdb207c33\":\"some class\",\"24a9c864-a05b-496f-92d0-6072f45d84fe\":false,\"4379e7a0-c7e2-4a76-96b1-dbcf9ed02074\":\"wave\",\"3a7f3567-350e-41a1-9bb8-129cd9a6c519\":true,\"d41d3f08-74c0-46b1-804a-884be4a6fffa\":true,\"d604dc08-fc17-470f-ac46-5bd2d5fea7f0\":\"slideLeft\"}',1,'2025-12-06 20:28:57','2025-12-06 20:28:57','8d95c745-52c3-4538-841c-da13698f1fc2'),
(519,519,1,'Homepage','homepage','__home__',NULL,1,'2025-12-06 20:29:08','2025-12-06 20:29:08','eb9be2e4-d6bd-47ff-9c5f-48a4a24ee804'),
(520,520,1,'One COlumn test 2','one-column-test',NULL,'{\"c6ba37df-5856-4b99-abff-ee5ac2023dee\":\"singleColumn\",\"463779f3-52da-4f3f-8f35-b0263c8d8c3b\":\"stack\",\"48f56917-e399-43c9-91af-7d3ddaa9b6c8\":\"top\",\"15d88486-9f10-4200-8468-69effb7550d6\":\"large\",\"353456f6-299a-4ccf-a717-44aa8f5eaf3e\":\"navyDark\",\"12ab5942-8eb1-4e8d-af73-0d67149caea5\":false,\"f6ecf01a-0bc4-4c4c-9bcc-e0cded609999\":\"10\",\"08c9532b-900d-4f33-8644-fbd2b4a0448e\":\"white\",\"7b70343f-41ce-4c2d-bcec-54b0cd0dc42f\":\"fullBgFull\",\"1ba854f9-b95e-4fbd-9117-3e38dea54db5\":\"large\",\"03a38015-ace3-4900-9eb7-553ae2371d19\":\"large\",\"ede60280-5b1f-46f4-ba48-87483c912289\":\"#section\",\"18334eca-71b2-4090-ac35-20abdb207c33\":\"some class\",\"24a9c864-a05b-496f-92d0-6072f45d84fe\":false,\"4379e7a0-c7e2-4a76-96b1-dbcf9ed02074\":\"wave\",\"3a7f3567-350e-41a1-9bb8-129cd9a6c519\":true,\"d41d3f08-74c0-46b1-804a-884be4a6fffa\":true,\"d604dc08-fc17-470f-ac46-5bd2d5fea7f0\":\"slideLeft\"}',1,'2025-12-06 20:29:08','2025-12-06 20:29:08','e7dbfd44-f21d-4129-9a68-ca8caa28d90d'),
(522,522,1,'Homepage','homepage','__home__',NULL,1,'2025-12-06 20:29:36','2025-12-06 20:29:36','ad880608-85ec-405f-a9a8-4b2989ea98a0'),
(523,523,1,'One COlumn test 2','one-column-test',NULL,'{\"c6ba37df-5856-4b99-abff-ee5ac2023dee\":\"singleColumn\",\"463779f3-52da-4f3f-8f35-b0263c8d8c3b\":\"stack\",\"48f56917-e399-43c9-91af-7d3ddaa9b6c8\":\"top\",\"15d88486-9f10-4200-8468-69effb7550d6\":\"large\",\"353456f6-299a-4ccf-a717-44aa8f5eaf3e\":\"navyDark\",\"12ab5942-8eb1-4e8d-af73-0d67149caea5\":false,\"f6ecf01a-0bc4-4c4c-9bcc-e0cded609999\":\"10\",\"08c9532b-900d-4f33-8644-fbd2b4a0448e\":\"white\",\"7b70343f-41ce-4c2d-bcec-54b0cd0dc42f\":\"narrowContainer\",\"1ba854f9-b95e-4fbd-9117-3e38dea54db5\":\"large\",\"03a38015-ace3-4900-9eb7-553ae2371d19\":\"large\",\"ede60280-5b1f-46f4-ba48-87483c912289\":\"#section\",\"18334eca-71b2-4090-ac35-20abdb207c33\":\"some class\",\"24a9c864-a05b-496f-92d0-6072f45d84fe\":false,\"4379e7a0-c7e2-4a76-96b1-dbcf9ed02074\":\"wave\",\"3a7f3567-350e-41a1-9bb8-129cd9a6c519\":true,\"d41d3f08-74c0-46b1-804a-884be4a6fffa\":true,\"d604dc08-fc17-470f-ac46-5bd2d5fea7f0\":\"slideLeft\"}',1,'2025-12-06 20:29:36','2025-12-06 20:29:36','287f6bea-163d-469d-a1d6-d98d56c06986'),
(529,529,1,'Top Spacer','top-spacer',NULL,'{\"65cd5ed5-c924-4fa9-aea7-ca7349a71e47\":\"medium\"}',1,'2025-12-06 20:31:20','2025-12-06 20:31:20','28086773-aa35-4ac5-821a-ad596fa12633'),
(530,530,1,'Bottom Spacer','top-spacer',NULL,'{\"65cd5ed5-c924-4fa9-aea7-ca7349a71e47\":\"medium\"}',1,'2025-12-06 20:31:20','2025-12-06 20:31:20','4e03c285-f342-4433-a77e-d36e584d75aa'),
(531,531,1,'Homepage','homepage','__home__',NULL,1,'2025-12-06 20:31:22','2025-12-06 20:31:22','89dc1552-9e78-487f-a089-eae960121ace'),
(532,532,1,'One COlumn test 2','one-column-test',NULL,'{\"c6ba37df-5856-4b99-abff-ee5ac2023dee\":\"singleColumn\",\"463779f3-52da-4f3f-8f35-b0263c8d8c3b\":\"stack\",\"48f56917-e399-43c9-91af-7d3ddaa9b6c8\":\"top\",\"15d88486-9f10-4200-8468-69effb7550d6\":\"large\",\"353456f6-299a-4ccf-a717-44aa8f5eaf3e\":\"navyDark\",\"12ab5942-8eb1-4e8d-af73-0d67149caea5\":false,\"f6ecf01a-0bc4-4c4c-9bcc-e0cded609999\":\"10\",\"08c9532b-900d-4f33-8644-fbd2b4a0448e\":\"white\",\"7b70343f-41ce-4c2d-bcec-54b0cd0dc42f\":\"narrowContainer\",\"1ba854f9-b95e-4fbd-9117-3e38dea54db5\":\"large\",\"03a38015-ace3-4900-9eb7-553ae2371d19\":\"large\",\"ede60280-5b1f-46f4-ba48-87483c912289\":\"#section\",\"18334eca-71b2-4090-ac35-20abdb207c33\":\"some class\",\"24a9c864-a05b-496f-92d0-6072f45d84fe\":false,\"4379e7a0-c7e2-4a76-96b1-dbcf9ed02074\":\"wave\",\"3a7f3567-350e-41a1-9bb8-129cd9a6c519\":true,\"d41d3f08-74c0-46b1-804a-884be4a6fffa\":true,\"d604dc08-fc17-470f-ac46-5bd2d5fea7f0\":\"slideLeft\"}',1,'2025-12-06 20:31:22','2025-12-06 20:31:22','e9214bd7-fb6c-4100-a150-36d00740bc14'),
(533,533,1,'Testing flexibl editor','testtt',NULL,NULL,1,'2025-12-06 20:31:22','2025-12-06 20:31:22','7425480d-9b11-4bcd-9384-5b0c8a2279b2'),
(534,534,1,'Top Spacer','top-spacer',NULL,'{\"65cd5ed5-c924-4fa9-aea7-ca7349a71e47\":\"medium\"}',1,'2025-12-06 20:31:22','2025-12-06 20:31:22','c06875aa-51e3-463e-bfc3-21206463dbe2'),
(535,535,1,'Specialized in the subtle magic of clinically advanced treatments','test',NULL,'{\"2aae0d8e-4cea-4926-92cc-9a1c5dc3ecb9\":\"<h2>Specialized in the subtle magic of clinically advanced treatments</h2><p> </p>\",\"1fcfdd57-b6cb-4493-bdf2-2f7f6386c8c2\":\"large\",\"d65d1c35-ed40-465c-8613-98206b6c0d67\":\"center\",\"c531a0eb-1f92-4225-a6f0-40ab68b8f3de\":\"container\"}',1,'2025-12-06 20:31:22','2025-12-06 20:31:22','f1f4b7fb-9798-40ef-aee7-c38274751f5c'),
(536,536,1,'Bottom Spacer','top-spacer',NULL,'{\"65cd5ed5-c924-4fa9-aea7-ca7349a71e47\":\"medium\"}',1,'2025-12-06 20:31:22','2025-12-06 20:31:22','61a27ba8-f512-4063-91eb-e7403bc6d358'),
(542,542,1,'For exquisitely natural results','test',NULL,'{\"2aae0d8e-4cea-4926-92cc-9a1c5dc3ecb9\":\"<p>For exquisitely natural results</p>\",\"1fcfdd57-b6cb-4493-bdf2-2f7f6386c8c2\":\"large\",\"d65d1c35-ed40-465c-8613-98206b6c0d67\":\"center\",\"c531a0eb-1f92-4225-a6f0-40ab68b8f3de\":\"container\"}',1,'2025-12-06 20:33:04','2025-12-06 20:33:04','ef17e0f1-f17f-4a90-9f93-1d3bd8b59b49'),
(543,543,1,'Homepage','homepage','__home__',NULL,1,'2025-12-06 20:33:05','2025-12-06 20:33:05','7c719b0b-f995-4461-a51f-12e6bb1e09ea'),
(544,544,1,'One COlumn test 2','one-column-test',NULL,'{\"c6ba37df-5856-4b99-abff-ee5ac2023dee\":\"singleColumn\",\"463779f3-52da-4f3f-8f35-b0263c8d8c3b\":\"stack\",\"48f56917-e399-43c9-91af-7d3ddaa9b6c8\":\"top\",\"15d88486-9f10-4200-8468-69effb7550d6\":\"large\",\"353456f6-299a-4ccf-a717-44aa8f5eaf3e\":\"navyDark\",\"12ab5942-8eb1-4e8d-af73-0d67149caea5\":false,\"f6ecf01a-0bc4-4c4c-9bcc-e0cded609999\":\"10\",\"08c9532b-900d-4f33-8644-fbd2b4a0448e\":\"white\",\"7b70343f-41ce-4c2d-bcec-54b0cd0dc42f\":\"narrowContainer\",\"1ba854f9-b95e-4fbd-9117-3e38dea54db5\":\"large\",\"03a38015-ace3-4900-9eb7-553ae2371d19\":\"large\",\"ede60280-5b1f-46f4-ba48-87483c912289\":\"#section\",\"18334eca-71b2-4090-ac35-20abdb207c33\":\"some class\",\"24a9c864-a05b-496f-92d0-6072f45d84fe\":false,\"4379e7a0-c7e2-4a76-96b1-dbcf9ed02074\":\"wave\",\"3a7f3567-350e-41a1-9bb8-129cd9a6c519\":true,\"d41d3f08-74c0-46b1-804a-884be4a6fffa\":true,\"d604dc08-fc17-470f-ac46-5bd2d5fea7f0\":\"slideLeft\"}',1,'2025-12-06 20:33:05','2025-12-06 20:33:05','fc7eaecb-fb43-4da8-84a3-427d3b754481'),
(545,545,1,'Testing flexibl editor','testtt',NULL,NULL,1,'2025-12-06 20:33:05','2025-12-06 20:33:05','37a21406-88f6-474b-905c-f5b0efc6fc49'),
(546,546,1,'For exquisitely natural results','test',NULL,'{\"2aae0d8e-4cea-4926-92cc-9a1c5dc3ecb9\":\"<p>For exquisitely natural results</p>\",\"1fcfdd57-b6cb-4493-bdf2-2f7f6386c8c2\":\"large\",\"d65d1c35-ed40-465c-8613-98206b6c0d67\":\"center\",\"c531a0eb-1f92-4225-a6f0-40ab68b8f3de\":\"container\"}',1,'2025-12-06 20:33:05','2025-12-06 20:33:05','a78a5bf3-3118-45d8-81d0-176bb396a5b1'),
(549,549,1,NULL,'__temp_pytlmxrtkpyswcdtdmzevgmlglsstaolgdvy',NULL,NULL,1,'2025-12-07 00:21:24','2025-12-07 00:21:24','d5364a1e-3eb8-41d4-bcb3-80c5330df829'),
(551,551,1,NULL,'__temp_qtofvrnlcrqaiupdlbspinmfpfgmysdwrjjd',NULL,NULL,1,'2025-12-07 00:21:47','2025-12-07 00:21:47','ec6b4de9-c6e6-40e0-91ba-0f3361067c3b'),
(553,553,1,NULL,'__temp_rzhbqctponksmvrodmgssquukihhbhrymgza',NULL,NULL,1,'2025-12-07 00:22:07','2025-12-07 00:22:07','ef720655-bef1-40d1-9249-04d57c34eb70'),
(555,555,1,NULL,'__temp_ukhlfrkrwxvqphsxkdlvvvxiptnbnkyeulvy',NULL,NULL,1,'2025-12-07 00:22:39','2025-12-07 00:22:39','4d322ff2-0000-4c0c-a979-5e57125f5106'),
(556,556,1,NULL,'__temp_wmeimyvjylpqcjlosjessunwyhwkrrnjklnf',NULL,'{\"306c8a8b-7513-4a3f-82c5-7797d86388ed\":\"normal\"}',1,'2025-12-07 00:22:42','2025-12-07 00:22:42','04548395-e182-4195-8bd4-c93acabacb14'),
(567,567,1,NULL,'__temp_gsjqarcyaoxbnckyesidrekuzhkajradrvdb',NULL,'{\"e376cfa3-16b2-41b2-b6c8-bf077d006110\":\"line\",\"bba64c5f-ac72-420f-a677-ed6defbb3b82\":\"short\",\"1a19c91a-121e-4f3c-b097-a360b3243240\":\"white\",\"80b008ae-e67c-45de-800e-76fc0fdcdc2a\":\"thin\",\"a15df883-dc8f-4e20-af61-cedce78c133b\":\"xs\",\"8b2111a4-335b-497f-94da-aaed1b3e0328\":\"medium\"}',1,'2025-12-07 08:32:56','2025-12-07 08:32:56','d8cf51c0-d1a5-457a-a0dd-cdc30a7e554a'),
(568,568,1,'Specialised in the subtle magic of clinically advanced treatments','specialised-in-the-subtle-magic-of-clinically-advanced-treatments',NULL,'{\"4ce0ac7c-152d-4795-89c2-faff0d75a7ed\":\"Specialised in the subtle magic of clinically advanced treatments\",\"d786a952-f7f5-459f-8a46-f32ff468d4f6\":\"h2\",\"dc38184a-b41a-44b1-980c-64e7c324f41a\":\"display\",\"e143d6ba-f2c7-4712-922a-18c4986f97a5\":\"center\",\"e0f06b72-a283-4059-ad08-76e79c84e85e\":false,\"f6a12dd4-f43f-4d77-92f9-750ed12602b5\":\"white\"}',1,'2025-12-07 08:32:56','2025-12-07 08:32:56','2fdfa99b-5064-46b9-93bc-f674100ceb82'),
(569,569,1,NULL,'__temp_gsjqarcyaoxbnckyesidrekuzhkajradrvdb',NULL,'{\"e376cfa3-16b2-41b2-b6c8-bf077d006110\":\"line\",\"bba64c5f-ac72-420f-a677-ed6defbb3b82\":\"short\",\"1a19c91a-121e-4f3c-b097-a360b3243240\":\"white\",\"80b008ae-e67c-45de-800e-76fc0fdcdc2a\":\"thin\",\"a15df883-dc8f-4e20-af61-cedce78c133b\":\"xs\",\"8b2111a4-335b-497f-94da-aaed1b3e0328\":\"xs\"}',1,'2025-12-07 08:32:56','2025-12-07 08:32:56','80f9f18c-246a-4b77-8c52-3cd52c07e2c4'),
(570,570,1,'For exquisitely natural results','for-exquisitely-natural-results',NULL,'{\"2aae0d8e-4cea-4926-92cc-9a1c5dc3ecb9\":\"<p><i>    For exquisitely natural results</i></p>\",\"1fcfdd57-b6cb-4493-bdf2-2f7f6386c8c2\":\"large\",\"d65d1c35-ed40-465c-8613-98206b6c0d67\":\"center\",\"c531a0eb-1f92-4225-a6f0-40ab68b8f3de\":\"narrow\"}',1,'2025-12-07 08:32:56','2025-12-07 08:32:56','a047743a-9592-4ae5-b6dd-eb260d18683e'),
(578,578,1,'Elegant Text Section','testtt',NULL,NULL,1,'2025-12-07 08:38:43','2025-12-07 08:38:43','b556fd98-9845-4227-8303-374b26854f53'),
(579,579,1,NULL,'__temp_gsjqarcyaoxbnckyesidrekuzhkajradrvdb',NULL,'{\"e376cfa3-16b2-41b2-b6c8-bf077d006110\":\"line\",\"bba64c5f-ac72-420f-a677-ed6defbb3b82\":\"short\",\"1a19c91a-121e-4f3c-b097-a360b3243240\":\"white\",\"80b008ae-e67c-45de-800e-76fc0fdcdc2a\":\"thin\",\"a15df883-dc8f-4e20-af61-cedce78c133b\":\"xs\",\"8b2111a4-335b-497f-94da-aaed1b3e0328\":\"medium\"}',1,'2025-12-07 08:38:43','2025-12-07 08:38:43','3c290788-c4ba-4a39-a518-65ed9a0d4b90'),
(580,580,1,'Specialised in the subtle magic of clinically advanced treatments','specialised-in-the-subtle-magic-of-clinically-advanced-treatments',NULL,'{\"4ce0ac7c-152d-4795-89c2-faff0d75a7ed\":\"Specialised in the subtle magic of clinically advanced treatments\",\"d786a952-f7f5-459f-8a46-f32ff468d4f6\":\"h2\",\"dc38184a-b41a-44b1-980c-64e7c324f41a\":\"display\",\"e143d6ba-f2c7-4712-922a-18c4986f97a5\":\"center\",\"e0f06b72-a283-4059-ad08-76e79c84e85e\":false,\"f6a12dd4-f43f-4d77-92f9-750ed12602b5\":\"white\"}',1,'2025-12-07 08:38:43','2025-12-07 08:38:43','1295b550-60f4-435f-87ff-80f6308343cd'),
(581,581,1,'For exquisitely natural results','for-exquisitely-natural-results',NULL,'{\"2aae0d8e-4cea-4926-92cc-9a1c5dc3ecb9\":\"<p><i>    For exquisitely natural results</i></p>\",\"1fcfdd57-b6cb-4493-bdf2-2f7f6386c8c2\":\"large\",\"d65d1c35-ed40-465c-8613-98206b6c0d67\":\"center\",\"c531a0eb-1f92-4225-a6f0-40ab68b8f3de\":\"narrow\"}',1,'2025-12-07 08:38:43','2025-12-07 08:38:43','b8467ac1-59c1-4c53-9e05-2a564c2103ad'),
(582,582,1,NULL,'__temp_gsjqarcyaoxbnckyesidrekuzhkajradrvdb',NULL,'{\"e376cfa3-16b2-41b2-b6c8-bf077d006110\":\"line\",\"bba64c5f-ac72-420f-a677-ed6defbb3b82\":\"short\",\"1a19c91a-121e-4f3c-b097-a360b3243240\":\"white\",\"80b008ae-e67c-45de-800e-76fc0fdcdc2a\":\"thin\",\"a15df883-dc8f-4e20-af61-cedce78c133b\":\"xs\",\"8b2111a4-335b-497f-94da-aaed1b3e0328\":\"xs\"}',1,'2025-12-07 08:38:43','2025-12-07 08:38:43','8008bd2a-fdee-4f09-8461-d8f15c63608e'),
(583,583,1,'Homepage','homepage','__home__',NULL,1,'2025-12-07 08:38:43','2025-12-07 08:38:43','af05c7c3-5696-49b1-9997-188b410a7b75'),
(584,584,1,NULL,'one-column-test',NULL,'{\"c6ba37df-5856-4b99-abff-ee5ac2023dee\":\"singleColumn\",\"463779f3-52da-4f3f-8f35-b0263c8d8c3b\":\"stack\",\"15d88486-9f10-4200-8468-69effb7550d6\":\"medium\",\"48f56917-e399-43c9-91af-7d3ddaa9b6c8\":\"center\",\"353456f6-299a-4ccf-a717-44aa8f5eaf3e\":\"gradientNavy\",\"12ab5942-8eb1-4e8d-af73-0d67149caea5\":false,\"f6ecf01a-0bc4-4c4c-9bcc-e0cded609999\":\"10\",\"08c9532b-900d-4f33-8644-fbd2b4a0448e\":\"auto\",\"7b70343f-41ce-4c2d-bcec-54b0cd0dc42f\":\"fullBgContainer\",\"1ba854f9-b95e-4fbd-9117-3e38dea54db5\":\"large\",\"03a38015-ace3-4900-9eb7-553ae2371d19\":\"large\",\"24a9c864-a05b-496f-92d0-6072f45d84fe\":false,\"4379e7a0-c7e2-4a76-96b1-dbcf9ed02074\":\"wave\",\"d604dc08-fc17-470f-ac46-5bd2d5fea7f0\":\"slideLeft\",\"ede60280-5b1f-46f4-ba48-87483c912289\":\"#section\",\"18334eca-71b2-4090-ac35-20abdb207c33\":\"some class\",\"3a7f3567-350e-41a1-9bb8-129cd9a6c519\":true,\"d41d3f08-74c0-46b1-804a-884be4a6fffa\":true}',1,'2025-12-07 08:38:43','2025-12-07 08:38:43','e61b4b24-707c-49bf-96e5-4cbcede13c8c'),
(585,585,1,'Elegant Text Section','testtt',NULL,NULL,1,'2025-12-07 08:38:43','2025-12-07 08:38:43','eadaf10c-f66f-4f51-9a72-33388ca9243d'),
(586,586,1,NULL,'__temp_gsjqarcyaoxbnckyesidrekuzhkajradrvdb',NULL,'{\"e376cfa3-16b2-41b2-b6c8-bf077d006110\":\"line\",\"bba64c5f-ac72-420f-a677-ed6defbb3b82\":\"short\",\"1a19c91a-121e-4f3c-b097-a360b3243240\":\"white\",\"80b008ae-e67c-45de-800e-76fc0fdcdc2a\":\"thin\",\"a15df883-dc8f-4e20-af61-cedce78c133b\":\"xs\",\"8b2111a4-335b-497f-94da-aaed1b3e0328\":\"medium\"}',1,'2025-12-07 08:38:43','2025-12-07 08:38:43','32f6b362-0944-4a9a-997a-b315eec62ed6'),
(587,587,1,'Specialised in the subtle magic of clinically advanced treatments','specialised-in-the-subtle-magic-of-clinically-advanced-treatments',NULL,'{\"4ce0ac7c-152d-4795-89c2-faff0d75a7ed\":\"Specialised in the subtle magic of clinically advanced treatments\",\"d786a952-f7f5-459f-8a46-f32ff468d4f6\":\"h2\",\"dc38184a-b41a-44b1-980c-64e7c324f41a\":\"display\",\"e143d6ba-f2c7-4712-922a-18c4986f97a5\":\"center\",\"e0f06b72-a283-4059-ad08-76e79c84e85e\":false,\"f6a12dd4-f43f-4d77-92f9-750ed12602b5\":\"white\"}',1,'2025-12-07 08:38:43','2025-12-07 08:38:43','88a3f0bb-b43e-4aa2-9f70-afea6383e068'),
(588,588,1,'For exquisitely natural results','for-exquisitely-natural-results',NULL,'{\"2aae0d8e-4cea-4926-92cc-9a1c5dc3ecb9\":\"<p><i>    For exquisitely natural results</i></p>\",\"1fcfdd57-b6cb-4493-bdf2-2f7f6386c8c2\":\"large\",\"d65d1c35-ed40-465c-8613-98206b6c0d67\":\"center\",\"c531a0eb-1f92-4225-a6f0-40ab68b8f3de\":\"narrow\"}',1,'2025-12-07 08:38:43','2025-12-07 08:38:43','6baf4b91-5087-4132-a1e7-5f8f1557930b'),
(589,589,1,NULL,'__temp_gsjqarcyaoxbnckyesidrekuzhkajradrvdb',NULL,'{\"e376cfa3-16b2-41b2-b6c8-bf077d006110\":\"line\",\"bba64c5f-ac72-420f-a677-ed6defbb3b82\":\"short\",\"1a19c91a-121e-4f3c-b097-a360b3243240\":\"white\",\"80b008ae-e67c-45de-800e-76fc0fdcdc2a\":\"thin\",\"a15df883-dc8f-4e20-af61-cedce78c133b\":\"xs\",\"8b2111a4-335b-497f-94da-aaed1b3e0328\":\"xs\"}',1,'2025-12-07 08:38:43','2025-12-07 08:38:43','81961407-4472-4e9c-bc54-e93ea0737cad'),
(592,592,1,NULL,'__temp_gsjqarcyaoxbnckyesidrekuzhkajradrvdb',NULL,'{\"1a19c91a-121e-4f3c-b097-a360b3243240\":\"gold\",\"e376cfa3-16b2-41b2-b6c8-bf077d006110\":\"line\",\"bba64c5f-ac72-420f-a677-ed6defbb3b82\":\"short\",\"80b008ae-e67c-45de-800e-76fc0fdcdc2a\":\"thin\",\"a15df883-dc8f-4e20-af61-cedce78c133b\":\"xs\",\"8b2111a4-335b-497f-94da-aaed1b3e0328\":\"medium\"}',1,'2025-12-07 08:41:47','2025-12-07 08:41:47','b117c42b-6331-4ab0-9f03-4cae44ec9b13'),
(593,593,1,'Elegant Text Section','testtt',NULL,NULL,1,'2025-12-07 08:41:49','2025-12-07 08:41:49','e3423862-1acc-4f07-b4a4-8035c2c3b264'),
(594,594,1,NULL,'__temp_gsjqarcyaoxbnckyesidrekuzhkajradrvdb',NULL,'{\"1a19c91a-121e-4f3c-b097-a360b3243240\":\"gold\",\"e376cfa3-16b2-41b2-b6c8-bf077d006110\":\"line\",\"bba64c5f-ac72-420f-a677-ed6defbb3b82\":\"short\",\"80b008ae-e67c-45de-800e-76fc0fdcdc2a\":\"thin\",\"a15df883-dc8f-4e20-af61-cedce78c133b\":\"xs\",\"8b2111a4-335b-497f-94da-aaed1b3e0328\":\"xs\"}',1,'2025-12-07 08:41:56','2025-12-07 08:41:56','e28bfc4c-d2a3-4066-8a04-da0d949a15a4'),
(604,604,1,'Elegant Text section','one-column-test',NULL,'{\"c6ba37df-5856-4b99-abff-ee5ac2023dee\":\"singleColumn\",\"463779f3-52da-4f3f-8f35-b0263c8d8c3b\":\"stack\",\"15d88486-9f10-4200-8468-69effb7550d6\":\"medium\",\"48f56917-e399-43c9-91af-7d3ddaa9b6c8\":\"center\",\"353456f6-299a-4ccf-a717-44aa8f5eaf3e\":\"gradientNavy\",\"420c8b0e-3fe1-4ee3-ae34-7a4e1a6ad89d\":[],\"12ab5942-8eb1-4e8d-af73-0d67149caea5\":false,\"f6ecf01a-0bc4-4c4c-9bcc-e0cded609999\":\"10\",\"08c9532b-900d-4f33-8644-fbd2b4a0448e\":\"auto\",\"7b70343f-41ce-4c2d-bcec-54b0cd0dc42f\":\"fullBgContainer\",\"1ba854f9-b95e-4fbd-9117-3e38dea54db5\":\"medium\",\"03a38015-ace3-4900-9eb7-553ae2371d19\":\"medium\",\"24a9c864-a05b-496f-92d0-6072f45d84fe\":false,\"4379e7a0-c7e2-4a76-96b1-dbcf9ed02074\":\"wave\",\"d604dc08-fc17-470f-ac46-5bd2d5fea7f0\":\"slideLeft\",\"ede60280-5b1f-46f4-ba48-87483c912289\":\"#section\",\"18334eca-71b2-4090-ac35-20abdb207c33\":\"some class\",\"3a7f3567-350e-41a1-9bb8-129cd9a6c519\":true,\"d41d3f08-74c0-46b1-804a-884be4a6fffa\":true}',1,'2025-12-07 08:45:19','2025-12-07 08:46:56','b5203024-44e9-4551-9ea1-00d2951045f5'),
(605,605,1,'Elegant Text Section','testtt',NULL,NULL,1,'2025-12-07 08:45:19','2025-12-07 08:45:19','2fcece8c-1622-47bd-a6f8-bd5850edfdfc'),
(606,606,1,NULL,'__temp_gsjqarcyaoxbnckyesidrekuzhkajradrvdb',NULL,'{\"e376cfa3-16b2-41b2-b6c8-bf077d006110\":\"line\",\"bba64c5f-ac72-420f-a677-ed6defbb3b82\":\"short\",\"1a19c91a-121e-4f3c-b097-a360b3243240\":\"gold\",\"80b008ae-e67c-45de-800e-76fc0fdcdc2a\":\"thin\",\"a15df883-dc8f-4e20-af61-cedce78c133b\":\"xs\",\"8b2111a4-335b-497f-94da-aaed1b3e0328\":\"medium\"}',1,'2025-12-07 08:45:19','2025-12-07 08:45:19','561af56a-87b1-4981-b643-ddbe7c60fd57'),
(607,607,1,'Specialised in the subtle magic of clinically advanced treatments','specialised-in-the-subtle-magic-of-clinically-advanced-treatments',NULL,'{\"4ce0ac7c-152d-4795-89c2-faff0d75a7ed\":\"Specialised in the subtle magic of clinically advanced treatments\",\"d786a952-f7f5-459f-8a46-f32ff468d4f6\":\"h3\",\"dc38184a-b41a-44b1-980c-64e7c324f41a\":\"display\",\"e143d6ba-f2c7-4712-922a-18c4986f97a5\":\"center\",\"e0f06b72-a283-4059-ad08-76e79c84e85e\":false,\"f6a12dd4-f43f-4d77-92f9-750ed12602b5\":\"white\"}',1,'2025-12-07 08:45:19','2025-12-07 08:45:19','87238f1e-9f29-4fab-810e-6fadeb14cc3a'),
(608,608,1,'For exquisitely natural results','for-exquisitely-natural-results',NULL,'{\"2aae0d8e-4cea-4926-92cc-9a1c5dc3ecb9\":\"<p><i>    For exquisitely natural results</i></p>\",\"1fcfdd57-b6cb-4493-bdf2-2f7f6386c8c2\":\"large\",\"d65d1c35-ed40-465c-8613-98206b6c0d67\":\"center\",\"c531a0eb-1f92-4225-a6f0-40ab68b8f3de\":\"narrow\"}',1,'2025-12-07 08:45:19','2025-12-07 08:45:19','9d6a3b00-4411-4e06-b951-5e0771e3a604'),
(609,609,1,NULL,'__temp_gsjqarcyaoxbnckyesidrekuzhkajradrvdb',NULL,'{\"e376cfa3-16b2-41b2-b6c8-bf077d006110\":\"line\",\"bba64c5f-ac72-420f-a677-ed6defbb3b82\":\"short\",\"1a19c91a-121e-4f3c-b097-a360b3243240\":\"gold\",\"80b008ae-e67c-45de-800e-76fc0fdcdc2a\":\"thin\",\"a15df883-dc8f-4e20-af61-cedce78c133b\":\"xs\",\"8b2111a4-335b-497f-94da-aaed1b3e0328\":\"xs\"}',1,'2025-12-07 08:45:19','2025-12-07 08:45:19','549c4abd-e459-4b13-aaac-4f80b0ea42be'),
(610,610,1,'Homepage','homepage','__home__',NULL,1,'2025-12-07 08:45:19','2025-12-07 08:45:19','0d5bcc5f-cf27-4877-a286-aeb40327e555'),
(611,611,1,'Elegant Text section','one-column-test',NULL,'{\"c6ba37df-5856-4b99-abff-ee5ac2023dee\":\"singleColumn\",\"463779f3-52da-4f3f-8f35-b0263c8d8c3b\":\"stack\",\"15d88486-9f10-4200-8468-69effb7550d6\":\"medium\",\"48f56917-e399-43c9-91af-7d3ddaa9b6c8\":\"center\",\"353456f6-299a-4ccf-a717-44aa8f5eaf3e\":\"gradientNavy\",\"12ab5942-8eb1-4e8d-af73-0d67149caea5\":false,\"f6ecf01a-0bc4-4c4c-9bcc-e0cded609999\":\"10\",\"08c9532b-900d-4f33-8644-fbd2b4a0448e\":\"auto\",\"7b70343f-41ce-4c2d-bcec-54b0cd0dc42f\":\"fullBgContainer\",\"1ba854f9-b95e-4fbd-9117-3e38dea54db5\":\"large\",\"03a38015-ace3-4900-9eb7-553ae2371d19\":\"large\",\"24a9c864-a05b-496f-92d0-6072f45d84fe\":false,\"4379e7a0-c7e2-4a76-96b1-dbcf9ed02074\":\"wave\",\"d604dc08-fc17-470f-ac46-5bd2d5fea7f0\":\"slideLeft\",\"ede60280-5b1f-46f4-ba48-87483c912289\":\"#section\",\"18334eca-71b2-4090-ac35-20abdb207c33\":\"some class\",\"3a7f3567-350e-41a1-9bb8-129cd9a6c519\":true,\"d41d3f08-74c0-46b1-804a-884be4a6fffa\":true}',1,'2025-12-07 08:45:19','2025-12-07 08:45:19','3f572cc5-f6c9-455b-b6b9-d757c7f2c3b2'),
(612,612,1,'Elegant Text Section','testtt',NULL,NULL,1,'2025-12-07 08:45:19','2025-12-07 08:45:19','2d1205a7-71c5-4f86-9fe4-72aeb86f970c'),
(613,613,1,NULL,'__temp_gsjqarcyaoxbnckyesidrekuzhkajradrvdb',NULL,'{\"e376cfa3-16b2-41b2-b6c8-bf077d006110\":\"line\",\"bba64c5f-ac72-420f-a677-ed6defbb3b82\":\"short\",\"1a19c91a-121e-4f3c-b097-a360b3243240\":\"gold\",\"80b008ae-e67c-45de-800e-76fc0fdcdc2a\":\"thin\",\"a15df883-dc8f-4e20-af61-cedce78c133b\":\"xs\",\"8b2111a4-335b-497f-94da-aaed1b3e0328\":\"medium\"}',1,'2025-12-07 08:45:19','2025-12-07 08:45:19','f44c20d9-4ff1-4f46-9085-d9d8f93a388a'),
(614,614,1,'Specialised in the subtle magic of clinically advanced treatments','specialised-in-the-subtle-magic-of-clinically-advanced-treatments',NULL,'{\"4ce0ac7c-152d-4795-89c2-faff0d75a7ed\":\"Specialised in the subtle magic of clinically advanced treatments\",\"d786a952-f7f5-459f-8a46-f32ff468d4f6\":\"h3\",\"dc38184a-b41a-44b1-980c-64e7c324f41a\":\"display\",\"e143d6ba-f2c7-4712-922a-18c4986f97a5\":\"center\",\"e0f06b72-a283-4059-ad08-76e79c84e85e\":false,\"f6a12dd4-f43f-4d77-92f9-750ed12602b5\":\"white\"}',1,'2025-12-07 08:45:19','2025-12-07 08:45:19','d821c4db-f7e1-456f-8679-39f8341576ce'),
(615,615,1,'For exquisitely natural results','for-exquisitely-natural-results',NULL,'{\"2aae0d8e-4cea-4926-92cc-9a1c5dc3ecb9\":\"<p><i>    For exquisitely natural results</i></p>\",\"1fcfdd57-b6cb-4493-bdf2-2f7f6386c8c2\":\"large\",\"d65d1c35-ed40-465c-8613-98206b6c0d67\":\"center\",\"c531a0eb-1f92-4225-a6f0-40ab68b8f3de\":\"narrow\"}',1,'2025-12-07 08:45:19','2025-12-07 08:45:19','63459859-d5b6-45b5-badb-02bfef919b84'),
(616,616,1,NULL,'__temp_gsjqarcyaoxbnckyesidrekuzhkajradrvdb',NULL,'{\"e376cfa3-16b2-41b2-b6c8-bf077d006110\":\"line\",\"bba64c5f-ac72-420f-a677-ed6defbb3b82\":\"short\",\"1a19c91a-121e-4f3c-b097-a360b3243240\":\"gold\",\"80b008ae-e67c-45de-800e-76fc0fdcdc2a\":\"thin\",\"a15df883-dc8f-4e20-af61-cedce78c133b\":\"xs\",\"8b2111a4-335b-497f-94da-aaed1b3e0328\":\"xs\"}',1,'2025-12-07 08:45:19','2025-12-07 08:45:19','b6235c07-a111-4550-9690-38d00902d64c'),
(619,619,1,'Homepage','homepage','__home__',NULL,1,'2025-12-07 08:46:56','2025-12-07 08:46:56','ca2576af-eb06-498f-9d10-e2cc3755728c'),
(620,620,1,'Elegant Text section','one-column-test',NULL,'{\"c6ba37df-5856-4b99-abff-ee5ac2023dee\":\"singleColumn\",\"463779f3-52da-4f3f-8f35-b0263c8d8c3b\":\"stack\",\"15d88486-9f10-4200-8468-69effb7550d6\":\"medium\",\"48f56917-e399-43c9-91af-7d3ddaa9b6c8\":\"center\",\"353456f6-299a-4ccf-a717-44aa8f5eaf3e\":\"gradientNavy\",\"12ab5942-8eb1-4e8d-af73-0d67149caea5\":false,\"f6ecf01a-0bc4-4c4c-9bcc-e0cded609999\":\"10\",\"08c9532b-900d-4f33-8644-fbd2b4a0448e\":\"auto\",\"7b70343f-41ce-4c2d-bcec-54b0cd0dc42f\":\"fullBgContainer\",\"1ba854f9-b95e-4fbd-9117-3e38dea54db5\":\"medium\",\"03a38015-ace3-4900-9eb7-553ae2371d19\":\"medium\",\"24a9c864-a05b-496f-92d0-6072f45d84fe\":false,\"4379e7a0-c7e2-4a76-96b1-dbcf9ed02074\":\"wave\",\"d604dc08-fc17-470f-ac46-5bd2d5fea7f0\":\"slideLeft\",\"ede60280-5b1f-46f4-ba48-87483c912289\":\"#section\",\"18334eca-71b2-4090-ac35-20abdb207c33\":\"some class\",\"3a7f3567-350e-41a1-9bb8-129cd9a6c519\":true,\"d41d3f08-74c0-46b1-804a-884be4a6fffa\":true}',1,'2025-12-07 08:46:56','2025-12-07 08:46:56','e417b403-327d-4077-a46d-e870e8d4899a'),
(626,626,1,'Specialised in the subtle magic of clinically advanced treatments','specialised-in-the-subtle-magic-of-clinically-advanced-treatments',NULL,'{\"d786a952-f7f5-459f-8a46-f32ff468d4f6\":\"h2\",\"4ce0ac7c-152d-4795-89c2-faff0d75a7ed\":\"Specialised in the subtle magic of clinically advanced treatments\",\"dc38184a-b41a-44b1-980c-64e7c324f41a\":\"display\",\"e143d6ba-f2c7-4712-922a-18c4986f97a5\":\"center\",\"e0f06b72-a283-4059-ad08-76e79c84e85e\":false,\"f6a12dd4-f43f-4d77-92f9-750ed12602b5\":\"white\"}',1,'2025-12-07 08:48:34','2025-12-07 08:48:34','71fcbe1c-17d8-489a-a763-d9c5020bbdb1'),
(632,632,1,'Elegant Text Section','testtt',NULL,NULL,1,'2025-12-07 08:49:11','2025-12-07 08:49:11','87387daa-0cfc-4374-a0bb-2c7a1c5cd5b1'),
(634,634,1,'Specialised in the subtle magic of clinically advanced treatments','specialised-in-the-subtle-magic-of-clinically-advanced-treatments',NULL,'{\"4ce0ac7c-152d-4795-89c2-faff0d75a7ed\":\"Specialised in the subtle magic of clinically advanced treatments\",\"d786a952-f7f5-459f-8a46-f32ff468d4f6\":\"h2\",\"dc38184a-b41a-44b1-980c-64e7c324f41a\":\"display\",\"e143d6ba-f2c7-4712-922a-18c4986f97a5\":\"center\",\"e0f06b72-a283-4059-ad08-76e79c84e85e\":false,\"f6a12dd4-f43f-4d77-92f9-750ed12602b5\":\"white\"}',1,'2025-12-07 08:49:11','2025-12-07 08:49:11','64902ccb-ec6f-41f4-8e8a-bef55a02045c'),
(635,635,1,'For exquisitely natural results','for-exquisitely-natural-results',NULL,'{\"2aae0d8e-4cea-4926-92cc-9a1c5dc3ecb9\":\"<p><i>    For exquisitely natural results</i></p>\",\"1fcfdd57-b6cb-4493-bdf2-2f7f6386c8c2\":\"large\",\"d65d1c35-ed40-465c-8613-98206b6c0d67\":\"center\",\"c531a0eb-1f92-4225-a6f0-40ab68b8f3de\":\"narrow\"}',1,'2025-12-07 08:49:11','2025-12-07 08:49:11','98b9dd6e-7088-4c29-b138-317fcfe159b4'),
(636,636,1,NULL,'__temp_gsjqarcyaoxbnckyesidrekuzhkajradrvdb',NULL,'{\"e376cfa3-16b2-41b2-b6c8-bf077d006110\":\"line\",\"bba64c5f-ac72-420f-a677-ed6defbb3b82\":\"short\",\"1a19c91a-121e-4f3c-b097-a360b3243240\":\"gold\",\"80b008ae-e67c-45de-800e-76fc0fdcdc2a\":\"thin\",\"a15df883-dc8f-4e20-af61-cedce78c133b\":\"xs\",\"8b2111a4-335b-497f-94da-aaed1b3e0328\":\"xs\"}',1,'2025-12-07 08:49:11','2025-12-07 08:49:11','ff40ff45-4768-412b-a413-78ead1922f6f'),
(637,637,1,'Homepage','homepage','__home__',NULL,1,'2025-12-07 08:49:11','2025-12-07 08:49:11','1323c00e-4e51-46dc-8981-04a0755eb372'),
(638,638,1,'Elegant Text section','one-column-test',NULL,'{\"c6ba37df-5856-4b99-abff-ee5ac2023dee\":\"singleColumn\",\"463779f3-52da-4f3f-8f35-b0263c8d8c3b\":\"stack\",\"15d88486-9f10-4200-8468-69effb7550d6\":\"medium\",\"48f56917-e399-43c9-91af-7d3ddaa9b6c8\":\"center\",\"353456f6-299a-4ccf-a717-44aa8f5eaf3e\":\"gradientNavy\",\"12ab5942-8eb1-4e8d-af73-0d67149caea5\":false,\"f6ecf01a-0bc4-4c4c-9bcc-e0cded609999\":\"10\",\"08c9532b-900d-4f33-8644-fbd2b4a0448e\":\"auto\",\"7b70343f-41ce-4c2d-bcec-54b0cd0dc42f\":\"fullBgContainer\",\"1ba854f9-b95e-4fbd-9117-3e38dea54db5\":\"medium\",\"03a38015-ace3-4900-9eb7-553ae2371d19\":\"medium\",\"24a9c864-a05b-496f-92d0-6072f45d84fe\":false,\"4379e7a0-c7e2-4a76-96b1-dbcf9ed02074\":\"wave\",\"d604dc08-fc17-470f-ac46-5bd2d5fea7f0\":\"slideLeft\",\"ede60280-5b1f-46f4-ba48-87483c912289\":\"#section\",\"18334eca-71b2-4090-ac35-20abdb207c33\":\"some class\",\"3a7f3567-350e-41a1-9bb8-129cd9a6c519\":true,\"d41d3f08-74c0-46b1-804a-884be4a6fffa\":true}',1,'2025-12-07 08:49:11','2025-12-07 08:49:11','88547353-d08f-4c64-871b-d582b98fb3f2'),
(639,639,1,'Elegant Text Section','testtt',NULL,NULL,1,'2025-12-07 08:49:11','2025-12-07 08:49:11','1f479086-1056-404a-a1c6-1e78a24e1497'),
(641,641,1,'Specialised in the subtle magic of clinically advanced treatments','specialised-in-the-subtle-magic-of-clinically-advanced-treatments',NULL,'{\"4ce0ac7c-152d-4795-89c2-faff0d75a7ed\":\"Specialised in the subtle magic of clinically advanced treatments\",\"d786a952-f7f5-459f-8a46-f32ff468d4f6\":\"h2\",\"dc38184a-b41a-44b1-980c-64e7c324f41a\":\"display\",\"e143d6ba-f2c7-4712-922a-18c4986f97a5\":\"center\",\"e0f06b72-a283-4059-ad08-76e79c84e85e\":false,\"f6a12dd4-f43f-4d77-92f9-750ed12602b5\":\"white\"}',1,'2025-12-07 08:49:11','2025-12-07 08:49:11','04b6a1e2-9984-4dce-bd5f-47e36ac5e222'),
(642,642,1,'For exquisitely natural results','for-exquisitely-natural-results',NULL,'{\"2aae0d8e-4cea-4926-92cc-9a1c5dc3ecb9\":\"<p><i>    For exquisitely natural results</i></p>\",\"1fcfdd57-b6cb-4493-bdf2-2f7f6386c8c2\":\"large\",\"d65d1c35-ed40-465c-8613-98206b6c0d67\":\"center\",\"c531a0eb-1f92-4225-a6f0-40ab68b8f3de\":\"narrow\"}',1,'2025-12-07 08:49:11','2025-12-07 08:49:11','8c5614e0-fbd1-4f25-af65-8a571b068141'),
(643,643,1,NULL,'__temp_gsjqarcyaoxbnckyesidrekuzhkajradrvdb',NULL,'{\"e376cfa3-16b2-41b2-b6c8-bf077d006110\":\"line\",\"bba64c5f-ac72-420f-a677-ed6defbb3b82\":\"short\",\"1a19c91a-121e-4f3c-b097-a360b3243240\":\"gold\",\"80b008ae-e67c-45de-800e-76fc0fdcdc2a\":\"thin\",\"a15df883-dc8f-4e20-af61-cedce78c133b\":\"xs\",\"8b2111a4-335b-497f-94da-aaed1b3e0328\":\"xs\"}',1,'2025-12-07 08:49:11','2025-12-07 08:49:11','adb797ea-ae08-4a2a-b63a-a92e87ec6e1e'),
(648,648,1,'Specialised in the subtle magic of clinically advanced treatments','specialised-in-the-subtle-magic-of-clinically-advanced-treatments',NULL,'{\"d786a952-f7f5-459f-8a46-f32ff468d4f6\":\"h2\",\"4ce0ac7c-152d-4795-89c2-faff0d75a7ed\":\"Specialised in the subtle magic of clinically advanced treatments\",\"dc38184a-b41a-44b1-980c-64e7c324f41a\":\"display\",\"e143d6ba-f2c7-4712-922a-18c4986f97a5\":\"center\",\"e0f06b72-a283-4059-ad08-76e79c84e85e\":false,\"f6a12dd4-f43f-4d77-92f9-750ed12602b5\":\"white\"}',1,'2025-12-07 08:51:18','2025-12-07 08:51:36','39c4c6bc-78e1-485b-b560-4458c51ea299'),
(654,654,1,'Elegant Text Section','testtt',NULL,NULL,1,'2025-12-07 08:52:28','2025-12-07 08:52:28','c42fb892-ce93-4d44-a1b5-bc6a282e2a19'),
(655,655,1,NULL,'__temp_gsjqarcyaoxbnckyesidrekuzhkajradrvdb',NULL,'{\"e376cfa3-16b2-41b2-b6c8-bf077d006110\":\"line\",\"bba64c5f-ac72-420f-a677-ed6defbb3b82\":\"short\",\"1a19c91a-121e-4f3c-b097-a360b3243240\":\"gold\",\"80b008ae-e67c-45de-800e-76fc0fdcdc2a\":\"thin\",\"a15df883-dc8f-4e20-af61-cedce78c133b\":\"xs\",\"8b2111a4-335b-497f-94da-aaed1b3e0328\":\"small\"}',1,'2025-12-07 08:52:28','2025-12-07 09:17:46','68e0d95c-6227-4f97-8360-a4011d933635'),
(656,656,1,'Specialised in the subtle magic of clinically advanced treatments','specialised-in-the-subtle-magic-of-clinically-advanced-treatments',NULL,'{\"4ce0ac7c-152d-4795-89c2-faff0d75a7ed\":\"Specialised in the subtle magic of clinically advanced treatments\",\"d786a952-f7f5-459f-8a46-f32ff468d4f6\":\"h3\",\"dc38184a-b41a-44b1-980c-64e7c324f41a\":\"standard\",\"e143d6ba-f2c7-4712-922a-18c4986f97a5\":\"center\",\"e0f06b72-a283-4059-ad08-76e79c84e85e\":false,\"f6a12dd4-f43f-4d77-92f9-750ed12602b5\":\"white\"}',1,'2025-12-07 08:52:28','2025-12-07 09:17:46','6ae32adc-3aa6-4c35-a833-15f6cf98ee8d'),
(657,657,1,'For exquisitely natural results','for-exquisitely-natural-results',NULL,'{\"2aae0d8e-4cea-4926-92cc-9a1c5dc3ecb9\":\"<p><span style=\\\"color:hsl(17,58%,72%);\\\"><i>for exquisitely natural results</i></span></p>\",\"1fcfdd57-b6cb-4493-bdf2-2f7f6386c8c2\":\"large\",\"d65d1c35-ed40-465c-8613-98206b6c0d67\":\"center\",\"c531a0eb-1f92-4225-a6f0-40ab68b8f3de\":\"narrow\"}',1,'2025-12-07 08:52:28','2025-12-07 09:23:03','592ebd04-581c-42ad-8f55-8f3b52287146'),
(658,658,1,NULL,'__temp_gsjqarcyaoxbnckyesidrekuzhkajradrvdb',NULL,'{\"e376cfa3-16b2-41b2-b6c8-bf077d006110\":\"line\",\"bba64c5f-ac72-420f-a677-ed6defbb3b82\":\"short\",\"1a19c91a-121e-4f3c-b097-a360b3243240\":\"gold\",\"80b008ae-e67c-45de-800e-76fc0fdcdc2a\":\"thin\",\"a15df883-dc8f-4e20-af61-cedce78c133b\":\"xs\",\"8b2111a4-335b-497f-94da-aaed1b3e0328\":\"xs\"}',1,'2025-12-07 08:52:28','2025-12-07 08:52:28','7b914845-edf3-47bd-ab37-7bb659645313'),
(659,659,1,'Homepage','homepage','__home__',NULL,1,'2025-12-07 08:52:28','2025-12-07 08:52:28','fd69a797-9ea0-4b4d-a725-846e06140437'),
(660,660,1,'Elegant Text section','one-column-test',NULL,'{\"c6ba37df-5856-4b99-abff-ee5ac2023dee\":\"singleColumn\",\"463779f3-52da-4f3f-8f35-b0263c8d8c3b\":\"stack\",\"15d88486-9f10-4200-8468-69effb7550d6\":\"medium\",\"48f56917-e399-43c9-91af-7d3ddaa9b6c8\":\"center\",\"353456f6-299a-4ccf-a717-44aa8f5eaf3e\":\"gradientNavy\",\"12ab5942-8eb1-4e8d-af73-0d67149caea5\":false,\"f6ecf01a-0bc4-4c4c-9bcc-e0cded609999\":\"10\",\"08c9532b-900d-4f33-8644-fbd2b4a0448e\":\"auto\",\"7b70343f-41ce-4c2d-bcec-54b0cd0dc42f\":\"fullBgContainer\",\"1ba854f9-b95e-4fbd-9117-3e38dea54db5\":\"medium\",\"03a38015-ace3-4900-9eb7-553ae2371d19\":\"medium\",\"24a9c864-a05b-496f-92d0-6072f45d84fe\":false,\"4379e7a0-c7e2-4a76-96b1-dbcf9ed02074\":\"wave\",\"d604dc08-fc17-470f-ac46-5bd2d5fea7f0\":\"slideLeft\",\"ede60280-5b1f-46f4-ba48-87483c912289\":\"#section\",\"18334eca-71b2-4090-ac35-20abdb207c33\":\"some class\",\"3a7f3567-350e-41a1-9bb8-129cd9a6c519\":true,\"d41d3f08-74c0-46b1-804a-884be4a6fffa\":true}',1,'2025-12-07 08:52:28','2025-12-07 08:52:28','e942b234-95e7-4cff-be5e-fcff463ce121'),
(661,661,1,'Elegant Text Section','testtt',NULL,NULL,1,'2025-12-07 08:52:28','2025-12-07 08:52:28','4990a47f-3371-47ee-982f-85d5187a1738'),
(662,662,1,NULL,'__temp_gsjqarcyaoxbnckyesidrekuzhkajradrvdb',NULL,'{\"e376cfa3-16b2-41b2-b6c8-bf077d006110\":\"line\",\"bba64c5f-ac72-420f-a677-ed6defbb3b82\":\"short\",\"1a19c91a-121e-4f3c-b097-a360b3243240\":\"gold\",\"80b008ae-e67c-45de-800e-76fc0fdcdc2a\":\"thin\",\"a15df883-dc8f-4e20-af61-cedce78c133b\":\"xs\",\"8b2111a4-335b-497f-94da-aaed1b3e0328\":\"medium\"}',1,'2025-12-07 08:52:28','2025-12-07 08:52:28','5e664a99-4093-4cb6-bd13-d07fe37a6dd7'),
(663,663,1,'Specialised in the subtle magic of clinically advanced treatments','specialised-in-the-subtle-magic-of-clinically-advanced-treatments',NULL,'{\"4ce0ac7c-152d-4795-89c2-faff0d75a7ed\":\"Specialised in the subtle magic of clinically advanced treatments\",\"d786a952-f7f5-459f-8a46-f32ff468d4f6\":\"h3\",\"dc38184a-b41a-44b1-980c-64e7c324f41a\":\"display\",\"e143d6ba-f2c7-4712-922a-18c4986f97a5\":\"center\",\"e0f06b72-a283-4059-ad08-76e79c84e85e\":false,\"f6a12dd4-f43f-4d77-92f9-750ed12602b5\":\"white\"}',1,'2025-12-07 08:52:28','2025-12-07 08:52:28','106e08c5-8c9c-4fe4-8ed1-7ca0c3ca90fb'),
(664,664,1,'For exquisitely natural results','for-exquisitely-natural-results',NULL,'{\"2aae0d8e-4cea-4926-92cc-9a1c5dc3ecb9\":\"<p><i>    For exquisitely natural results</i></p>\",\"1fcfdd57-b6cb-4493-bdf2-2f7f6386c8c2\":\"large\",\"d65d1c35-ed40-465c-8613-98206b6c0d67\":\"center\",\"c531a0eb-1f92-4225-a6f0-40ab68b8f3de\":\"narrow\"}',1,'2025-12-07 08:52:28','2025-12-07 08:52:28','97064642-cf06-4b48-afbb-3cc075d48b5e'),
(665,665,1,NULL,'__temp_gsjqarcyaoxbnckyesidrekuzhkajradrvdb',NULL,'{\"e376cfa3-16b2-41b2-b6c8-bf077d006110\":\"line\",\"bba64c5f-ac72-420f-a677-ed6defbb3b82\":\"short\",\"1a19c91a-121e-4f3c-b097-a360b3243240\":\"gold\",\"80b008ae-e67c-45de-800e-76fc0fdcdc2a\":\"thin\",\"a15df883-dc8f-4e20-af61-cedce78c133b\":\"xs\",\"8b2111a4-335b-497f-94da-aaed1b3e0328\":\"xs\"}',1,'2025-12-07 08:52:28','2025-12-07 08:52:28','3cdeded5-6697-42ae-a075-25a9fa117dc5'),
(670,670,1,'Homepage','homepage','__home__',NULL,1,'2025-12-07 09:14:30','2025-12-07 09:14:30','5ac8d6bd-5a6d-46e2-bd43-ddc4c59a549d'),
(671,671,1,'Elegant Text section','one-column-test',NULL,'{\"c6ba37df-5856-4b99-abff-ee5ac2023dee\":\"singleColumn\",\"463779f3-52da-4f3f-8f35-b0263c8d8c3b\":\"stack\",\"15d88486-9f10-4200-8468-69effb7550d6\":\"medium\",\"48f56917-e399-43c9-91af-7d3ddaa9b6c8\":\"center\",\"353456f6-299a-4ccf-a717-44aa8f5eaf3e\":\"gradientNavy\",\"12ab5942-8eb1-4e8d-af73-0d67149caea5\":false,\"f6ecf01a-0bc4-4c4c-9bcc-e0cded609999\":\"10\",\"08c9532b-900d-4f33-8644-fbd2b4a0448e\":\"auto\",\"7b70343f-41ce-4c2d-bcec-54b0cd0dc42f\":\"fullBgContainer\",\"1ba854f9-b95e-4fbd-9117-3e38dea54db5\":\"medium\",\"03a38015-ace3-4900-9eb7-553ae2371d19\":\"medium\",\"24a9c864-a05b-496f-92d0-6072f45d84fe\":false,\"4379e7a0-c7e2-4a76-96b1-dbcf9ed02074\":\"wave\",\"d604dc08-fc17-470f-ac46-5bd2d5fea7f0\":\"slideLeft\",\"ede60280-5b1f-46f4-ba48-87483c912289\":\"#section\",\"18334eca-71b2-4090-ac35-20abdb207c33\":\"some class\",\"3a7f3567-350e-41a1-9bb8-129cd9a6c519\":true,\"d41d3f08-74c0-46b1-804a-884be4a6fffa\":true}',1,'2025-12-07 09:14:30','2025-12-07 09:14:30','d07226b7-b7e3-4396-8a79-a45e4d1873f9'),
(672,672,1,'Elegant Text Section','testtt',NULL,NULL,1,'2025-12-07 09:14:30','2025-12-07 09:14:30','b07dd757-694f-4b21-97c2-f470faa26013'),
(673,673,1,'For exquisitely natural results','for-exquisitely-natural-results',NULL,'{\"2aae0d8e-4cea-4926-92cc-9a1c5dc3ecb9\":\"<p><span style=\\\"color:hsl(17,58%,72%);\\\"><i>    For exquisitely natural results</i></span></p>\",\"1fcfdd57-b6cb-4493-bdf2-2f7f6386c8c2\":\"large\",\"d65d1c35-ed40-465c-8613-98206b6c0d67\":\"center\",\"c531a0eb-1f92-4225-a6f0-40ab68b8f3de\":\"narrow\"}',1,'2025-12-07 09:14:30','2025-12-07 09:14:30','72988b86-116c-42f5-8724-8e95029fa1ba'),
(678,678,1,'Homepage','homepage','__home__',NULL,1,'2025-12-07 09:15:44','2025-12-07 09:15:44','ee54ce74-504e-438a-88a0-c4ca51c3d92c'),
(679,679,1,'Elegant Text section','one-column-test',NULL,'{\"c6ba37df-5856-4b99-abff-ee5ac2023dee\":\"singleColumn\",\"463779f3-52da-4f3f-8f35-b0263c8d8c3b\":\"stack\",\"15d88486-9f10-4200-8468-69effb7550d6\":\"medium\",\"48f56917-e399-43c9-91af-7d3ddaa9b6c8\":\"center\",\"353456f6-299a-4ccf-a717-44aa8f5eaf3e\":\"gradientNavy\",\"12ab5942-8eb1-4e8d-af73-0d67149caea5\":false,\"f6ecf01a-0bc4-4c4c-9bcc-e0cded609999\":\"10\",\"08c9532b-900d-4f33-8644-fbd2b4a0448e\":\"auto\",\"7b70343f-41ce-4c2d-bcec-54b0cd0dc42f\":\"fullBgContainer\",\"1ba854f9-b95e-4fbd-9117-3e38dea54db5\":\"medium\",\"03a38015-ace3-4900-9eb7-553ae2371d19\":\"medium\",\"24a9c864-a05b-496f-92d0-6072f45d84fe\":false,\"4379e7a0-c7e2-4a76-96b1-dbcf9ed02074\":\"wave\",\"d604dc08-fc17-470f-ac46-5bd2d5fea7f0\":\"slideLeft\",\"ede60280-5b1f-46f4-ba48-87483c912289\":\"#section\",\"18334eca-71b2-4090-ac35-20abdb207c33\":\"some class\",\"3a7f3567-350e-41a1-9bb8-129cd9a6c519\":true,\"d41d3f08-74c0-46b1-804a-884be4a6fffa\":true}',1,'2025-12-07 09:15:44','2025-12-07 09:15:44','796c3881-c328-4c23-8b28-753c501ce7bd'),
(680,680,1,'Elegant Text Section','testtt',NULL,NULL,1,'2025-12-07 09:15:44','2025-12-07 09:15:44','b6d1c980-da35-4838-86d4-c970e887c4ec'),
(681,681,1,'For exquisitely natural results','for-exquisitely-natural-results',NULL,'{\"2aae0d8e-4cea-4926-92cc-9a1c5dc3ecb9\":\"<p>\\n    <span style=\\\"color:hsl(17,58%,72%);font-size:24px;\\\"><i>    For exquisitely natural results</i></span>\\n</p>\",\"1fcfdd57-b6cb-4493-bdf2-2f7f6386c8c2\":\"large\",\"d65d1c35-ed40-465c-8613-98206b6c0d67\":\"center\",\"c531a0eb-1f92-4225-a6f0-40ab68b8f3de\":\"narrow\"}',1,'2025-12-07 09:15:44','2025-12-07 09:15:44','baab0185-e02c-48dc-9cc4-d62d023445ae'),
(686,686,1,'Homepage','homepage','__home__',NULL,1,'2025-12-07 09:16:47','2025-12-07 09:16:47','aeb88fd8-fbc5-4fff-80d5-9c71dfe42a55'),
(687,687,1,'Elegant Text section','one-column-test',NULL,'{\"c6ba37df-5856-4b99-abff-ee5ac2023dee\":\"singleColumn\",\"463779f3-52da-4f3f-8f35-b0263c8d8c3b\":\"stack\",\"15d88486-9f10-4200-8468-69effb7550d6\":\"medium\",\"48f56917-e399-43c9-91af-7d3ddaa9b6c8\":\"center\",\"353456f6-299a-4ccf-a717-44aa8f5eaf3e\":\"gradientNavy\",\"12ab5942-8eb1-4e8d-af73-0d67149caea5\":false,\"f6ecf01a-0bc4-4c4c-9bcc-e0cded609999\":\"10\",\"08c9532b-900d-4f33-8644-fbd2b4a0448e\":\"auto\",\"7b70343f-41ce-4c2d-bcec-54b0cd0dc42f\":\"fullBgContainer\",\"1ba854f9-b95e-4fbd-9117-3e38dea54db5\":\"medium\",\"03a38015-ace3-4900-9eb7-553ae2371d19\":\"medium\",\"24a9c864-a05b-496f-92d0-6072f45d84fe\":false,\"4379e7a0-c7e2-4a76-96b1-dbcf9ed02074\":\"wave\",\"d604dc08-fc17-470f-ac46-5bd2d5fea7f0\":\"slideLeft\",\"ede60280-5b1f-46f4-ba48-87483c912289\":\"#section\",\"18334eca-71b2-4090-ac35-20abdb207c33\":\"some class\",\"3a7f3567-350e-41a1-9bb8-129cd9a6c519\":true,\"d41d3f08-74c0-46b1-804a-884be4a6fffa\":true}',1,'2025-12-07 09:16:47','2025-12-07 09:16:47','4fc07638-daad-4be1-82c2-08ac8929e247'),
(688,688,1,'Elegant Text Section','testtt',NULL,NULL,1,'2025-12-07 09:16:47','2025-12-07 09:16:47','5675a27f-2909-41b7-889c-261b3743a5dd'),
(689,689,1,'Specialised in the subtle magic of clinically advanced treatments','specialised-in-the-subtle-magic-of-clinically-advanced-treatments',NULL,'{\"4ce0ac7c-152d-4795-89c2-faff0d75a7ed\":\"Specialised in the subtle magic of clinically advanced treatments\",\"d786a952-f7f5-459f-8a46-f32ff468d4f6\":\"h3\",\"dc38184a-b41a-44b1-980c-64e7c324f41a\":\"subtitle\",\"e143d6ba-f2c7-4712-922a-18c4986f97a5\":\"center\",\"e0f06b72-a283-4059-ad08-76e79c84e85e\":false,\"f6a12dd4-f43f-4d77-92f9-750ed12602b5\":\"white\"}',1,'2025-12-07 09:16:47','2025-12-07 09:16:47','3764b19a-3a2a-4dac-8661-ff68dc9d4b34'),
(695,695,1,'Homepage','homepage','__home__',NULL,1,'2025-12-07 09:17:46','2025-12-07 09:17:46','0a4feb05-096c-4791-bfe9-b68169699d4f'),
(696,696,1,'Elegant Text section','one-column-test',NULL,'{\"c6ba37df-5856-4b99-abff-ee5ac2023dee\":\"singleColumn\",\"463779f3-52da-4f3f-8f35-b0263c8d8c3b\":\"stack\",\"15d88486-9f10-4200-8468-69effb7550d6\":\"medium\",\"48f56917-e399-43c9-91af-7d3ddaa9b6c8\":\"center\",\"353456f6-299a-4ccf-a717-44aa8f5eaf3e\":\"gradientNavy\",\"12ab5942-8eb1-4e8d-af73-0d67149caea5\":false,\"f6ecf01a-0bc4-4c4c-9bcc-e0cded609999\":\"10\",\"08c9532b-900d-4f33-8644-fbd2b4a0448e\":\"auto\",\"7b70343f-41ce-4c2d-bcec-54b0cd0dc42f\":\"fullBgContainer\",\"1ba854f9-b95e-4fbd-9117-3e38dea54db5\":\"medium\",\"03a38015-ace3-4900-9eb7-553ae2371d19\":\"medium\",\"24a9c864-a05b-496f-92d0-6072f45d84fe\":false,\"4379e7a0-c7e2-4a76-96b1-dbcf9ed02074\":\"wave\",\"d604dc08-fc17-470f-ac46-5bd2d5fea7f0\":\"slideLeft\",\"ede60280-5b1f-46f4-ba48-87483c912289\":\"#section\",\"18334eca-71b2-4090-ac35-20abdb207c33\":\"some class\",\"3a7f3567-350e-41a1-9bb8-129cd9a6c519\":true,\"d41d3f08-74c0-46b1-804a-884be4a6fffa\":true}',1,'2025-12-07 09:17:46','2025-12-07 09:17:46','ad127511-f3e1-4184-9b52-0272234c837e'),
(697,697,1,'Elegant Text Section','testtt',NULL,NULL,1,'2025-12-07 09:17:46','2025-12-07 09:17:46','54aa01bf-7190-4fcf-9090-e8a72c0daa21'),
(698,698,1,NULL,'__temp_gsjqarcyaoxbnckyesidrekuzhkajradrvdb',NULL,'{\"e376cfa3-16b2-41b2-b6c8-bf077d006110\":\"line\",\"bba64c5f-ac72-420f-a677-ed6defbb3b82\":\"short\",\"1a19c91a-121e-4f3c-b097-a360b3243240\":\"gold\",\"80b008ae-e67c-45de-800e-76fc0fdcdc2a\":\"thin\",\"a15df883-dc8f-4e20-af61-cedce78c133b\":\"xs\",\"8b2111a4-335b-497f-94da-aaed1b3e0328\":\"small\"}',1,'2025-12-07 09:17:46','2025-12-07 09:17:46','b9b5b27e-5a06-4012-a227-79485f28ddf0'),
(699,699,1,'Specialised in the subtle magic of clinically advanced treatments','specialised-in-the-subtle-magic-of-clinically-advanced-treatments',NULL,'{\"4ce0ac7c-152d-4795-89c2-faff0d75a7ed\":\"Specialised in the subtle magic of clinically advanced treatments\",\"d786a952-f7f5-459f-8a46-f32ff468d4f6\":\"h3\",\"dc38184a-b41a-44b1-980c-64e7c324f41a\":\"standard\",\"e143d6ba-f2c7-4712-922a-18c4986f97a5\":\"center\",\"e0f06b72-a283-4059-ad08-76e79c84e85e\":false,\"f6a12dd4-f43f-4d77-92f9-750ed12602b5\":\"white\"}',1,'2025-12-07 09:17:46','2025-12-07 09:17:46','080b33a0-1d67-4cbb-b399-f7da6f4e4980'),
(704,704,1,'Homepage','homepage','__home__',NULL,1,'2025-12-07 09:19:05','2025-12-07 09:19:05','2e902d25-c2f7-40b4-aab0-796d5401c64b'),
(705,705,1,'Elegant Text section','one-column-test',NULL,'{\"c6ba37df-5856-4b99-abff-ee5ac2023dee\":\"singleColumn\",\"463779f3-52da-4f3f-8f35-b0263c8d8c3b\":\"stack\",\"15d88486-9f10-4200-8468-69effb7550d6\":\"medium\",\"48f56917-e399-43c9-91af-7d3ddaa9b6c8\":\"center\",\"353456f6-299a-4ccf-a717-44aa8f5eaf3e\":\"gradientNavy\",\"12ab5942-8eb1-4e8d-af73-0d67149caea5\":false,\"f6ecf01a-0bc4-4c4c-9bcc-e0cded609999\":\"10\",\"08c9532b-900d-4f33-8644-fbd2b4a0448e\":\"auto\",\"7b70343f-41ce-4c2d-bcec-54b0cd0dc42f\":\"fullBgContainer\",\"1ba854f9-b95e-4fbd-9117-3e38dea54db5\":\"medium\",\"03a38015-ace3-4900-9eb7-553ae2371d19\":\"medium\",\"24a9c864-a05b-496f-92d0-6072f45d84fe\":false,\"4379e7a0-c7e2-4a76-96b1-dbcf9ed02074\":\"wave\",\"d604dc08-fc17-470f-ac46-5bd2d5fea7f0\":\"slideLeft\",\"ede60280-5b1f-46f4-ba48-87483c912289\":\"#section\",\"18334eca-71b2-4090-ac35-20abdb207c33\":\"some class\",\"3a7f3567-350e-41a1-9bb8-129cd9a6c519\":true,\"d41d3f08-74c0-46b1-804a-884be4a6fffa\":true}',1,'2025-12-07 09:19:05','2025-12-07 09:19:05','6c6bf442-87e6-47cf-aafa-5b79af229701'),
(706,706,1,'Elegant Text Section','testtt',NULL,NULL,1,'2025-12-07 09:19:05','2025-12-07 09:19:05','22aa9a1e-bd93-4493-b460-1481e570edb6'),
(707,707,1,'For exquisitely natural results','for-exquisitely-natural-results',NULL,'{\"2aae0d8e-4cea-4926-92cc-9a1c5dc3ecb9\":\"<p><span style=\\\"color:hsl(17,58%,72%);\\\"><i>for exquisitely natural results</i></span></p>\",\"1fcfdd57-b6cb-4493-bdf2-2f7f6386c8c2\":\"base\",\"d65d1c35-ed40-465c-8613-98206b6c0d67\":\"center\",\"c531a0eb-1f92-4225-a6f0-40ab68b8f3de\":\"narrow\"}',1,'2025-12-07 09:19:05','2025-12-07 09:19:05','eb497d76-f440-43ac-a788-fe7b88b8bdd0'),
(712,712,1,'Homepage','homepage','__home__',NULL,1,'2025-12-07 09:19:34','2025-12-07 09:19:34','b82881f2-65a0-44d6-b887-342f1020d8b3'),
(713,713,1,'Elegant Text section','one-column-test',NULL,'{\"c6ba37df-5856-4b99-abff-ee5ac2023dee\":\"singleColumn\",\"463779f3-52da-4f3f-8f35-b0263c8d8c3b\":\"stack\",\"15d88486-9f10-4200-8468-69effb7550d6\":\"medium\",\"48f56917-e399-43c9-91af-7d3ddaa9b6c8\":\"center\",\"353456f6-299a-4ccf-a717-44aa8f5eaf3e\":\"gradientNavy\",\"12ab5942-8eb1-4e8d-af73-0d67149caea5\":false,\"f6ecf01a-0bc4-4c4c-9bcc-e0cded609999\":\"10\",\"08c9532b-900d-4f33-8644-fbd2b4a0448e\":\"auto\",\"7b70343f-41ce-4c2d-bcec-54b0cd0dc42f\":\"fullBgContainer\",\"1ba854f9-b95e-4fbd-9117-3e38dea54db5\":\"medium\",\"03a38015-ace3-4900-9eb7-553ae2371d19\":\"medium\",\"24a9c864-a05b-496f-92d0-6072f45d84fe\":false,\"4379e7a0-c7e2-4a76-96b1-dbcf9ed02074\":\"wave\",\"d604dc08-fc17-470f-ac46-5bd2d5fea7f0\":\"slideLeft\",\"ede60280-5b1f-46f4-ba48-87483c912289\":\"#section\",\"18334eca-71b2-4090-ac35-20abdb207c33\":\"some class\",\"3a7f3567-350e-41a1-9bb8-129cd9a6c519\":true,\"d41d3f08-74c0-46b1-804a-884be4a6fffa\":true}',1,'2025-12-07 09:19:34','2025-12-07 09:19:34','fcba833b-9abc-436f-8bd4-be1c73c9ab23'),
(714,714,1,'Elegant Text Section','testtt',NULL,NULL,1,'2025-12-07 09:19:34','2025-12-07 09:19:34','8fe8f653-823c-4dfa-8ad5-1cfff11e7140'),
(715,715,1,'For exquisitely natural results','for-exquisitely-natural-results',NULL,'{\"2aae0d8e-4cea-4926-92cc-9a1c5dc3ecb9\":\"<p><span style=\\\"color:hsl(17,58%,72%);\\\"><i>for exquisitely natural results</i></span></p>\",\"1fcfdd57-b6cb-4493-bdf2-2f7f6386c8c2\":\"small\",\"d65d1c35-ed40-465c-8613-98206b6c0d67\":\"center\",\"c531a0eb-1f92-4225-a6f0-40ab68b8f3de\":\"narrow\"}',1,'2025-12-07 09:19:34','2025-12-07 09:19:34','c458636a-4650-4742-ba7c-8454c3691851'),
(720,720,1,'Homepage','homepage','__home__',NULL,1,'2025-12-07 09:21:46','2025-12-07 09:21:46','7adf5042-d7e2-4aa6-9af6-f550169736fd'),
(721,721,1,'Elegant Text section','one-column-test',NULL,'{\"c6ba37df-5856-4b99-abff-ee5ac2023dee\":\"singleColumn\",\"463779f3-52da-4f3f-8f35-b0263c8d8c3b\":\"stack\",\"15d88486-9f10-4200-8468-69effb7550d6\":\"medium\",\"48f56917-e399-43c9-91af-7d3ddaa9b6c8\":\"center\",\"353456f6-299a-4ccf-a717-44aa8f5eaf3e\":\"gradientNavy\",\"12ab5942-8eb1-4e8d-af73-0d67149caea5\":false,\"f6ecf01a-0bc4-4c4c-9bcc-e0cded609999\":\"10\",\"08c9532b-900d-4f33-8644-fbd2b4a0448e\":\"auto\",\"7b70343f-41ce-4c2d-bcec-54b0cd0dc42f\":\"fullBgContainer\",\"1ba854f9-b95e-4fbd-9117-3e38dea54db5\":\"medium\",\"03a38015-ace3-4900-9eb7-553ae2371d19\":\"medium\",\"24a9c864-a05b-496f-92d0-6072f45d84fe\":false,\"4379e7a0-c7e2-4a76-96b1-dbcf9ed02074\":\"wave\",\"d604dc08-fc17-470f-ac46-5bd2d5fea7f0\":\"slideLeft\",\"ede60280-5b1f-46f4-ba48-87483c912289\":\"#section\",\"18334eca-71b2-4090-ac35-20abdb207c33\":\"some class\",\"3a7f3567-350e-41a1-9bb8-129cd9a6c519\":true,\"d41d3f08-74c0-46b1-804a-884be4a6fffa\":true}',1,'2025-12-07 09:21:46','2025-12-07 09:21:46','96931100-5393-48a2-a999-7fc4d5996584'),
(722,722,1,'Elegant Text Section','testtt',NULL,NULL,1,'2025-12-07 09:21:46','2025-12-07 09:21:46','206c48a5-6e1e-47a5-a12d-aa46e01e9eee'),
(723,723,1,'For exquisitely natural results','for-exquisitely-natural-results',NULL,'{\"2aae0d8e-4cea-4926-92cc-9a1c5dc3ecb9\":\"<p><span style=\\\"color:hsl(17,58%,72%);\\\"><i>for exquisitely natural results</i></span></p>\",\"1fcfdd57-b6cb-4493-bdf2-2f7f6386c8c2\":\"large\",\"d65d1c35-ed40-465c-8613-98206b6c0d67\":\"center\",\"c531a0eb-1f92-4225-a6f0-40ab68b8f3de\":\"narrow\"}',1,'2025-12-07 09:21:46','2025-12-07 09:21:46','d28d93bc-c312-4cb5-9751-41ce840f25f9'),
(728,728,1,'Homepage','homepage','__home__',NULL,1,'2025-12-07 09:22:08','2025-12-07 09:22:08','af4a9d89-b8ba-4030-aab5-82f633e5e62f'),
(729,729,1,'Elegant Text section','one-column-test',NULL,'{\"c6ba37df-5856-4b99-abff-ee5ac2023dee\":\"singleColumn\",\"463779f3-52da-4f3f-8f35-b0263c8d8c3b\":\"stack\",\"15d88486-9f10-4200-8468-69effb7550d6\":\"medium\",\"48f56917-e399-43c9-91af-7d3ddaa9b6c8\":\"center\",\"353456f6-299a-4ccf-a717-44aa8f5eaf3e\":\"gradientNavy\",\"12ab5942-8eb1-4e8d-af73-0d67149caea5\":false,\"f6ecf01a-0bc4-4c4c-9bcc-e0cded609999\":\"10\",\"08c9532b-900d-4f33-8644-fbd2b4a0448e\":\"auto\",\"7b70343f-41ce-4c2d-bcec-54b0cd0dc42f\":\"fullBgContainer\",\"1ba854f9-b95e-4fbd-9117-3e38dea54db5\":\"medium\",\"03a38015-ace3-4900-9eb7-553ae2371d19\":\"medium\",\"24a9c864-a05b-496f-92d0-6072f45d84fe\":false,\"4379e7a0-c7e2-4a76-96b1-dbcf9ed02074\":\"wave\",\"d604dc08-fc17-470f-ac46-5bd2d5fea7f0\":\"slideLeft\",\"ede60280-5b1f-46f4-ba48-87483c912289\":\"#section\",\"18334eca-71b2-4090-ac35-20abdb207c33\":\"some class\",\"3a7f3567-350e-41a1-9bb8-129cd9a6c519\":true,\"d41d3f08-74c0-46b1-804a-884be4a6fffa\":true}',1,'2025-12-07 09:22:08','2025-12-07 09:22:08','58598b15-3b10-4faa-ad19-b074c6a9e27b'),
(730,730,1,'Elegant Text Section','testtt',NULL,NULL,1,'2025-12-07 09:22:08','2025-12-07 09:22:08','c8728a8f-6dd5-41fd-b7b2-6cb6ba885c50'),
(731,731,1,'For exquisitely natural results','for-exquisitely-natural-results',NULL,'{\"2aae0d8e-4cea-4926-92cc-9a1c5dc3ecb9\":\"<p><span style=\\\"color:hsl(17,58%,72%);\\\"><i>for exquisitely natural results</i></span></p>\",\"1fcfdd57-b6cb-4493-bdf2-2f7f6386c8c2\":\"large\",\"d65d1c35-ed40-465c-8613-98206b6c0d67\":\"center\",\"c531a0eb-1f92-4225-a6f0-40ab68b8f3de\":\"narrow\"}',1,'2025-12-07 09:22:08','2025-12-07 09:22:08','4dc470f2-a9fe-445d-a850-45772393f43e'),
(736,736,1,'Homepage','homepage','__home__',NULL,1,'2025-12-07 09:22:31','2025-12-07 09:22:31','f48a6d7f-2391-4afe-a38f-a633d9e2f54f'),
(737,737,1,'Elegant Text section','one-column-test',NULL,'{\"c6ba37df-5856-4b99-abff-ee5ac2023dee\":\"singleColumn\",\"463779f3-52da-4f3f-8f35-b0263c8d8c3b\":\"stack\",\"15d88486-9f10-4200-8468-69effb7550d6\":\"medium\",\"48f56917-e399-43c9-91af-7d3ddaa9b6c8\":\"center\",\"353456f6-299a-4ccf-a717-44aa8f5eaf3e\":\"gradientNavy\",\"12ab5942-8eb1-4e8d-af73-0d67149caea5\":false,\"f6ecf01a-0bc4-4c4c-9bcc-e0cded609999\":\"10\",\"08c9532b-900d-4f33-8644-fbd2b4a0448e\":\"auto\",\"7b70343f-41ce-4c2d-bcec-54b0cd0dc42f\":\"fullBgContainer\",\"1ba854f9-b95e-4fbd-9117-3e38dea54db5\":\"medium\",\"03a38015-ace3-4900-9eb7-553ae2371d19\":\"medium\",\"24a9c864-a05b-496f-92d0-6072f45d84fe\":false,\"4379e7a0-c7e2-4a76-96b1-dbcf9ed02074\":\"wave\",\"d604dc08-fc17-470f-ac46-5bd2d5fea7f0\":\"slideLeft\",\"ede60280-5b1f-46f4-ba48-87483c912289\":\"#section\",\"18334eca-71b2-4090-ac35-20abdb207c33\":\"some class\",\"3a7f3567-350e-41a1-9bb8-129cd9a6c519\":true,\"d41d3f08-74c0-46b1-804a-884be4a6fffa\":true}',1,'2025-12-07 09:22:31','2025-12-07 09:22:31','6c7f3ac1-311d-436d-bad8-45f60317d76d'),
(738,738,1,'Elegant Text Section','testtt',NULL,NULL,1,'2025-12-07 09:22:31','2025-12-07 09:22:31','148003d6-df8f-497b-8821-53ae90874707'),
(739,739,1,'For exquisitely natural results','for-exquisitely-natural-results',NULL,'{\"2aae0d8e-4cea-4926-92cc-9a1c5dc3ecb9\":\"<p><span style=\\\"color:hsl(17,58%,72%);\\\"><i>for exquisitely natural results</i></span></p>\",\"1fcfdd57-b6cb-4493-bdf2-2f7f6386c8c2\":\"xLarge\",\"d65d1c35-ed40-465c-8613-98206b6c0d67\":\"center\",\"c531a0eb-1f92-4225-a6f0-40ab68b8f3de\":\"narrow\"}',1,'2025-12-07 09:22:31','2025-12-07 09:22:31','f7dae611-c87b-4b60-8bd1-cc08bfa56a74'),
(744,744,1,'Homepage','homepage','__home__',NULL,1,'2025-12-07 09:23:03','2025-12-07 09:23:03','8808bbcc-7f2e-487c-8572-f9acb3f92bbd'),
(745,745,1,'Elegant Text section','one-column-test',NULL,'{\"c6ba37df-5856-4b99-abff-ee5ac2023dee\":\"singleColumn\",\"463779f3-52da-4f3f-8f35-b0263c8d8c3b\":\"stack\",\"15d88486-9f10-4200-8468-69effb7550d6\":\"medium\",\"48f56917-e399-43c9-91af-7d3ddaa9b6c8\":\"center\",\"353456f6-299a-4ccf-a717-44aa8f5eaf3e\":\"gradientNavy\",\"12ab5942-8eb1-4e8d-af73-0d67149caea5\":false,\"f6ecf01a-0bc4-4c4c-9bcc-e0cded609999\":\"10\",\"08c9532b-900d-4f33-8644-fbd2b4a0448e\":\"auto\",\"7b70343f-41ce-4c2d-bcec-54b0cd0dc42f\":\"fullBgContainer\",\"1ba854f9-b95e-4fbd-9117-3e38dea54db5\":\"medium\",\"03a38015-ace3-4900-9eb7-553ae2371d19\":\"medium\",\"24a9c864-a05b-496f-92d0-6072f45d84fe\":false,\"4379e7a0-c7e2-4a76-96b1-dbcf9ed02074\":\"wave\",\"d604dc08-fc17-470f-ac46-5bd2d5fea7f0\":\"slideLeft\",\"ede60280-5b1f-46f4-ba48-87483c912289\":\"#section\",\"18334eca-71b2-4090-ac35-20abdb207c33\":\"some class\",\"3a7f3567-350e-41a1-9bb8-129cd9a6c519\":true,\"d41d3f08-74c0-46b1-804a-884be4a6fffa\":true}',1,'2025-12-07 09:23:03','2025-12-07 09:23:03','b44524a5-0697-4feb-989c-8a44138c4477'),
(746,746,1,'Elegant Text Section','testtt',NULL,NULL,1,'2025-12-07 09:23:03','2025-12-07 09:23:03','d0844c6f-bf78-4ff5-aff0-db792205277b'),
(747,747,1,'For exquisitely natural results','for-exquisitely-natural-results',NULL,'{\"2aae0d8e-4cea-4926-92cc-9a1c5dc3ecb9\":\"<p><span style=\\\"color:hsl(17,58%,72%);\\\"><i>for exquisitely natural results</i></span></p>\",\"1fcfdd57-b6cb-4493-bdf2-2f7f6386c8c2\":\"large\",\"d65d1c35-ed40-465c-8613-98206b6c0d67\":\"center\",\"c531a0eb-1f92-4225-a6f0-40ab68b8f3de\":\"narrow\"}',1,'2025-12-07 09:23:03','2025-12-07 09:23:03','8b753398-d824-4fb5-9a77-ed00f1153b46'),
(750,750,1,'Transformations','transformations',NULL,'{\"b711d73c-2e12-484e-aa49-7fbd53b17a66\":\"Transformations\",\"f6773126-ca9b-4379-9aa4-35fdc0de9bbd\":\"Real Results\",\"d5be8f8e-04d2-4f39-bd44-54d27923b9d5\":\"Swipe to reveal the transformation. See the remarkable results our patients have achieved.\",\"49644737-b16a-4ec0-9507-72c7d47013c5\":[112,99,89]}',1,'2025-12-07 09:27:22','2025-12-07 09:27:22','b284f963-563c-4232-bcf7-107297d86eb7'),
(751,751,1,'Homepage','homepage','__home__',NULL,1,'2025-12-07 09:27:22','2025-12-07 09:27:22','1fafc3ec-a2c3-4749-a6a6-a5623893e7e0'),
(752,752,1,'Transformations','transformations',NULL,'{\"b711d73c-2e12-484e-aa49-7fbd53b17a66\":\"Transformations\",\"f6773126-ca9b-4379-9aa4-35fdc0de9bbd\":\"Real Results\",\"d5be8f8e-04d2-4f39-bd44-54d27923b9d5\":\"Swipe to reveal the transformation. See the remarkable results our patients have achieved.\",\"49644737-b16a-4ec0-9507-72c7d47013c5\":[112,99,89]}',1,'2025-12-07 09:27:22','2025-12-07 09:27:22','cc6edf95-0da0-4373-befa-85adde44b61d'),
(755,755,1,NULL,'__temp_hrsrtnjvjaeyevhqrflzvfvipyecbfknlxad',NULL,NULL,1,'2025-12-07 13:55:44','2025-12-07 13:55:44','9225f4d8-42d1-46c3-a072-de8641e4b374'),
(756,756,1,NULL,'__temp_ccleoexuyarlctsubwnoskazkbgvshwxhvgj',NULL,NULL,1,'2025-12-07 13:55:46','2025-12-07 13:55:46','07d2d67c-bbd9-40b4-a884-b19634e189c3'),
(757,757,1,'Dr Rach Web 95',NULL,NULL,NULL,1,'2025-12-07 14:21:17','2025-12-07 14:21:17','ce8d11a7-4704-4a5b-8928-e8f3f968eac4'),
(761,761,1,'About Dr Rachel','about-dr-rachel',NULL,'{\"099020e5-c897-49cc-b679-3ec70fecd44b\":\"Meet Your Doctor\",\"682128f9-a862-4496-8c65-4d0449904510\":\"Dr Rachel – the woman behind the needle of The Aesthetic Clinic\",\"adfbaf55-55b2-4e91-9c89-9edfe83cad7e\":\"<p>Our approach to aesthetic medicine is rooted in precision and artistry. With years of specialized training and thousands of successful treatments, Dr Rachel understands the delicate balance required to achieve natural-looking results.</p><p>We use advanced techniques and the highest quality products to ensure every treatment is tailored to your unique facial anatomy and aesthetic goals. The result is a refreshed, rejuvenated appearance that still looks authentically you.</p><p>Our commitment to excellence extends beyond the treatment room. We take time to understand your concerns, educate you on your options, and develop a personalized treatment plan.</p>\",\"ce445ff0-ffd3-46dc-92fd-7f90be2c8f57\":[757],\"0f4b4599-37ec-4e32-951d-314472221e14\":\"whiteClean\",\"3b49b148-2424-4f38-b0f2-631cf577bc4b\":\"left\",\"cedb678d-86a4-4d73-865d-e821937bc248\":true}',1,'2025-12-07 14:22:11','2026-02-21 23:28:35','437aacff-f48e-40e7-959a-ce1bbcb06a07'),
(762,762,1,'About Me','about-me',NULL,'{\"28396760-6b42-4e26-91fe-691bb1d0f638\":\"About Me\",\"34edbdad-80cc-455a-8024-e4ad5cc55f12\":{\"value\":\"#\",\"type\":\"url\"},\"306c8a8b-7513-4a3f-82c5-7797d86388ed\":\"cta\"}',1,'2025-12-07 14:22:11','2025-12-07 14:22:11','5eb9501f-bf70-4185-af20-6cdaea006ad4'),
(763,763,1,'What To Expect','what-to-expect',NULL,'{\"28396760-6b42-4e26-91fe-691bb1d0f638\":\"What To Expect\",\"34edbdad-80cc-455a-8024-e4ad5cc55f12\":{\"value\":\"#\",\"type\":\"url\"},\"306c8a8b-7513-4a3f-82c5-7797d86388ed\":\"cta\"}',1,'2025-12-07 14:22:11','2025-12-07 14:22:11','03685b5f-261e-4db9-9359-5d6310b41c54'),
(764,764,1,'Consultation','consultation',NULL,'{\"28396760-6b42-4e26-91fe-691bb1d0f638\":\"Consultation\",\"34edbdad-80cc-455a-8024-e4ad5cc55f12\":{\"value\":\"#\",\"type\":\"url\"},\"306c8a8b-7513-4a3f-82c5-7797d86388ed\":\"cta\"}',1,'2025-12-07 14:22:11','2025-12-07 14:22:11','1a3192e3-5807-4f4e-ace5-4bcc2745a8d3'),
(765,765,1,'Homepage','homepage','__home__',NULL,1,'2025-12-07 14:22:11','2025-12-07 14:22:11','d61ef71e-994e-4547-a16f-abe9f8e0f17c'),
(766,766,1,'About Dr Rachel','about-dr-rachel',NULL,'{\"099020e5-c897-49cc-b679-3ec70fecd44b\":\"Meet Your Doctor\",\"682128f9-a862-4496-8c65-4d0449904510\":\"Dr Rachel – the woman behind the needle of The Aesthetic Clinic\",\"adfbaf55-55b2-4e91-9c89-9edfe83cad7e\":\"<p>Our approach to aesthetic medicine is rooted in precision and artistry. With years of specialized training and thousands of successful treatments, Dr Rachel understands the delicate balance required to achieve natural-looking results.</p><p>We use advanced techniques and the highest quality products to ensure every treatment is tailored to your unique facial anatomy and aesthetic goals. The result is a refreshed, rejuvenated appearance that still looks authentically you.</p><p>Our commitment to excellence extends beyond the treatment room. We take time to understand your concerns, educate you on your options, and develop a personalized treatment plan.</p>\",\"ce445ff0-ffd3-46dc-92fd-7f90be2c8f57\":[757],\"0f4b4599-37ec-4e32-951d-314472221e14\":\"whiteClean\",\"3b49b148-2424-4f38-b0f2-631cf577bc4b\":\"left\"}',1,'2025-12-07 14:22:11','2025-12-07 14:22:11','a0406e21-078d-4d3c-a033-03dd59896878'),
(767,767,1,'About Me','about-me',NULL,'{\"28396760-6b42-4e26-91fe-691bb1d0f638\":\"About Me\",\"34edbdad-80cc-455a-8024-e4ad5cc55f12\":{\"value\":\"#\",\"type\":\"url\"},\"306c8a8b-7513-4a3f-82c5-7797d86388ed\":\"cta\"}',1,'2025-12-07 14:22:11','2025-12-07 14:22:11','3c3bd637-ad02-43c3-a66e-4220d33170f3'),
(768,768,1,'What To Expect','what-to-expect',NULL,'{\"28396760-6b42-4e26-91fe-691bb1d0f638\":\"What To Expect\",\"34edbdad-80cc-455a-8024-e4ad5cc55f12\":{\"value\":\"#\",\"type\":\"url\"},\"306c8a8b-7513-4a3f-82c5-7797d86388ed\":\"cta\"}',1,'2025-12-07 14:22:11','2025-12-07 14:22:11','4d3e125a-cbd0-40e4-bd59-fc2a0b024926'),
(769,769,1,'Consultation','consultation',NULL,'{\"28396760-6b42-4e26-91fe-691bb1d0f638\":\"Consultation\",\"34edbdad-80cc-455a-8024-e4ad5cc55f12\":{\"value\":\"#\",\"type\":\"url\"},\"306c8a8b-7513-4a3f-82c5-7797d86388ed\":\"cta\"}',1,'2025-12-07 14:22:11','2025-12-07 14:22:11','eea8ec65-98bf-4ba8-b401-3355f72de091'),
(771,771,1,'Homepage','homepage','__home__',NULL,1,'2025-12-07 14:26:23','2025-12-07 14:26:23','6816bffa-d156-4fd4-b607-dfd4a4c6c1e6'),
(774,774,1,'Explore Our Services','explore-our-services',NULL,'{\"3b3a78d0-f320-4edb-8883-3e52ec1f93af\":\"Explore Our Services\",\"11aa40c7-103c-4706-ace9-3f450871c29f\":\"What can a treatment do today?\",\"16daf059-c7fd-4b72-a424-158e791ae13c\":\"all\"}',1,'2025-12-07 14:35:29','2025-12-07 14:35:29','a1835ad3-5345-4d50-82d6-da812e3e6be0'),
(775,775,1,'Homepage','homepage','__home__',NULL,1,'2025-12-07 14:35:29','2025-12-07 14:35:29','38ff408a-f1a5-473a-9746-fbf43b50315a'),
(776,776,1,'Explore Our Services','explore-our-services',NULL,'{\"3b3a78d0-f320-4edb-8883-3e52ec1f93af\":\"Explore Our Services\",\"11aa40c7-103c-4706-ace9-3f450871c29f\":\"What can a treatment do today?\",\"16daf059-c7fd-4b72-a424-158e791ae13c\":\"all\"}',1,'2025-12-07 14:35:29','2025-12-07 14:35:29','d3675396-47bc-4f16-af50-42c44623cb35'),
(785,785,1,'Elegant Text section','one-column-test',NULL,'{\"c6ba37df-5856-4b99-abff-ee5ac2023dee\":\"singleColumn\",\"463779f3-52da-4f3f-8f35-b0263c8d8c3b\":\"stack\",\"15d88486-9f10-4200-8468-69effb7550d6\":\"medium\",\"48f56917-e399-43c9-91af-7d3ddaa9b6c8\":\"center\",\"353456f6-299a-4ccf-a717-44aa8f5eaf3e\":\"gradientNavy\",\"12ab5942-8eb1-4e8d-af73-0d67149caea5\":false,\"f6ecf01a-0bc4-4c4c-9bcc-e0cded609999\":\"10\",\"08c9532b-900d-4f33-8644-fbd2b4a0448e\":\"auto\",\"7b70343f-41ce-4c2d-bcec-54b0cd0dc42f\":\"fullBgContainer\",\"1ba854f9-b95e-4fbd-9117-3e38dea54db5\":\"medium\",\"03a38015-ace3-4900-9eb7-553ae2371d19\":\"medium\",\"24a9c864-a05b-496f-92d0-6072f45d84fe\":false,\"4379e7a0-c7e2-4a76-96b1-dbcf9ed02074\":\"wave\",\"d604dc08-fc17-470f-ac46-5bd2d5fea7f0\":\"slideLeft\",\"ede60280-5b1f-46f4-ba48-87483c912289\":\"#section\",\"18334eca-71b2-4090-ac35-20abdb207c33\":\"some class\",\"3a7f3567-350e-41a1-9bb8-129cd9a6c519\":true,\"d41d3f08-74c0-46b1-804a-884be4a6fffa\":true}',1,'2025-12-07 14:39:53','2025-12-07 14:39:53','26f83efb-6af9-4665-a10e-ca5c048e15db'),
(786,786,1,'Elegant Text Section','testtt',NULL,NULL,1,'2025-12-07 14:39:53','2025-12-07 14:39:53','204b5df7-060f-4c97-96fc-e76c420fead2'),
(787,787,1,NULL,'__temp_gsjqarcyaoxbnckyesidrekuzhkajradrvdb',NULL,'{\"e376cfa3-16b2-41b2-b6c8-bf077d006110\":\"line\",\"bba64c5f-ac72-420f-a677-ed6defbb3b82\":\"short\",\"1a19c91a-121e-4f3c-b097-a360b3243240\":\"gold\",\"80b008ae-e67c-45de-800e-76fc0fdcdc2a\":\"thin\",\"a15df883-dc8f-4e20-af61-cedce78c133b\":\"xs\",\"8b2111a4-335b-497f-94da-aaed1b3e0328\":\"small\"}',1,'2025-12-07 14:39:53','2025-12-07 14:39:53','1cfc3028-fbd0-448e-936b-6c7884eea7f8'),
(788,788,1,'Specialised in the subtle magic of clinically advanced treatments','specialised-in-the-subtle-magic-of-clinically-advanced-treatments',NULL,'{\"4ce0ac7c-152d-4795-89c2-faff0d75a7ed\":\"Specialised in the subtle magic of clinically advanced treatments\",\"d786a952-f7f5-459f-8a46-f32ff468d4f6\":\"h3\",\"dc38184a-b41a-44b1-980c-64e7c324f41a\":\"standard\",\"e143d6ba-f2c7-4712-922a-18c4986f97a5\":\"center\",\"e0f06b72-a283-4059-ad08-76e79c84e85e\":false,\"f6a12dd4-f43f-4d77-92f9-750ed12602b5\":\"white\"}',1,'2025-12-07 14:39:53','2025-12-07 14:39:53','b1e523cc-18c8-4385-b49f-1bf52a815cac'),
(789,789,1,'For exquisitely natural results','for-exquisitely-natural-results',NULL,'{\"2aae0d8e-4cea-4926-92cc-9a1c5dc3ecb9\":\"<p><span style=\\\"color:hsl(17,58%,72%);\\\"><i>for exquisitely natural results</i></span></p>\",\"1fcfdd57-b6cb-4493-bdf2-2f7f6386c8c2\":\"large\",\"d65d1c35-ed40-465c-8613-98206b6c0d67\":\"center\",\"c531a0eb-1f92-4225-a6f0-40ab68b8f3de\":\"narrow\"}',1,'2025-12-07 14:39:53','2025-12-07 14:39:53','317d7415-88ad-4d4f-91f2-6370fef67cd4'),
(790,790,1,NULL,'__temp_gsjqarcyaoxbnckyesidrekuzhkajradrvdb',NULL,'{\"e376cfa3-16b2-41b2-b6c8-bf077d006110\":\"line\",\"bba64c5f-ac72-420f-a677-ed6defbb3b82\":\"short\",\"1a19c91a-121e-4f3c-b097-a360b3243240\":\"gold\",\"80b008ae-e67c-45de-800e-76fc0fdcdc2a\":\"thin\",\"a15df883-dc8f-4e20-af61-cedce78c133b\":\"xs\",\"8b2111a4-335b-497f-94da-aaed1b3e0328\":\"xs\"}',1,'2025-12-07 14:39:53','2025-12-07 14:39:53','75cf506b-c091-4030-853b-c0da71468d95'),
(791,791,1,'Homepage','homepage','__home__',NULL,1,'2025-12-07 14:39:53','2025-12-07 14:39:53','3f88d8b1-6b8d-4c26-941f-ac7fb1e3cb09'),
(792,792,1,'Reveal Your Natural Beauty','homepage',NULL,'{\"12def3da-8ca1-48fa-891d-c3798b3b46e9\":\"Reveal Your 2\",\"5dfd8cfe-1390-4f09-9378-3016c101b1dc\":\"Natural Beauty\",\"17d6bc9c-9563-4fc4-8b98-b7dc3fb68dd4\":\"Doctor-Led Aesthetic Medicine\",\"cf5f75f8-8ee4-4a97-b726-1bef5dd1e817\":\"Expert medical aesthetics, face, and skin treatments. Precision artistry for results that look authentically you.\",\"cec5ecd1-20c2-44f9-b9ce-018d169101d7\":[48],\"238ce99e-fad8-4e55-b39c-58e5e5704123\":\"right\"}',1,'2025-12-07 14:39:53','2025-12-07 14:39:53','8a8e63cf-91dd-4fec-8be2-674d352f37d2'),
(793,793,1,'Elegant Text section','one-column-test',NULL,'{\"c6ba37df-5856-4b99-abff-ee5ac2023dee\":\"singleColumn\",\"463779f3-52da-4f3f-8f35-b0263c8d8c3b\":\"stack\",\"15d88486-9f10-4200-8468-69effb7550d6\":\"medium\",\"48f56917-e399-43c9-91af-7d3ddaa9b6c8\":\"center\",\"353456f6-299a-4ccf-a717-44aa8f5eaf3e\":\"gradientNavy\",\"12ab5942-8eb1-4e8d-af73-0d67149caea5\":false,\"f6ecf01a-0bc4-4c4c-9bcc-e0cded609999\":\"10\",\"08c9532b-900d-4f33-8644-fbd2b4a0448e\":\"auto\",\"7b70343f-41ce-4c2d-bcec-54b0cd0dc42f\":\"fullBgContainer\",\"1ba854f9-b95e-4fbd-9117-3e38dea54db5\":\"medium\",\"03a38015-ace3-4900-9eb7-553ae2371d19\":\"medium\",\"24a9c864-a05b-496f-92d0-6072f45d84fe\":false,\"4379e7a0-c7e2-4a76-96b1-dbcf9ed02074\":\"wave\",\"d604dc08-fc17-470f-ac46-5bd2d5fea7f0\":\"slideLeft\",\"ede60280-5b1f-46f4-ba48-87483c912289\":\"#section\",\"18334eca-71b2-4090-ac35-20abdb207c33\":\"some class\",\"3a7f3567-350e-41a1-9bb8-129cd9a6c519\":true,\"d41d3f08-74c0-46b1-804a-884be4a6fffa\":true}',1,'2025-12-07 14:39:53','2025-12-07 14:39:53','b2938fb9-2dcb-4e9c-8b3c-33db268d2b28'),
(794,794,1,'Elegant Text Section','testtt',NULL,NULL,1,'2025-12-07 14:39:53','2025-12-07 14:39:53','eee9ad6a-fbf0-4737-bf30-2a2089c676ae'),
(795,795,1,NULL,'__temp_gsjqarcyaoxbnckyesidrekuzhkajradrvdb',NULL,'{\"e376cfa3-16b2-41b2-b6c8-bf077d006110\":\"line\",\"bba64c5f-ac72-420f-a677-ed6defbb3b82\":\"short\",\"1a19c91a-121e-4f3c-b097-a360b3243240\":\"gold\",\"80b008ae-e67c-45de-800e-76fc0fdcdc2a\":\"thin\",\"a15df883-dc8f-4e20-af61-cedce78c133b\":\"xs\",\"8b2111a4-335b-497f-94da-aaed1b3e0328\":\"small\"}',1,'2025-12-07 14:39:54','2025-12-07 14:39:54','0f6dd6ec-f4f4-49c2-9893-0909b01a9c9f'),
(796,796,1,'Specialised in the subtle magic of clinically advanced treatments','specialised-in-the-subtle-magic-of-clinically-advanced-treatments',NULL,'{\"4ce0ac7c-152d-4795-89c2-faff0d75a7ed\":\"Specialised in the subtle magic of clinically advanced treatments\",\"d786a952-f7f5-459f-8a46-f32ff468d4f6\":\"h3\",\"dc38184a-b41a-44b1-980c-64e7c324f41a\":\"standard\",\"e143d6ba-f2c7-4712-922a-18c4986f97a5\":\"center\",\"e0f06b72-a283-4059-ad08-76e79c84e85e\":false,\"f6a12dd4-f43f-4d77-92f9-750ed12602b5\":\"white\"}',1,'2025-12-07 14:39:54','2025-12-07 14:39:54','17f499f1-b9ab-4284-a28e-17a9bb30a44f'),
(797,797,1,'For exquisitely natural results','for-exquisitely-natural-results',NULL,'{\"2aae0d8e-4cea-4926-92cc-9a1c5dc3ecb9\":\"<p><span style=\\\"color:hsl(17,58%,72%);\\\"><i>for exquisitely natural results</i></span></p>\",\"1fcfdd57-b6cb-4493-bdf2-2f7f6386c8c2\":\"large\",\"d65d1c35-ed40-465c-8613-98206b6c0d67\":\"center\",\"c531a0eb-1f92-4225-a6f0-40ab68b8f3de\":\"narrow\"}',1,'2025-12-07 14:39:54','2025-12-07 14:39:54','5606b75e-129c-4e11-8eae-ae4152a091d7'),
(798,798,1,NULL,'__temp_gsjqarcyaoxbnckyesidrekuzhkajradrvdb',NULL,'{\"e376cfa3-16b2-41b2-b6c8-bf077d006110\":\"line\",\"bba64c5f-ac72-420f-a677-ed6defbb3b82\":\"short\",\"1a19c91a-121e-4f3c-b097-a360b3243240\":\"gold\",\"80b008ae-e67c-45de-800e-76fc0fdcdc2a\":\"thin\",\"a15df883-dc8f-4e20-af61-cedce78c133b\":\"xs\",\"8b2111a4-335b-497f-94da-aaed1b3e0328\":\"xs\"}',1,'2025-12-07 14:39:54','2025-12-07 14:39:54','481e3e6e-b74f-4457-a97b-cca474e79b93'),
(806,806,1,'About','about-me',NULL,'{\"28396760-6b42-4e26-91fe-691bb1d0f638\":\"About\",\"34edbdad-80cc-455a-8024-e4ad5cc55f12\":{\"value\":\"#\",\"type\":\"url\"},\"306c8a8b-7513-4a3f-82c5-7797d86388ed\":\"cta\"}',1,'2025-12-07 14:46:22','2025-12-07 14:46:22','0f9d10c5-4e68-407a-865c-3f86b4f489e2'),
(807,807,1,'Homepage','homepage','__home__',NULL,1,'2025-12-07 14:46:22','2025-12-07 14:46:22','0686a78b-ee7b-401a-9620-29d5d1e036a4'),
(808,808,1,'Elegant Text section','one-column-test',NULL,'{\"c6ba37df-5856-4b99-abff-ee5ac2023dee\":\"singleColumn\",\"463779f3-52da-4f3f-8f35-b0263c8d8c3b\":\"stack\",\"15d88486-9f10-4200-8468-69effb7550d6\":\"medium\",\"48f56917-e399-43c9-91af-7d3ddaa9b6c8\":\"center\",\"353456f6-299a-4ccf-a717-44aa8f5eaf3e\":\"gradientNavy\",\"12ab5942-8eb1-4e8d-af73-0d67149caea5\":false,\"f6ecf01a-0bc4-4c4c-9bcc-e0cded609999\":\"10\",\"08c9532b-900d-4f33-8644-fbd2b4a0448e\":\"auto\",\"7b70343f-41ce-4c2d-bcec-54b0cd0dc42f\":\"fullBgContainer\",\"1ba854f9-b95e-4fbd-9117-3e38dea54db5\":\"medium\",\"03a38015-ace3-4900-9eb7-553ae2371d19\":\"medium\",\"24a9c864-a05b-496f-92d0-6072f45d84fe\":false,\"4379e7a0-c7e2-4a76-96b1-dbcf9ed02074\":\"wave\",\"d604dc08-fc17-470f-ac46-5bd2d5fea7f0\":\"slideLeft\",\"ede60280-5b1f-46f4-ba48-87483c912289\":\"#section\",\"18334eca-71b2-4090-ac35-20abdb207c33\":\"some class\",\"3a7f3567-350e-41a1-9bb8-129cd9a6c519\":true,\"d41d3f08-74c0-46b1-804a-884be4a6fffa\":true}',1,'2025-12-07 14:46:22','2025-12-07 14:46:22','13840a2b-d433-4261-8d92-f6ab8230f4e6'),
(809,809,1,'Elegant Text Section','testtt',NULL,NULL,1,'2025-12-07 14:46:22','2025-12-07 14:46:22','3dba261e-18bb-40ab-bebf-a2df14525439'),
(810,810,1,'For exquisitely natural results','for-exquisitely-natural-results',NULL,'{\"2aae0d8e-4cea-4926-92cc-9a1c5dc3ecb9\":\"<p><span style=\\\"color:hsl(17,58%,72%);\\\"><i>for exquisitely natural results</i></span></p>\",\"1fcfdd57-b6cb-4493-bdf2-2f7f6386c8c2\":\"large\",\"d65d1c35-ed40-465c-8613-98206b6c0d67\":\"center\",\"c531a0eb-1f92-4225-a6f0-40ab68b8f3de\":\"narrow\"}',1,'2025-12-07 14:46:22','2025-12-07 14:46:22','9da705d3-4e92-494c-b3b2-fe6393ec26e0'),
(811,811,1,'About Dr Rachel','about-dr-rachel',NULL,'{\"099020e5-c897-49cc-b679-3ec70fecd44b\":\"Meet Your Doctor\",\"682128f9-a862-4496-8c65-4d0449904510\":\"Dr Rachel – the woman behind the needle of The Aesthetic Clinic\",\"adfbaf55-55b2-4e91-9c89-9edfe83cad7e\":\"<p>Our approach to aesthetic medicine is rooted in precision and artistry. With years of specialized training and thousands of successful treatments, Dr Rachel understands the delicate balance required to achieve natural-looking results.</p><p>We use advanced techniques and the highest quality products to ensure every treatment is tailored to your unique facial anatomy and aesthetic goals. The result is a refreshed, rejuvenated appearance that still looks authentically you.</p><p>Our commitment to excellence extends beyond the treatment room. We take time to understand your concerns, educate you on your options, and develop a personalized treatment plan.</p>\",\"ce445ff0-ffd3-46dc-92fd-7f90be2c8f57\":[757],\"0f4b4599-37ec-4e32-951d-314472221e14\":\"whiteClean\",\"3b49b148-2424-4f38-b0f2-631cf577bc4b\":\"left\"}',1,'2025-12-07 14:46:22','2025-12-07 14:46:22','6d3f878e-793f-491e-b1a6-c67112607b1e'),
(812,812,1,'About','about-me',NULL,'{\"28396760-6b42-4e26-91fe-691bb1d0f638\":\"About\",\"34edbdad-80cc-455a-8024-e4ad5cc55f12\":{\"value\":\"#\",\"type\":\"url\"},\"306c8a8b-7513-4a3f-82c5-7797d86388ed\":\"cta\"}',1,'2025-12-07 14:46:22','2025-12-07 14:46:22','b211ec64-4990-4fe3-ae93-907faf7bf7eb'),
(815,815,1,'Homepage','homepage','__home__',NULL,1,'2025-12-08 10:02:18','2025-12-08 10:02:18','709ba7aa-6923-48c2-bd49-4d660ea7121e'),
(816,816,1,'Reveal Your Natural Beauty','homepage',NULL,'{\"12def3da-8ca1-48fa-891d-c3798b3b46e9\":\"Reveal Your 2\",\"5dfd8cfe-1390-4f09-9378-3016c101b1dc\":\"Natural Beauty\",\"17d6bc9c-9563-4fc4-8b98-b7dc3fb68dd4\":\"Doctor-Led Aesthetic Medicine\",\"cf5f75f8-8ee4-4a97-b726-1bef5dd1e817\":\"Expert medical aesthetics, face, and skin treatments. Precision artistry for results that look authentically you.\",\"cec5ecd1-20c2-44f9-b9ce-018d169101d7\":[757],\"238ce99e-fad8-4e55-b39c-58e5e5704123\":\"right\"}',1,'2025-12-08 10:02:18','2025-12-08 10:02:18','7aaef7ac-6cff-4006-bf35-e26df93d4634'),
(819,819,1,'Homepage','homepage','__home__',NULL,1,'2025-12-08 10:03:28','2025-12-08 10:03:28','09033fc8-13fd-4b9f-a1f4-810c34f7ee5e'),
(820,820,1,'Reveal Your Natural Beauty','homepage',NULL,'{\"12def3da-8ca1-48fa-891d-c3798b3b46e9\":\"Reveal Your 2\",\"5dfd8cfe-1390-4f09-9378-3016c101b1dc\":\"Natural Beauty\",\"17d6bc9c-9563-4fc4-8b98-b7dc3fb68dd4\":\"Doctor-Led Aesthetic Medicine\",\"cf5f75f8-8ee4-4a97-b726-1bef5dd1e817\":\"Expert medical aesthetics, face, and skin treatments. Precision artistry for results that look authentically you.\",\"cec5ecd1-20c2-44f9-b9ce-018d169101d7\":[312],\"238ce99e-fad8-4e55-b39c-58e5e5704123\":\"right\"}',1,'2025-12-08 10:03:28','2025-12-08 10:03:28','e4500a3e-6d89-4374-9df8-659ecf4d0db9'),
(821,821,1,'Dr Rach Web 17 12',NULL,NULL,NULL,1,'2025-12-08 10:05:35','2025-12-08 10:05:35','e201228f-d583-4a00-ac74-07a076a585cf'),
(824,824,1,'Homepage','homepage','__home__',NULL,1,'2025-12-08 10:05:39','2025-12-08 10:05:39','637e287d-044e-4832-8caa-8fe32dd79f37'),
(825,825,1,'Reveal Your Natural Beauty','homepage',NULL,'{\"12def3da-8ca1-48fa-891d-c3798b3b46e9\":\"Reveal Your 2\",\"5dfd8cfe-1390-4f09-9378-3016c101b1dc\":\"Natural Beauty\",\"17d6bc9c-9563-4fc4-8b98-b7dc3fb68dd4\":\"Doctor-Led Aesthetic Medicine\",\"cf5f75f8-8ee4-4a97-b726-1bef5dd1e817\":\"Expert medical aesthetics, face, and skin treatments. Precision artistry for results that look authentically you.\",\"cec5ecd1-20c2-44f9-b9ce-018d169101d7\":[312,821],\"238ce99e-fad8-4e55-b39c-58e5e5704123\":\"right\"}',1,'2025-12-08 10:05:39','2025-12-08 10:05:39','e7ff4c65-a6ba-4c84-a309-388515caa6d2'),
(828,828,1,'Homepage','homepage','__home__',NULL,1,'2025-12-08 10:15:20','2025-12-08 10:15:20','1ba6096a-3adc-477b-910c-cd47f75ff7ca'),
(829,829,1,'Reveal Your Natural Beauty','homepage',NULL,'{\"12def3da-8ca1-48fa-891d-c3798b3b46e9\":\"Reveal Your 2\",\"5dfd8cfe-1390-4f09-9378-3016c101b1dc\":\"Natural Beauty\",\"17d6bc9c-9563-4fc4-8b98-b7dc3fb68dd4\":\"Doctor-Led Aesthetic Medicine\",\"cf5f75f8-8ee4-4a97-b726-1bef5dd1e817\":\"Expert medical aesthetics, face, and skin treatments. Precision artistry for results that look authentically you.\",\"cec5ecd1-20c2-44f9-b9ce-018d169101d7\":[312,821],\"238ce99e-fad8-4e55-b39c-58e5e5704123\":\"left\"}',1,'2025-12-08 10:15:20','2025-12-08 10:15:20','418c57c4-7335-425a-b2f0-82347018f729'),
(832,832,1,'Homepage','homepage','__home__',NULL,1,'2025-12-08 10:15:37','2025-12-08 10:15:37','ccf3dffd-abe6-483d-8d2f-dd354eaefe67'),
(833,833,1,'Reveal Your Natural Beauty','homepage',NULL,'{\"12def3da-8ca1-48fa-891d-c3798b3b46e9\":\"Reveal Your 2\",\"5dfd8cfe-1390-4f09-9378-3016c101b1dc\":\"Natural Beauty\",\"17d6bc9c-9563-4fc4-8b98-b7dc3fb68dd4\":\"Doctor-Led Aesthetic Medicine\",\"cf5f75f8-8ee4-4a97-b726-1bef5dd1e817\":\"Expert medical aesthetics, face, and skin treatments. Precision artistry for results that look authentically you.\",\"cec5ecd1-20c2-44f9-b9ce-018d169101d7\":[312,821],\"238ce99e-fad8-4e55-b39c-58e5e5704123\":\"right\"}',1,'2025-12-08 10:15:37','2025-12-08 10:15:37','257efff3-4431-4231-9093-add53ff70889'),
(834,834,1,'Elegant Text section','one-column-test',NULL,'{\"3a7f3567-350e-41a1-9bb8-129cd9a6c519\":true,\"d41d3f08-74c0-46b1-804a-884be4a6fffa\":true,\"24a9c864-a05b-496f-92d0-6072f45d84fe\":true,\"12ab5942-8eb1-4e8d-af73-0d67149caea5\":false,\"08c9532b-900d-4f33-8644-fbd2b4a0448e\":\"auto\",\"420c8b0e-3fe1-4ee3-ae34-7a4e1a6ad89d\":[320],\"c6ba37df-5856-4b99-abff-ee5ac2023dee\":\"singleColumn\",\"463779f3-52da-4f3f-8f35-b0263c8d8c3b\":\"stack\",\"15d88486-9f10-4200-8468-69effb7550d6\":\"medium\",\"48f56917-e399-43c9-91af-7d3ddaa9b6c8\":\"center\",\"353456f6-299a-4ccf-a717-44aa8f5eaf3e\":\"gradientNavy\",\"f6ecf01a-0bc4-4c4c-9bcc-e0cded609999\":\"10\",\"7b70343f-41ce-4c2d-bcec-54b0cd0dc42f\":\"fullBgContainer\",\"1ba854f9-b95e-4fbd-9117-3e38dea54db5\":\"medium\",\"03a38015-ace3-4900-9eb7-553ae2371d19\":\"medium\",\"4379e7a0-c7e2-4a76-96b1-dbcf9ed02074\":\"wave\",\"d604dc08-fc17-470f-ac46-5bd2d5fea7f0\":\"slideLeft\",\"ede60280-5b1f-46f4-ba48-87483c912289\":\"#section\",\"18334eca-71b2-4090-ac35-20abdb207c33\":\"some class\"}',1,'2025-12-08 10:17:13','2025-12-08 10:20:02','eb4f3ad0-de06-4809-980a-85af2c973906'),
(835,835,1,'Elegant Text Section','testtt',NULL,NULL,1,'2025-12-08 10:20:59','2025-12-08 10:20:59','b11858c9-9af8-4686-a201-b274c6598353'),
(836,836,1,'saddsdas','saddsdas',NULL,'{\"28396760-6b42-4e26-91fe-691bb1d0f638\":\"sadasddas\",\"34edbdad-80cc-455a-8024-e4ad5cc55f12\":{\"value\":\"#\",\"type\":\"url\"},\"306c8a8b-7513-4a3f-82c5-7797d86388ed\":\"cta\"}',1,'2025-12-08 10:21:00','2025-12-08 10:21:06','d4175ef7-7996-4c5d-9a7a-ca90f190be7c'),
(837,837,1,'For exquisitely natural results','for-exquisitely-natural-results',NULL,'{\"2aae0d8e-4cea-4926-92cc-9a1c5dc3ecb9\":\"<div class=\\\"page-break\\\" style=\\\"page-break-after:always;\\\"><span style=\\\"display:none;\\\">&nbsp;</span></div><p><span style=\\\"color:hsl(17,58%,72%);\\\"><i>for exquisitely natural results</i></span></p><p> </p><craft-entry data-entry-id=\\\"838\\\"> </craft-entry><p> </p><p>dsdassdaasdsda</p>\",\"1fcfdd57-b6cb-4493-bdf2-2f7f6386c8c2\":\"large\",\"d65d1c35-ed40-465c-8613-98206b6c0d67\":\"center\",\"c531a0eb-1f92-4225-a6f0-40ab68b8f3de\":\"narrow\"}',1,'2025-12-08 10:22:58','2025-12-08 10:23:38','672d70df-bced-4d5f-92bc-8f5adb0ffd4a'),
(838,838,1,'dsasdadsdas','dsasdadsdas',NULL,'{\"28396760-6b42-4e26-91fe-691bb1d0f638\":\"sdaads\",\"34edbdad-80cc-455a-8024-e4ad5cc55f12\":{\"value\":\"https://sdasadasdsdaadsda\",\"type\":\"url\"},\"306c8a8b-7513-4a3f-82c5-7797d86388ed\":\"cta\"}',1,'2025-12-08 10:23:22','2025-12-08 10:23:30','4a625fef-f139-4548-ac50-6deff839254e'),
(840,840,1,'test1','test1',NULL,'{\"26a77c9c-ce78-46e2-acb7-8fd1af9ba2eb\":[757],\"d5803862-14af-411a-83a8-0734f3d68687\":[91],\"bcabfcb9-19e8-44e6-8f09-e37ebd2791d1\":true}',1,'2025-12-15 09:01:44','2025-12-15 09:01:44','95f9dc97-46a8-4bec-9586-12b7cf138d7f'),
(843,843,1,'Follow us for inspiration & exclusive offers 2','follow-us-for-inspiration-exclusive-offers-2',NULL,'{\"ff6ca0f0-1b79-4605-9d9c-11a46fa5deca\":\"Follow us for inspiration & exclusive offers 2\",\"f47824a7-2fa1-4c08-9a8d-2150675d7074\":\"@test2\",\"bf926b64-bfec-4317-b58e-d7a143dd5ff0\":{\"value\":\"https://aidebe.com\",\"type\":\"url\"}}',1,'2026-02-02 19:00:14','2026-02-02 19:00:14','eec7fe93-76e6-46e9-bdf3-c5fb5b29e503'),
(844,844,1,'Homepage','homepage','__home__',NULL,1,'2026-02-02 19:00:14','2026-02-02 19:00:14','01b5afbb-efa6-4bb6-876a-40f61bebe653'),
(845,845,1,'Follow us for inspiration & exclusive offers 2','follow-us-for-inspiration-exclusive-offers-2',NULL,'{\"ff6ca0f0-1b79-4605-9d9c-11a46fa5deca\":\"Follow us for inspiration & exclusive offers 2\",\"f47824a7-2fa1-4c08-9a8d-2150675d7074\":\"@test2\",\"bf926b64-bfec-4317-b58e-d7a143dd5ff0\":{\"value\":\"https://aidebe.com\",\"type\":\"url\"}}',1,'2026-02-02 19:00:14','2026-02-02 19:00:14','e1ff4d40-3203-4beb-803a-18efede6a724'),
(849,849,1,'Location and Map','location-and-map',NULL,'{\"e9d027e0-8c7b-4fb4-9ab0-67b5217a3d29\":\"Visit Us 2\",\"71564ec2-e644-438f-834f-491192e8b8be\":\"Find Our Clinic 2\",\"ebc60d18-09c0-400f-8c1f-2f48bd3a0b42\":\"224 Town Lane, Bebington,\\nWirral, Merseyside, CH63 8LG 2\",\"c052b28d-47e9-46d9-9fa5-bc840960e6e7\":\"Mon - Fri: 9:00 AM - 7:00 PM\\nSaturday: 10:00 AM - 5:00 PM\\nSunday: By Appointment\",\"3686df1e-4be2-483f-ab92-1295ff5058c9\":\"07834 258 596\",\"54b74647-3f1e-420b-b2db-4e61ada3b6d9\":\"rachel@drrachelaesthetics.com\",\"729977b5-e42b-44bc-b4c2-3300364e9e1d\":\"https://www.google.com/maps/embed?pb=!1m18!1m12!1m3!1d2482.8!2d-0.148!3d51.52!2m3!1f0!2f0!3f0!3m2!1i1024!2i768!4f13.1!3m3!1m2!1s0x0%3A0x0!2zNTHCsDMxJzEyLjAiTiAwwrAwOCc1Mi44Ilc!5e0!3m2!1sen!2suk!4v1234567890!5m2!1sen!2suk\"}',1,'2026-02-03 08:44:56','2026-02-03 08:48:06','67f09bda-400f-491a-9aba-d357942d53c0'),
(850,850,1,'Book Your Consultation 2','book-your-consultation',NULL,'{\"28396760-6b42-4e26-91fe-691bb1d0f638\":\"#\",\"34edbdad-80cc-455a-8024-e4ad5cc55f12\":{\"value\":\"#\",\"type\":\"url\"},\"306c8a8b-7513-4a3f-82c5-7797d86388ed\":\"cta\"}',1,'2026-02-03 08:44:56','2026-02-03 08:48:06','cd869631-a634-4536-89fc-863d44d548fd'),
(851,851,1,'Homepage','homepage','__home__',NULL,1,'2026-02-03 08:44:56','2026-02-03 08:44:56','5702a50e-3bc2-44fa-9d9e-8ba2a022d4b3'),
(852,852,1,'Location and Map','location-and-map',NULL,'{\"e9d027e0-8c7b-4fb4-9ab0-67b5217a3d29\":\"Visit Us\",\"71564ec2-e644-438f-834f-491192e8b8be\":\"Find Our Clinic\",\"ebc60d18-09c0-400f-8c1f-2f48bd3a0b42\":\"224 Town Lane, Bebington,\\nWirral, Merseyside, CH63 8LG\",\"c052b28d-47e9-46d9-9fa5-bc840960e6e7\":\"Mon - Fri: 9:00 AM - 7:00 PM\\nSaturday: 10:00 AM - 5:00 PM\\nSunday: By Appointment\",\"3686df1e-4be2-483f-ab92-1295ff5058c9\":\"07834 258 596\",\"54b74647-3f1e-420b-b2db-4e61ada3b6d9\":\"rachel@drrachelaesthetics.com\",\"729977b5-e42b-44bc-b4c2-3300364e9e1d\":\"https://www.google.com/maps/embed?pb=!1m18!1m12!1m3!1d2482.8!2d-0.148!3d51.52!2m3!1f0!2f0!3f0!3m2!1i1024!2i768!4f13.1!3m3!1m2!1s0x0%3A0x0!2zNTHCsDMxJzEyLjAiTiAwwrAwOCc1Mi44Ilc!5e0!3m2!1sen!2suk!4v1234567890!5m2!1sen!2suk\"}',1,'2026-02-03 08:44:56','2026-02-03 08:44:56','359081ec-bf91-422a-adf9-75483fba78ec'),
(853,853,1,'Book Your Consultation','book-your-consultation',NULL,'{\"28396760-6b42-4e26-91fe-691bb1d0f638\":\"#\",\"34edbdad-80cc-455a-8024-e4ad5cc55f12\":{\"value\":\"#\",\"type\":\"url\"},\"306c8a8b-7513-4a3f-82c5-7797d86388ed\":\"cta\"}',1,'2026-02-03 08:44:56','2026-02-03 08:44:56','45a9c095-162a-4a2b-b536-28780dbd1d32'),
(857,857,1,'Homepage','homepage','__home__',NULL,1,'2026-02-03 08:48:06','2026-02-03 08:48:06','f31a8de2-01ca-43bc-9e9b-356759094445'),
(858,858,1,'Location and Map','location-and-map',NULL,'{\"e9d027e0-8c7b-4fb4-9ab0-67b5217a3d29\":\"Visit Us 2\",\"71564ec2-e644-438f-834f-491192e8b8be\":\"Find Our Clinic 2\",\"ebc60d18-09c0-400f-8c1f-2f48bd3a0b42\":\"224 Town Lane, Bebington,\\nWirral, Merseyside, CH63 8LG 2\",\"c052b28d-47e9-46d9-9fa5-bc840960e6e7\":\"Mon - Fri: 9:00 AM - 7:00 PM\\nSaturday: 10:00 AM - 5:00 PM\\nSunday: By Appointment\",\"3686df1e-4be2-483f-ab92-1295ff5058c9\":\"07834 258 596\",\"54b74647-3f1e-420b-b2db-4e61ada3b6d9\":\"rachel@drrachelaesthetics.com\",\"729977b5-e42b-44bc-b4c2-3300364e9e1d\":\"https://www.google.com/maps/embed?pb=!1m18!1m12!1m3!1d2482.8!2d-0.148!3d51.52!2m3!1f0!2f0!3f0!3m2!1i1024!2i768!4f13.1!3m3!1m2!1s0x0%3A0x0!2zNTHCsDMxJzEyLjAiTiAwwrAwOCc1Mi44Ilc!5e0!3m2!1sen!2suk!4v1234567890!5m2!1sen!2suk\"}',1,'2026-02-03 08:48:06','2026-02-03 08:48:06','30585ca7-3040-4129-91b5-ea0b52df8d7f'),
(859,859,1,'Book Your Consultation 2','book-your-consultation',NULL,'{\"28396760-6b42-4e26-91fe-691bb1d0f638\":\"#\",\"34edbdad-80cc-455a-8024-e4ad5cc55f12\":{\"value\":\"#\",\"type\":\"url\"},\"306c8a8b-7513-4a3f-82c5-7797d86388ed\":\"cta\"}',1,'2026-02-03 08:48:06','2026-02-03 08:48:06','851d309e-244a-495c-a40c-015ea5454b8c'),
(867,867,1,'Location and Map','location-and-map',NULL,'{\"e9d027e0-8c7b-4fb4-9ab0-67b5217a3d29\":\"Visit Us 2\",\"71564ec2-e644-438f-834f-491192e8b8be\":\"Find Our Clinic 2\",\"ebc60d18-09c0-400f-8c1f-2f48bd3a0b42\":\"224 Town Lane, Bebington,\\nWirral, Merseyside, CH63 8LG 2\",\"c052b28d-47e9-46d9-9fa5-bc840960e6e7\":\"Mon - Fri: 9:00 AM - 7:00 PM\\nSaturday: 10:00 AM - 5:00 PM\\nSunday: By Appointment 2\",\"3686df1e-4be2-483f-ab92-1295ff5058c9\":\"07834 258 596\",\"54b74647-3f1e-420b-b2db-4e61ada3b6d9\":\"rachel@drrachelaesthetics.com\",\"729977b5-e42b-44bc-b4c2-3300364e9e1d\":\"https://www.google.com/maps/embed?pb=!1m18!1m12!1m3!1d2482.8!2d-0.148!3d51.52!2m3!1f0!2f0!3f0!3m2!1i1024!2i768!4f13.1!3m3!1m2!1s0x0%3A0x0!2zNTHCsDMxJzEyLjAiTiAwwrAwOCc1Mi44Ilc!5e0!3m2!1sen!2suk!4v1234567890!5m2!1sen!2suk\"}',1,'2026-02-03 08:58:31','2026-02-03 08:58:31','4a00f85e-d9fb-419f-af7e-8b286f1f34dd'),
(868,868,1,'Test','test',NULL,'{\"28396760-6b42-4e26-91fe-691bb1d0f638\":\"Book A Consultation 2\",\"34edbdad-80cc-455a-8024-e4ad5cc55f12\":{\"value\":\"#2\",\"type\":\"url\"},\"306c8a8b-7513-4a3f-82c5-7797d86388ed\":\"cta\"}',1,'2026-02-03 08:58:31','2026-02-03 08:58:31','50afe7f2-c4c3-437f-aa9e-6a81bea70c1b'),
(869,869,1,'Homepage','homepage','__home__',NULL,1,'2026-02-03 08:58:31','2026-02-03 08:58:31','8ee5c8c5-f47b-4c8b-b671-5384eb4486a1'),
(870,870,1,'Location and Map','location-and-map',NULL,'{\"e9d027e0-8c7b-4fb4-9ab0-67b5217a3d29\":\"Visit Us 2\",\"71564ec2-e644-438f-834f-491192e8b8be\":\"Find Our Clinic 2\",\"ebc60d18-09c0-400f-8c1f-2f48bd3a0b42\":\"224 Town Lane, Bebington,\\nWirral, Merseyside, CH63 8LG 2\",\"c052b28d-47e9-46d9-9fa5-bc840960e6e7\":\"Mon - Fri: 9:00 AM - 7:00 PM\\nSaturday: 10:00 AM - 5:00 PM\\nSunday: By Appointment 2\",\"3686df1e-4be2-483f-ab92-1295ff5058c9\":\"07834 258 596\",\"54b74647-3f1e-420b-b2db-4e61ada3b6d9\":\"rachel@drrachelaesthetics.com\",\"729977b5-e42b-44bc-b4c2-3300364e9e1d\":\"https://www.google.com/maps/embed?pb=!1m18!1m12!1m3!1d2482.8!2d-0.148!3d51.52!2m3!1f0!2f0!3f0!3m2!1i1024!2i768!4f13.1!3m3!1m2!1s0x0%3A0x0!2zNTHCsDMxJzEyLjAiTiAwwrAwOCc1Mi44Ilc!5e0!3m2!1sen!2suk!4v1234567890!5m2!1sen!2suk\"}',1,'2026-02-03 08:58:31','2026-02-03 08:58:31','b0b9a211-4c04-4023-a4ea-89d27b58d252'),
(871,871,1,'Test','test',NULL,'{\"28396760-6b42-4e26-91fe-691bb1d0f638\":\"Book A Consultation 2\",\"34edbdad-80cc-455a-8024-e4ad5cc55f12\":{\"value\":\"#2\",\"type\":\"url\"},\"306c8a8b-7513-4a3f-82c5-7797d86388ed\":\"cta\"}',1,'2026-02-03 08:58:31','2026-02-03 08:58:31','c0c6db41-663e-43a7-ba72-1d2948c345a6'),
(878,878,1,'Initial Consultation 2','initial-consultation',NULL,'{\"e7689c08-7dfa-49a7-bd36-805fe89ac1e3\":\"Initial Consultation 2\",\"a3a4499b-38c4-49c1-93eb-05cf9d0e9152\":\"Lorem Ipsum is simply dummy text of the printing and typesetting industry. Lorem Ipsum has been the industry\'s standard dummy text ever since the 1500s, when an unknown printer took a galley of type and scrambled it to make a type specimen book. It has survived not only five centuries, but also the leap into electronic typesetting, remaining essentially unchanged.\",\"6c588796-bb27-4fdf-9590-a50a0e275ca7\":true}',1,'2026-02-05 07:59:45','2026-02-05 07:59:45','a6b46943-d779-4ee7-a986-225df4a5c8dd'),
(879,879,1,'Homepage','homepage','__home__',NULL,1,'2026-02-05 07:59:45','2026-02-05 07:59:45','ed7ca1d0-e4c0-4fd5-94f3-1291e998df68'),
(880,880,1,'How It Works','how-it-works',NULL,'{\"4911f493-aeb6-4573-a3c1-3dc0b0940146\":\"How It Works\",\"6868dccf-8cf0-4c95-83cf-43d34443cdbc\":\"From consultation to results, we make every step seamless and stress-free\"}',1,'2026-02-05 07:59:45','2026-02-05 07:59:45','86f5cc73-799d-4ab1-8b7c-8e42cd054a32'),
(881,881,1,'Initial Consultation 2','initial-consultation',NULL,'{\"e7689c08-7dfa-49a7-bd36-805fe89ac1e3\":\"Initial Consultation 2\",\"a3a4499b-38c4-49c1-93eb-05cf9d0e9152\":\"Lorem Ipsum is simply dummy text of the printing and typesetting industry. Lorem Ipsum has been the industry\'s standard dummy text ever since the 1500s, when an unknown printer took a galley of type and scrambled it to make a type specimen book. It has survived not only five centuries, but also the leap into electronic typesetting, remaining essentially unchanged.\",\"6c588796-bb27-4fdf-9590-a50a0e275ca7\":true}',1,'2026-02-05 07:59:45','2026-02-05 07:59:45','930a0307-efa8-4241-934d-640005c2c8ce'),
(884,884,1,'Homepage','homepage','__home__',NULL,1,'2026-02-05 08:00:00','2026-02-05 08:00:00','b98c249d-13ca-4e5e-b2df-1b3586d87335'),
(885,885,1,'How It Works','how-it-works',NULL,'{\"4911f493-aeb6-4573-a3c1-3dc0b0940146\":\"How It Works\",\"6868dccf-8cf0-4c95-83cf-43d34443cdbc\":\"From consultation to results, we make every step seamless and stress-free\"}',1,'2026-02-05 08:00:00','2026-02-05 08:00:00','7624063b-799c-43f4-91a3-9ce69ed56db7'),
(886,886,1,'Personalised Treatment Plan 2','personalised-treatment-plan',NULL,'{\"e7689c08-7dfa-49a7-bd36-805fe89ac1e3\":\"Personalised Treatment Plan 2\",\"a3a4499b-38c4-49c1-93eb-05cf9d0e9152\":\"Lorem Ipsum is simply dummy text of the printing and typesetting industry. Lorem Ipsum has been the industry\'s standard dummy text ever since the 1500s, when an unknown printer took a galley of type and scrambled it to make a type specimen book. It has survived not only five centuries, but also the leap into electronic typesetting, remaining essentially unchanged. 2\",\"6c588796-bb27-4fdf-9590-a50a0e275ca7\":false}',1,'2026-02-05 08:00:00','2026-02-05 08:00:00','93b954c8-55cd-4929-8d5e-211c50bb65f3'),
(887,887,1,'Contacts','contacts','contacts',NULL,1,'2026-02-08 09:03:29','2026-02-08 09:21:58','3392d991-6f3b-4e21-a8c7-a270dc471bcd'),
(888,888,1,'Contacts','contacts','contacts',NULL,1,'2026-02-08 09:03:29','2026-02-08 09:03:29','914cb0b5-55f9-4b6e-aa02-c3c22ad6230f'),
(890,890,1,'Contacts','contacts','contacts',NULL,1,'2026-02-08 09:06:20','2026-02-08 09:06:20','0ea946ca-fba1-4942-ba70-4216d2d7ab60'),
(892,892,1,'Contacts','contacts','contacts',NULL,1,'2026-02-08 09:13:59','2026-02-08 09:13:59','2923b863-fef1-4699-9b79-849dd148d866'),
(894,894,1,'Contacts','contacts','contacts','{\"14c2af89-da53-4d01-ae06-433c386d36c3\":\"dsaasddsa\",\"4c134696-2755-4438-9b8a-5b95d32d3cb6\":\"sdasdasad\",\"7185c98c-c9bb-46f3-b785-e1e137bf4fce\":\"asdasddas\",\"59d47b20-e597-4c63-8a0a-700e4fd4e0b1\":{\"value\":\"#\",\"type\":\"url\"},\"52f962b8-3d4a-4f5e-8e56-eb9108a237b7\":\"default\"}',1,'2026-02-08 09:14:32','2026-02-08 09:14:32','506729c8-c225-48dc-a458-b97ad5877ee1'),
(895,895,1,'Contacts','contacts','contacts',NULL,1,'2026-02-08 09:21:04','2026-02-08 09:21:04','c6d99ab9-e630-4bd2-8d45-984eba488f3e'),
(901,901,1,'Hero contact','hero-contact',NULL,'{\"12def3da-8ca1-48fa-891d-c3798b3b46e9\":\"Hero contact\",\"5dfd8cfe-1390-4f09-9378-3016c101b1dc\":\"Hero contact\",\"17d6bc9c-9563-4fc4-8b98-b7dc3fb68dd4\":\"Hero contact\",\"cf5f75f8-8ee4-4a97-b726-1bef5dd1e817\":\"Hero contact\",\"238ce99e-fad8-4e55-b39c-58e5e5704123\":\"left\"}',1,'2026-02-08 09:21:58','2026-02-08 09:21:58','2ea14d70-2d94-4c22-8d75-3f95f852a94c'),
(902,902,1,'Hero contact','hero-contact',NULL,'{\"ff6ca0f0-1b79-4605-9d9c-11a46fa5deca\":\"Hero contact\",\"f47824a7-2fa1-4c08-9a8d-2150675d7074\":\"#assdaasd\",\"bf926b64-bfec-4317-b58e-d7a143dd5ff0\":{\"value\":\"#sdadsa\",\"type\":\"url\"}}',1,'2026-02-08 09:21:58','2026-02-08 09:21:58','e8246209-d936-4b57-bbc7-f78231bc200b'),
(903,903,1,'Hero contact','hero-contact',NULL,'{\"e9d027e0-8c7b-4fb4-9ab0-67b5217a3d29\":\"Hero contact\",\"71564ec2-e644-438f-834f-491192e8b8be\":\"Hero contact\",\"ebc60d18-09c0-400f-8c1f-2f48bd3a0b42\":\"Hero contact\",\"c052b28d-47e9-46d9-9fa5-bc840960e6e7\":\"Hero contact\",\"3686df1e-4be2-483f-ab92-1295ff5058c9\":\"21332321\",\"54b74647-3f1e-420b-b2db-4e61ada3b6d9\":\"sddsa@abv.bg\"}',1,'2026-02-08 09:21:58','2026-02-08 09:21:58','8d852987-698d-4365-ad81-6d827f8ef0ed'),
(904,904,1,'sfsaasfafs','sfsaasfafs',NULL,'{\"28396760-6b42-4e26-91fe-691bb1d0f638\":\"fasfsafas\",\"34edbdad-80cc-455a-8024-e4ad5cc55f12\":{\"value\":\"https://sfafasfasfas\",\"type\":\"url\"},\"306c8a8b-7513-4a3f-82c5-7797d86388ed\":\"normal\"}',1,'2026-02-08 09:21:58','2026-02-08 09:21:58','ec2d040f-7d6a-4db8-97ef-3bf2cb16ee53'),
(905,905,1,'Contacts','contacts','contacts',NULL,1,'2026-02-08 09:21:58','2026-02-08 09:21:58','65138d27-982b-47ef-be37-6f3dad07cc62'),
(906,906,1,'Hero contact','hero-contact',NULL,'{\"12def3da-8ca1-48fa-891d-c3798b3b46e9\":\"Hero contact\",\"5dfd8cfe-1390-4f09-9378-3016c101b1dc\":\"Hero contact\",\"17d6bc9c-9563-4fc4-8b98-b7dc3fb68dd4\":\"Hero contact\",\"cf5f75f8-8ee4-4a97-b726-1bef5dd1e817\":\"Hero contact\",\"238ce99e-fad8-4e55-b39c-58e5e5704123\":\"left\"}',1,'2026-02-08 09:21:58','2026-02-08 09:21:58','363c34bd-7771-4011-a02a-b673e7f658e1'),
(907,907,1,'Hero contact','hero-contact',NULL,'{\"ff6ca0f0-1b79-4605-9d9c-11a46fa5deca\":\"Hero contact\",\"f47824a7-2fa1-4c08-9a8d-2150675d7074\":\"#assdaasd\",\"bf926b64-bfec-4317-b58e-d7a143dd5ff0\":{\"value\":\"#sdadsa\",\"type\":\"url\"}}',1,'2026-02-08 09:21:58','2026-02-08 09:21:58','5baeaae3-b650-491c-9f72-0cdd1b8190e8'),
(908,908,1,'Hero contact','hero-contact',NULL,'{\"e9d027e0-8c7b-4fb4-9ab0-67b5217a3d29\":\"Hero contact\",\"71564ec2-e644-438f-834f-491192e8b8be\":\"Hero contact\",\"ebc60d18-09c0-400f-8c1f-2f48bd3a0b42\":\"Hero contact\",\"c052b28d-47e9-46d9-9fa5-bc840960e6e7\":\"Hero contact\",\"3686df1e-4be2-483f-ab92-1295ff5058c9\":\"21332321\",\"54b74647-3f1e-420b-b2db-4e61ada3b6d9\":\"sddsa@abv.bg\"}',1,'2026-02-08 09:21:58','2026-02-08 09:21:58','21fd7d24-c9fc-4094-8954-ffed44b1aa5f'),
(909,909,1,'sfsaasfafs','sfsaasfafs',NULL,'{\"28396760-6b42-4e26-91fe-691bb1d0f638\":\"fasfsafas\",\"34edbdad-80cc-455a-8024-e4ad5cc55f12\":{\"value\":\"https://sfafasfasfas\",\"type\":\"url\"},\"306c8a8b-7513-4a3f-82c5-7797d86388ed\":\"normal\"}',1,'2026-02-08 09:21:58','2026-02-08 09:21:58','a76fce2a-bc5d-4ac3-b188-3d4543edfc52'),
(911,911,1,'Contacts','contacts','contacts',NULL,1,'2026-02-08 09:29:50','2026-02-08 09:29:50','fb5d5425-2a66-41eb-af33-2ae6f712fb05'),
(912,912,1,'About','about','about',NULL,1,'2026-02-08 10:03:48','2026-02-08 10:03:48','92402b1a-c699-4bf7-bda0-bb53927b0425'),
(913,913,1,'About','about','about',NULL,1,'2026-02-08 10:03:48','2026-02-08 10:03:48','4137739f-b3aa-42d2-b579-51cdf5903258'),
(915,915,1,'Treatment 2','treatment-2','treatments/treatment-2','{\"15c485a1-c1dd-465e-93b2-21f693927c55\":[81]}',1,'2026-02-08 10:19:31','2026-02-08 10:19:31','76003c98-2847-4872-88da-5a4e9816c804'),
(917,917,1,NULL,'__temp_agmdlrucefczbdjzxavbaurnifgiphpravuq',NULL,'{\"238ce99e-fad8-4e55-b39c-58e5e5704123\":\"left\"}',1,'2026-02-21 14:56:11','2026-02-21 14:56:11','9200f6a1-53bb-49eb-bd7e-3898fe3ee51c'),
(918,918,1,'Treatment','__temp_kyljtjnozfrayuydvoyatmufqraajrrneepm',NULL,'{\"12def3da-8ca1-48fa-891d-c3798b3b46e9\":\"In Harley Strees\",\"238ce99e-fad8-4e55-b39c-58e5e5704123\":\"left\"}',1,'2026-02-21 15:04:43','2026-02-21 15:05:57','36fac900-c5ef-4817-a6bf-7b34b899c14d'),
(920,920,1,'Treatment  2','treatment-2',NULL,'{\"733c704a-1ef5-425f-82bb-2c7ed16220f6\":\"Treatment\",\"14363a43-2d96-4339-9c8f-1176bb7ac41a\":\"In Harley Strees\",\"da1cef0a-85ef-4a87-845c-ae060c5f178a\":\"Expert medical aesthetics, face, and skin treatments. Precision artistry for results that look authentically you.\",\"06ee9e91-0695-45d2-b6e6-9c976f1c2bd3\":\"Book Consultation\",\"5db50043-52e9-4e56-ba19-ac40464d29e4\":\"https://google.com\",\"5db102a4-8437-416e-be95-5eab08c6ded8\":\"020 1234 5678\",\"a5274579-8206-47e3-8cdd-64cbb42cfa04\":true}',1,'2026-02-21 15:07:05','2026-02-21 15:07:05','3f8040c2-dda7-491f-bdc7-f49088459f59'),
(921,921,1,'Treatment 2','treatment-2','treatments/treatment-2','{\"15c485a1-c1dd-465e-93b2-21f693927c55\":[81]}',1,'2026-02-21 15:07:05','2026-02-21 15:07:05','6259496a-31f9-4562-b59a-c193f3959e7a'),
(922,922,1,'Treatment  2','treatment-2',NULL,'{\"733c704a-1ef5-425f-82bb-2c7ed16220f6\":\"Treatment\",\"14363a43-2d96-4339-9c8f-1176bb7ac41a\":\"In Harley Strees\",\"da1cef0a-85ef-4a87-845c-ae060c5f178a\":\"Expert medical aesthetics, face, and skin treatments. Precision artistry for results that look authentically you.\",\"06ee9e91-0695-45d2-b6e6-9c976f1c2bd3\":\"Book Consultation\",\"5db50043-52e9-4e56-ba19-ac40464d29e4\":\"https://google.com\",\"5db102a4-8437-416e-be95-5eab08c6ded8\":\"020 1234 5678\",\"a5274579-8206-47e3-8cdd-64cbb42cfa04\":true}',1,'2026-02-21 15:07:05','2026-02-21 15:07:05','fa1bf59a-7b53-4699-a417-06a662b8de20'),
(926,926,1,'Treatment 2','treatment-2',NULL,'{\"733c704a-1ef5-425f-82bb-2c7ed16220f6\":\"Treatment 2\",\"14363a43-2d96-4339-9c8f-1176bb7ac41a\":\"In Harley Street 1\",\"da1cef0a-85ef-4a87-845c-ae060c5f178a\":\"Expert medical aesthetics, face, and skin treatments. Precision artistry for results that look authentically you. 2\",\"93738b02-f267-4516-b95a-6418676ff545\":[],\"b88966fc-0b88-461c-956d-3ecfdf5fe6f0\":\"white\",\"06ee9e91-0695-45d2-b6e6-9c976f1c2bd3\":\"Book Consultation 2\",\"5db50043-52e9-4e56-ba19-ac40464d29e4\":\"https://google.com2\",\"5db102a4-8437-416e-be95-5eab08c6ded8\":\"0222 1234 56791\",\"417ec013-10ea-4c74-9ebb-451de4da5f3f\":\"0222 1234 56791\",\"a5274579-8206-47e3-8cdd-64cbb42cfa04\":true}',1,'2026-02-21 15:13:00','2026-02-24 14:48:15','d3cd2a6e-eada-49ec-9406-01f2dfcd7828'),
(927,927,1,'Treatment 2','treatment-2','treatments/treatment-2','{\"15c485a1-c1dd-465e-93b2-21f693927c55\":[81]}',1,'2026-02-21 15:13:00','2026-02-21 15:13:00','a7e9a6c4-db94-41a9-a7cb-5ce57a6499cb'),
(928,928,1,'Treatment  2','treatment-2',NULL,'{\"733c704a-1ef5-425f-82bb-2c7ed16220f6\":\"Treatment\",\"14363a43-2d96-4339-9c8f-1176bb7ac41a\":\"In Harley Street 2\",\"da1cef0a-85ef-4a87-845c-ae060c5f178a\":\"Expert medical aesthetics, face, and skin treatments. Precision artistry for results that look authentically you. 2\",\"06ee9e91-0695-45d2-b6e6-9c976f1c2bd3\":\"Book Consultation 2\",\"5db50043-52e9-4e56-ba19-ac40464d29e4\":\"https://google.com2\",\"5db102a4-8437-416e-be95-5eab08c6ded8\":\"0222 1234 56791\",\"a5274579-8206-47e3-8cdd-64cbb42cfa04\":true}',1,'2026-02-21 15:13:00','2026-02-21 15:13:00','55b8760c-27a8-4897-8256-60ec9b4786f9'),
(931,931,1,'Treatment 2','treatment-2','treatments/treatment-2','{\"15c485a1-c1dd-465e-93b2-21f693927c55\":[81]}',1,'2026-02-21 15:15:35','2026-02-21 15:15:35','6b2af5b3-ed3c-457b-993b-03f37f214898'),
(932,932,1,'Treatment  2','treatment-2',NULL,'{\"733c704a-1ef5-425f-82bb-2c7ed16220f6\":\"Treatment\",\"14363a43-2d96-4339-9c8f-1176bb7ac41a\":\"In Harley Street 2\",\"da1cef0a-85ef-4a87-845c-ae060c5f178a\":\"Expert medical aesthetics, face, and skin treatments. Precision artistry for results that look authentically you. 2\",\"06ee9e91-0695-45d2-b6e6-9c976f1c2bd3\":\"Book Consultation 2\",\"5db50043-52e9-4e56-ba19-ac40464d29e4\":\"https://google.com2\",\"5db102a4-8437-416e-be95-5eab08c6ded8\":\"0222 1234 56791\",\"a5274579-8206-47e3-8cdd-64cbb42cfa04\":true,\"417ec013-10ea-4c74-9ebb-451de4da5f3f\":\"0222 1234 56791\"}',1,'2026-02-21 15:15:35','2026-02-21 15:15:35','19932c6b-759d-4fe7-94c7-08c4823a2dbc'),
(935,935,1,'Treatment 2','treatment-2','treatments/treatment-2','{\"15c485a1-c1dd-465e-93b2-21f693927c55\":[81]}',1,'2026-02-21 15:17:06','2026-02-21 15:17:06','b66161d1-2e75-40e6-8038-517f69c439b0'),
(936,936,1,'Treatment 2','treatment-2',NULL,'{\"733c704a-1ef5-425f-82bb-2c7ed16220f6\":\"Treatment 2\",\"14363a43-2d96-4339-9c8f-1176bb7ac41a\":\"test\",\"da1cef0a-85ef-4a87-845c-ae060c5f178a\":\"Expert medical aesthetics, face, and skin treatments. Precision artistry for results that look authentically you. 2\",\"06ee9e91-0695-45d2-b6e6-9c976f1c2bd3\":\"Book Consultation 2\",\"5db50043-52e9-4e56-ba19-ac40464d29e4\":\"https://google.com2\",\"5db102a4-8437-416e-be95-5eab08c6ded8\":\"0222 1234 56791\",\"417ec013-10ea-4c74-9ebb-451de4da5f3f\":\"0222 1234 56791\",\"a5274579-8206-47e3-8cdd-64cbb42cfa04\":true}',1,'2026-02-21 15:17:06','2026-02-21 15:17:06','17b0add8-dff7-439f-be5b-6b21885d5d5c'),
(939,939,1,'Treatment 2','treatment-2','treatments/treatment-2','{\"15c485a1-c1dd-465e-93b2-21f693927c55\":[81]}',1,'2026-02-21 15:18:34','2026-02-21 15:18:34','57a19c3f-934a-4ec7-a78a-41e96d2f53ae'),
(940,940,1,'Treatment 2','treatment-2',NULL,'{\"733c704a-1ef5-425f-82bb-2c7ed16220f6\":\"Treatment 2\",\"14363a43-2d96-4339-9c8f-1176bb7ac41a\":\"In Harley Street\",\"da1cef0a-85ef-4a87-845c-ae060c5f178a\":\"Expert medical aesthetics, face, and skin treatments. Precision artistry for results that look authentically you. 2\",\"06ee9e91-0695-45d2-b6e6-9c976f1c2bd3\":\"Book Consultation 2\",\"5db50043-52e9-4e56-ba19-ac40464d29e4\":\"https://google.com2\",\"5db102a4-8437-416e-be95-5eab08c6ded8\":\"0222 1234 56791\",\"417ec013-10ea-4c74-9ebb-451de4da5f3f\":\"0222 1234 56791\",\"a5274579-8206-47e3-8cdd-64cbb42cfa04\":true}',1,'2026-02-21 15:18:34','2026-02-21 15:18:34','6c0ba07f-a3b6-40c8-8382-1a76870ab8c4'),
(945,945,1,'Treatment Overview','treatment-overview',NULL,'{\"27981bad-5628-40c6-8263-ab2118bca482\":\"LOREM IPSUM\",\"a2a192d6-b8b6-40f0-9ac2-e971e485a9e8\":\"Treatment Overview 2\"}',1,'2026-02-21 15:32:54','2026-02-21 15:39:55','a1f27db4-81cf-4641-8e6e-3aa99caad920'),
(946,946,1,'Price','price',NULL,'{\"4c4b22bb-5fe8-416c-8823-615a5318a82f\":\"fa-solid fa-sterling-sign text-base\",\"7b421ddd-f8ff-42a3-8082-c778636c4b86\":\"Price\",\"313cb0aa-4d8a-4d0a-a17d-7fd4bf6b49c9\":\"From £250\",\"0f7cd089-87a8-4797-9e78-54d87e5faefd\":\"Starting price\"}',1,'2026-02-21 15:32:54','2026-02-21 15:32:54','cbe8298a-73b8-42a7-b467-143a04649f77'),
(947,947,1,'disclaimer1','disclaimer1',NULL,'{\"13f581e3-1751-464d-9b4b-65a1a57a2c2e\":\"disclaimer1\"}',1,'2026-02-21 15:32:54','2026-02-21 15:32:54','078ac5af-3776-4159-a7ae-8e0850ae0614'),
(948,948,1,'Treatment 2','treatment-2','treatments/treatment-2','{\"15c485a1-c1dd-465e-93b2-21f693927c55\":[81]}',1,'2026-02-21 15:32:54','2026-02-21 15:32:54','8816dc03-4e0a-47e6-b1c6-5be0b093bb32'),
(949,949,1,'Treatment Overview','treatment-overview',NULL,NULL,1,'2026-02-21 15:32:54','2026-02-21 15:32:54','4fe37c78-5c9e-4d38-aa0f-7e146805f8ce'),
(950,950,1,'Price','price',NULL,'{\"4c4b22bb-5fe8-416c-8823-615a5318a82f\":\"fa-solid fa-sterling-sign text-base\",\"7b421ddd-f8ff-42a3-8082-c778636c4b86\":\"Price\",\"313cb0aa-4d8a-4d0a-a17d-7fd4bf6b49c9\":\"From £250\",\"0f7cd089-87a8-4797-9e78-54d87e5faefd\":\"Starting price\"}',1,'2026-02-21 15:32:54','2026-02-21 15:32:54','8370711a-8995-4070-9fbc-04b909f4678a'),
(951,951,1,'disclaimer1','disclaimer1',NULL,'{\"13f581e3-1751-464d-9b4b-65a1a57a2c2e\":\"disclaimer1\"}',1,'2026-02-21 15:32:54','2026-02-21 15:32:54','a0dceeaf-4837-407d-9ca3-a9968aa8ff8a'),
(960,960,1,'Price','price',NULL,'{\"4c4b22bb-5fe8-416c-8823-615a5318a82f\":\"fa-solid fa-sterling-sign text-base\",\"7b421ddd-f8ff-42a3-8082-c778636c4b86\":\"Price\",\"313cb0aa-4d8a-4d0a-a17d-7fd4bf6b49c9\":\"From £250\",\"0f7cd089-87a8-4797-9e78-54d87e5faefd\":\"Starting price\"}',1,'2026-02-21 15:33:15','2026-02-21 15:33:15','91dd9c8f-01ee-421c-89dc-02f819d02ca6'),
(961,961,1,'disclaimer1','disclaimer1',NULL,'{\"13f581e3-1751-464d-9b4b-65a1a57a2c2e\":\"disclaimer1\"}',1,'2026-02-21 15:33:15','2026-02-21 15:33:15','fc24abab-59ef-4b70-9d98-b2ae9059f8e2'),
(962,962,1,'Price','price',NULL,'{\"4c4b22bb-5fe8-416c-8823-615a5318a82f\":\"fa-solid fa-sterling-sign text-base\",\"7b421ddd-f8ff-42a3-8082-c778636c4b86\":\"Price\",\"313cb0aa-4d8a-4d0a-a17d-7fd4bf6b49c9\":\"From £250\",\"0f7cd089-87a8-4797-9e78-54d87e5faefd\":\"Starting price\"}',1,'2026-02-21 15:33:15','2026-02-21 15:33:15','2b35e256-e57b-429e-8a2a-3b0284d7ed9d'),
(963,963,1,'disclaimer1','disclaimer1',NULL,'{\"13f581e3-1751-464d-9b4b-65a1a57a2c2e\":\"disclaimer1\"}',1,'2026-02-21 15:33:15','2026-02-21 15:33:15','bae6ea0f-4568-4c4d-b34c-007fded0f937'),
(964,964,1,'Price','price',NULL,'{\"4c4b22bb-5fe8-416c-8823-615a5318a82f\":\"fa-solid fa-sterling-sign text-base\",\"7b421ddd-f8ff-42a3-8082-c778636c4b86\":\"Price\",\"313cb0aa-4d8a-4d0a-a17d-7fd4bf6b49c9\":\"From £250\",\"0f7cd089-87a8-4797-9e78-54d87e5faefd\":\"Starting price\"}',1,'2026-02-21 15:33:15','2026-02-21 15:33:15','ea7fb22f-76cf-4f94-bdc3-87fdbd95064f'),
(965,965,1,'disclaimer1','disclaimer1',NULL,'{\"13f581e3-1751-464d-9b4b-65a1a57a2c2e\":\"disclaimer1\"}',1,'2026-02-21 15:33:15','2026-02-21 15:33:15','a408adc0-c559-43a1-94f0-774745dd2c2b'),
(966,966,1,'Treatment 2','treatment-2','treatments/treatment-2','{\"15c485a1-c1dd-465e-93b2-21f693927c55\":[81]}',1,'2026-02-21 15:33:15','2026-02-21 15:33:15','edb025cc-790d-4529-98d6-340572262cec'),
(967,967,1,'Treatment Overview','treatment-overview',NULL,NULL,1,'2026-02-21 15:33:15','2026-02-21 15:33:15','38ea235e-5239-4db1-b8fd-96b387d26306'),
(968,968,1,'Price','price',NULL,'{\"4c4b22bb-5fe8-416c-8823-615a5318a82f\":\"fa-solid fa-sterling-sign text-base\",\"7b421ddd-f8ff-42a3-8082-c778636c4b86\":\"Price\",\"313cb0aa-4d8a-4d0a-a17d-7fd4bf6b49c9\":\"From £250\",\"0f7cd089-87a8-4797-9e78-54d87e5faefd\":\"Starting price\"}',1,'2026-02-21 15:33:15','2026-02-21 15:33:15','06d009a4-8086-465a-a7b0-27c5dd686c4c'),
(969,969,1,'disclaimer1','disclaimer1',NULL,'{\"13f581e3-1751-464d-9b4b-65a1a57a2c2e\":\"disclaimer1\"}',1,'2026-02-21 15:33:15','2026-02-21 15:33:15','c5be2813-168d-4f46-a8af-3dd9473c74d5'),
(970,970,1,'Price','price',NULL,'{\"4c4b22bb-5fe8-416c-8823-615a5318a82f\":\"fa-solid fa-sterling-sign text-base\",\"7b421ddd-f8ff-42a3-8082-c778636c4b86\":\"Price\",\"313cb0aa-4d8a-4d0a-a17d-7fd4bf6b49c9\":\"From £250\",\"0f7cd089-87a8-4797-9e78-54d87e5faefd\":\"Starting price\"}',1,'2026-02-21 15:33:15','2026-02-21 15:33:15','34990d77-6ec4-4ea0-8663-ddbd1078bc05'),
(971,971,1,'disclaimer1','disclaimer1',NULL,'{\"13f581e3-1751-464d-9b4b-65a1a57a2c2e\":\"disclaimer1\"}',1,'2026-02-21 15:33:15','2026-02-21 15:33:15','9434ec1d-3a17-446e-b492-5447fe5a8273'),
(972,972,1,'Price','price',NULL,'{\"4c4b22bb-5fe8-416c-8823-615a5318a82f\":\"fa-solid fa-sterling-sign text-base\",\"7b421ddd-f8ff-42a3-8082-c778636c4b86\":\"Price\",\"313cb0aa-4d8a-4d0a-a17d-7fd4bf6b49c9\":\"From £250\",\"0f7cd089-87a8-4797-9e78-54d87e5faefd\":\"Starting price\"}',1,'2026-02-21 15:33:15','2026-02-21 15:33:15','4a8216b1-fc90-4652-a1ac-845c2dd08064'),
(973,973,1,'disclaimer1','disclaimer1',NULL,'{\"13f581e3-1751-464d-9b4b-65a1a57a2c2e\":\"disclaimer1\"}',1,'2026-02-21 15:33:15','2026-02-21 15:33:15','e762bb90-fd7d-4e11-a1b4-07cf300cde6a'),
(976,976,1,'Treatment 2','treatment-2','treatments/treatment-2','{\"15c485a1-c1dd-465e-93b2-21f693927c55\":[81]}',1,'2026-02-21 15:39:55','2026-02-21 15:39:55','19d9ae0a-aace-4201-a053-e831d0457238'),
(977,977,1,'Treatment Overview','treatment-overview',NULL,'{\"27981bad-5628-40c6-8263-ab2118bca482\":\"LOREM IPSUM\",\"a2a192d6-b8b6-40f0-9ac2-e971e485a9e8\":\"Treatment Overview 2\"}',1,'2026-02-21 15:39:55','2026-02-21 15:39:55','8aac3879-728e-4c6f-91dd-da25e035cefe'),
(984,984,1,'One Session 2','one-session',NULL,'{\"13f581e3-1751-464d-9b4b-65a1a57a2c2e\":\"One Session 2\"}',1,'2026-02-21 15:44:00','2026-02-21 15:46:44','f266e9c2-e6ef-4565-a379-5c12519d6775'),
(985,985,1,'Anaesthetic not normally required','anaesthetic-not-normally-required',NULL,'{\"13f581e3-1751-464d-9b4b-65a1a57a2c2e\":\"Anaesthetic not normally required\"}',1,'2026-02-21 15:44:00','2026-02-21 15:44:00','bf20ed4f-3443-4069-a857-abb6999ddf19'),
(986,986,1,'Results visible in 2 weeks','results-visible-in-2-weeks',NULL,'{\"13f581e3-1751-464d-9b4b-65a1a57a2c2e\":\"Results visible in 2 weeks\"}',1,'2026-02-21 15:44:00','2026-02-21 15:44:00','dea3487a-42bc-4cac-9b35-826e18ca479e'),
(987,987,1,'Very low discomfort','very-low-discomfort',NULL,'{\"13f581e3-1751-464d-9b4b-65a1a57a2c2e\":\"Very low discomfort\"}',1,'2026-02-21 15:44:00','2026-02-21 15:44:00','39eab439-94c2-4de4-9b34-fa544aeec8ff'),
(988,988,1,'Treatment 2','treatment-2','treatments/treatment-2','{\"15c485a1-c1dd-465e-93b2-21f693927c55\":[81]}',1,'2026-02-21 15:44:00','2026-02-21 15:44:00','21ee3b4b-1b69-4d47-a783-ebee2ee874f0'),
(989,989,1,'Treatment Overview','treatment-overview',NULL,'{\"27981bad-5628-40c6-8263-ab2118bca482\":\"LOREM IPSUM\",\"a2a192d6-b8b6-40f0-9ac2-e971e485a9e8\":\"Treatment Overview 2\"}',1,'2026-02-21 15:44:00','2026-02-21 15:44:00','7e7d6835-9d0d-492d-99e0-7e9deb6908f1'),
(990,990,1,'One Session','one-session',NULL,'{\"13f581e3-1751-464d-9b4b-65a1a57a2c2e\":\"One Session\"}',1,'2026-02-21 15:44:00','2026-02-21 15:44:00','ab1e2334-b748-4b53-8ff0-c57a3e6461be'),
(991,991,1,'Anaesthetic not normally required','anaesthetic-not-normally-required',NULL,'{\"13f581e3-1751-464d-9b4b-65a1a57a2c2e\":\"Anaesthetic not normally required\"}',1,'2026-02-21 15:44:00','2026-02-21 15:44:00','07dde186-0c87-47e4-8727-c21a78a0c6ad'),
(992,992,1,'Results visible in 2 weeks','results-visible-in-2-weeks',NULL,'{\"13f581e3-1751-464d-9b4b-65a1a57a2c2e\":\"Results visible in 2 weeks\"}',1,'2026-02-21 15:44:00','2026-02-21 15:44:00','ad179ced-bbcf-4b2c-a26d-1ab7e4becb95'),
(993,993,1,'Very low discomfort','very-low-discomfort',NULL,'{\"13f581e3-1751-464d-9b4b-65a1a57a2c2e\":\"Very low discomfort\"}',1,'2026-02-21 15:44:00','2026-02-21 15:44:00','8c851f10-f239-4c29-b9c1-a427522b694a'),
(997,997,1,'Treatment 2','treatment-2','treatments/treatment-2','{\"15c485a1-c1dd-465e-93b2-21f693927c55\":[81]}',1,'2026-02-21 15:46:44','2026-02-21 15:46:44','73521cc4-2592-497f-8c87-9e5202b7e1fc'),
(998,998,1,'Treatment Overview','treatment-overview',NULL,'{\"27981bad-5628-40c6-8263-ab2118bca482\":\"LOREM IPSUM\",\"a2a192d6-b8b6-40f0-9ac2-e971e485a9e8\":\"Treatment Overview 2\"}',1,'2026-02-21 15:46:44','2026-02-21 15:46:44','4ed97e2c-4ab4-488a-b8f4-cbc2adba5563'),
(999,999,1,'One Session 2','one-session',NULL,'{\"13f581e3-1751-464d-9b4b-65a1a57a2c2e\":\"One Session 2\"}',1,'2026-02-21 15:46:44','2026-02-21 15:46:44','00ae9c08-e297-422b-9aa5-09c3067fdfc3'),
(1002,1002,1,'Why Choose This Treatment 2','why-choose-this-treatment',NULL,'{\"f8e6258b-90c5-4137-bace-60c62639da4a\":\"Lorem Ipsum\",\"3cbe2fed-6999-4764-ab9a-308f0b982499\":\"Why Choose This Treatment 2\",\"45c80109-3898-433b-96cc-3838022d84f9\":\"Experience the difference of expert care, advanced technology, and personalised treatment plans designed to deliver exceptional results. 2\"}',1,'2026-02-21 15:48:30','2026-02-21 15:52:04','3803e21a-2336-442a-9ae9-0bb2e158d945'),
(1003,1003,1,'Treatment 2','treatment-2','treatments/treatment-2','{\"15c485a1-c1dd-465e-93b2-21f693927c55\":[81]}',1,'2026-02-21 15:48:30','2026-02-21 15:48:30','84207b1a-05bb-4cc9-9e78-3a71ea6f102e'),
(1004,1004,1,'Why Choose This Treatment','why-choose-this-treatment',NULL,'{\"f8e6258b-90c5-4137-bace-60c62639da4a\":\"Lorem Ipsum\",\"3cbe2fed-6999-4764-ab9a-308f0b982499\":\"Why Choose This Treatment\",\"db7918aa-60f2-454f-9d14-9d535b27014e\":\"left\"}',1,'2026-02-21 15:48:30','2026-02-21 15:48:30','76769812-6b88-4f8b-bb98-5b5bc385bc31'),
(1011,1011,1,'Targeted Results 2','targeted-results',NULL,'{\"1ae5caab-db45-4566-bedb-13220889b058\":\"fa-solid fa-chart-column text-2xl\",\"6ca65211-02ec-4f68-960c-39eb200c7e18\":\"Targeted Results 2\",\"28708981-cf62-4bc8-916e-3de90d2c1149\":\"Precision technology and personalised treatment plans ensure optimal outcomes tailored to your unique skin concerns. 2\"}',1,'2026-02-21 15:50:56','2026-02-21 15:51:33','27de1231-504d-4dcb-aa51-8f015f9f9962'),
(1012,1012,1,'Safety First','safety-first',NULL,'{\"1ae5caab-db45-4566-bedb-13220889b058\":\"fa-solid fa-chart-column text-2xl\",\"6ca65211-02ec-4f68-960c-39eb200c7e18\":\"Safety First\",\"28708981-cf62-4bc8-916e-3de90d2c1149\":\"All treatments are FDA approved and backed by extensive clinical research, ensuring the highest standards of safety and efficacy. Our rigorous protocols prioritise your well-being above all else.\"}',1,'2026-02-21 15:50:56','2026-02-21 15:50:56','4a3b1b1d-0ca0-45ff-b765-4b9605285473'),
(1013,1013,1,'Expert Care','expert-care',NULL,'{\"1ae5caab-db45-4566-bedb-13220889b058\":\"fa-solid fa-chart-column text-2xl\",\"6ca65211-02ec-4f68-960c-39eb200c7e18\":\"Expert Care\",\"28708981-cf62-4bc8-916e-3de90d2c1149\":\"Qualified practitioners with years of experience deliver exceptional personalised care.\"}',1,'2026-02-21 15:50:56','2026-02-21 15:50:56','226f4a19-d565-4e11-bb55-402fe554c4a8'),
(1014,1014,1,'Proven Excellence','proven-excellence',NULL,'{\"1ae5caab-db45-4566-bedb-13220889b058\":\"fa-solid fa-chart-column text-2xl\",\"6ca65211-02ec-4f68-960c-39eb200c7e18\":\"Proven Excellence\",\"28708981-cf62-4bc8-916e-3de90d2c1149\":\"Thousands of satisfied clients demonstrate our commitment to exceptional outcomes.\"}',1,'2026-02-21 15:50:56','2026-02-21 15:50:56','4ca0c581-4229-4724-a413-58dbb969bc9c'),
(1015,1015,1,'Treatment 2','treatment-2','treatments/treatment-2','{\"15c485a1-c1dd-465e-93b2-21f693927c55\":[81]}',1,'2026-02-21 15:50:56','2026-02-21 15:50:56','84b4da56-1f5e-41c6-a4ae-9ff15c789067'),
(1016,1016,1,'Why Choose This Treatment','why-choose-this-treatment',NULL,'{\"f8e6258b-90c5-4137-bace-60c62639da4a\":\"Lorem Ipsum\",\"3cbe2fed-6999-4764-ab9a-308f0b982499\":\"Why Choose This Treatment\",\"45c80109-3898-433b-96cc-3838022d84f9\":\"Experience the difference of expert care, advanced technology, and personalised treatment plans designed to deliver exceptional results.\"}',1,'2026-02-21 15:50:57','2026-02-21 15:50:57','67c8f9d3-eb0e-48ca-896a-0b09b0f6fd9f'),
(1017,1017,1,'Targeted Results','targeted-results',NULL,'{\"1ae5caab-db45-4566-bedb-13220889b058\":\"fa-solid fa-chart-column text-2xl\",\"6ca65211-02ec-4f68-960c-39eb200c7e18\":\"Targeted Results\",\"28708981-cf62-4bc8-916e-3de90d2c1149\":\"Precision technology and personalised treatment plans ensure optimal outcomes tailored to your unique skin concerns.\"}',1,'2026-02-21 15:50:57','2026-02-21 15:50:57','beb15edb-484f-4ee4-930f-d79a50f92418'),
(1018,1018,1,'Safety First','safety-first',NULL,'{\"1ae5caab-db45-4566-bedb-13220889b058\":\"fa-solid fa-chart-column text-2xl\",\"6ca65211-02ec-4f68-960c-39eb200c7e18\":\"Safety First\",\"28708981-cf62-4bc8-916e-3de90d2c1149\":\"All treatments are FDA approved and backed by extensive clinical research, ensuring the highest standards of safety and efficacy. Our rigorous protocols prioritise your well-being above all else.\"}',1,'2026-02-21 15:50:57','2026-02-21 15:50:57','28117a4c-5823-400a-a70f-7f6916ce2d3a'),
(1019,1019,1,'Expert Care','expert-care',NULL,'{\"1ae5caab-db45-4566-bedb-13220889b058\":\"fa-solid fa-chart-column text-2xl\",\"6ca65211-02ec-4f68-960c-39eb200c7e18\":\"Expert Care\",\"28708981-cf62-4bc8-916e-3de90d2c1149\":\"Qualified practitioners with years of experience deliver exceptional personalised care.\"}',1,'2026-02-21 15:50:57','2026-02-21 15:50:57','53191f0f-7f0f-4026-beda-3bae4e25412c'),
(1020,1020,1,'Proven Excellence','proven-excellence',NULL,'{\"1ae5caab-db45-4566-bedb-13220889b058\":\"fa-solid fa-chart-column text-2xl\",\"6ca65211-02ec-4f68-960c-39eb200c7e18\":\"Proven Excellence\",\"28708981-cf62-4bc8-916e-3de90d2c1149\":\"Thousands of satisfied clients demonstrate our commitment to exceptional outcomes.\"}',1,'2026-02-21 15:50:57','2026-02-21 15:50:57','17ba67a2-4dc7-401d-b97b-3dfc208fdf1c'),
(1024,1024,1,'Treatment 2','treatment-2','treatments/treatment-2','{\"15c485a1-c1dd-465e-93b2-21f693927c55\":[81]}',1,'2026-02-21 15:51:33','2026-02-21 15:51:33','aae5fb0d-fcb0-477b-b7bd-ea988c6bed6f'),
(1025,1025,1,'Why Choose This Treatment 2','why-choose-this-treatment',NULL,'{\"f8e6258b-90c5-4137-bace-60c62639da4a\":\"Lorem Ipsum\",\"3cbe2fed-6999-4764-ab9a-308f0b982499\":\"Why Choose This Treatment\",\"45c80109-3898-433b-96cc-3838022d84f9\":\"Experience the difference of expert care, advanced technology, and personalised treatment plans designed to deliver exceptional results.\"}',1,'2026-02-21 15:51:33','2026-02-21 15:51:33','c0aa52d2-05d3-481a-8c17-aac8df1f951c'),
(1026,1026,1,'Targeted Results 2','targeted-results',NULL,'{\"1ae5caab-db45-4566-bedb-13220889b058\":\"fa-solid fa-chart-column text-2xl\",\"6ca65211-02ec-4f68-960c-39eb200c7e18\":\"Targeted Results 2\",\"28708981-cf62-4bc8-916e-3de90d2c1149\":\"Precision technology and personalised treatment plans ensure optimal outcomes tailored to your unique skin concerns. 2\"}',1,'2026-02-21 15:51:33','2026-02-21 15:51:33','0e7fc3dd-5bbe-47d1-ae03-74b834fd3a78'),
(1029,1029,1,'Treatment 2','treatment-2','treatments/treatment-2','{\"15c485a1-c1dd-465e-93b2-21f693927c55\":[81]}',1,'2026-02-21 15:52:04','2026-02-21 15:52:04','7e56581a-db0a-42e7-9db7-9bf50029088e'),
(1030,1030,1,'Why Choose This Treatment 2','why-choose-this-treatment',NULL,'{\"f8e6258b-90c5-4137-bace-60c62639da4a\":\"Lorem Ipsum\",\"3cbe2fed-6999-4764-ab9a-308f0b982499\":\"Why Choose This Treatment 2\",\"45c80109-3898-433b-96cc-3838022d84f9\":\"Experience the difference of expert care, advanced technology, and personalised treatment plans designed to deliver exceptional results. 2\"}',1,'2026-02-21 15:52:04','2026-02-21 15:52:04','b15534b3-3de5-4d3c-a93c-bff6885b9680'),
(1033,1033,1,'Treatment 2','treatment-2','treatments/treatment-2','{\"15c485a1-c1dd-465e-93b2-21f693927c55\":[81]}',1,'2026-02-21 15:52:58','2026-02-21 15:52:58','d5ce1fda-1b6a-43cb-9c62-6e2aaa92ec05'),
(1034,1034,1,'Why Choose This Treatment 2','why-choose-this-treatment',NULL,'{\"f8e6258b-90c5-4137-bace-60c62639da4a\":\"Lorem Ipsum\",\"3cbe2fed-6999-4764-ab9a-308f0b982499\":\"Why Choose This Treatment 2\",\"45c80109-3898-433b-96cc-3838022d84f9\":\"Experience the difference of expert care, advanced technology, and personalised treatment plans designed to deliver exceptional results. 2\"}',1,'2026-02-21 15:52:58','2026-02-21 15:52:58','fbfc5ce6-a9b1-4c6a-b2d9-47ef6bbdf402'),
(1037,1037,1,'Baton Rouge Office JPG',NULL,NULL,NULL,1,'2026-02-21 15:54:37','2026-02-21 15:54:37','a6434bcd-4a61-4ce5-aeab-05a1733ad4c5'),
(1038,1038,1,'What is Treatment 3?','what-is-treatment-3',NULL,'{\"a8216afd-a278-431d-9241-249a8482c463\":\"Lorem Ipsum\",\"7139eaa1-a3c8-41e6-8bea-bbf2be110df9\":\"What is Treatment 3?\",\"8f4ed747-6538-42b3-9204-10e4e72f859a\":\"Swipe to reveal the transformation. See the remarkable results our patients have achieved.\",\"275f9f89-7d68-41ef-9e4d-b2f9f830d528\":\"Dr Rachel – the woman behind the needle 2\",\"09b096a5-3744-49b5-aca3-68c5a759cee3\":\"Treatment 2 is a revolutionary non-surgical cosmetic treatment designed to rejuvenate and enhance your skin\'s natural appearance. This advanced procedure combines cutting-edge technology with expert clinical care to address a wide range of aesthetic concerns, from fine lines and wrinkles to uneven skin tone and texture.\",\"aa302180-85b3-4ce4-a24d-7851a05f80b3\":\"The treatment works by stimulating your skin\'s natural collagen production and cellular renewal processes. Through carefully controlled techniques, we can target specific areas of concern while maintaining the natural contours and expressions that make you uniquely you.\",\"00524f8a-98d9-4f47-b5d0-b4c407115118\":[81],\"556a3ac6-956d-48f1-b64a-184871e63dde\":\"Dr Rachel – the woman behind the needle 2\",\"c38db626-85ba-4201-9240-e8c2b19beb5e\":\"Unlike invasive surgical procedures, Treatment 2 requires minimal downtime and offers gradual, natural-looking improvements. The treatment is suitable for individuals seeking to address signs of aging, improve skin quality, or enhance their overall complexion without the commitment and recovery time associated with surgical interventions.\",\"26816f50-cf23-4107-b380-4cc8fc57871b\":\"The science behind Treatment 2 is backed by years of clinical research and proven results. Our practitioners stay at the forefront of aesthetic medicine, continuously updating their techniques and knowledge to provide you with the most effective and advanced treatments available.\",\"7509c6f1-b682-433b-9708-0d83e83f3a1f\":[81],\"189b4eff-c4aa-4bd6-885c-24922e54375f\":\"\\\"The results exceeded my expectations. Dr. Rachel took time to understand exactly what I wanted and delivered natural-looking results that made me feel like myself again, just refreshed.\\\"  2\",\"a0af3f1d-586c-4a0f-a63b-23905a40f7f4\":\"Sarah Mitchell 2\",\"2b3e1715-32ff-447b-9460-6469aeb01c95\":\"Botox & Dermal Fillers 2\",\"662abfc6-cb86-492b-a40d-00775916402e\":\"S. M.\",\"780ba720-3833-46e6-89d7-7d24cc606852\":4,\"80b2559f-f6ea-4425-a80c-d4905608eff9\":\"Why Choose Our Harley Street Clinic? 2\",\"2e2b47ba-c967-4b16-8293-07e5c74319fe\":\"Located in the heart of London\'s prestigious Harley Street medical district, our clinic combines world-class expertise with state-of-the-art facilities. Our team of highly qualified practitioners brings together years of experience in aesthetic medicine, ensuring that every treatment is performed to the highest professional standards.  2\",\"bae8aad6-de36-441f-bb76-34f1e3a478b2\":\"Book Consultation 2\",\"3ca08555-77e8-454e-8700-705a90cc539c\":\"#\"}',1,'2026-02-21 15:57:52','2026-02-21 15:57:52','f324cf68-1d5d-4c08-a52c-7e7bddd2c566'),
(1039,1039,1,'Treatment 2','treatment-2','treatments/treatment-2','{\"15c485a1-c1dd-465e-93b2-21f693927c55\":[81]}',1,'2026-02-21 15:57:52','2026-02-21 15:57:52','99971df4-2282-476c-9179-7b2026f3f7c5'),
(1040,1040,1,'What is Treatment 3?','what-is-treatment-3',NULL,'{\"a8216afd-a278-431d-9241-249a8482c463\":\"Lorem Ipsum\",\"7139eaa1-a3c8-41e6-8bea-bbf2be110df9\":\"What is Treatment 3?\",\"8f4ed747-6538-42b3-9204-10e4e72f859a\":\"Swipe to reveal the transformation. See the remarkable results our patients have achieved.\",\"275f9f89-7d68-41ef-9e4d-b2f9f830d528\":\"Dr Rachel – the woman behind the needle 2\",\"09b096a5-3744-49b5-aca3-68c5a759cee3\":\"Treatment 2 is a revolutionary non-surgical cosmetic treatment designed to rejuvenate and enhance your skin\'s natural appearance. This advanced procedure combines cutting-edge technology with expert clinical care to address a wide range of aesthetic concerns, from fine lines and wrinkles to uneven skin tone and texture.\",\"aa302180-85b3-4ce4-a24d-7851a05f80b3\":\"The treatment works by stimulating your skin\'s natural collagen production and cellular renewal processes. Through carefully controlled techniques, we can target specific areas of concern while maintaining the natural contours and expressions that make you uniquely you.\",\"00524f8a-98d9-4f47-b5d0-b4c407115118\":[81],\"556a3ac6-956d-48f1-b64a-184871e63dde\":\"Dr Rachel – the woman behind the needle 2\",\"c38db626-85ba-4201-9240-e8c2b19beb5e\":\"Unlike invasive surgical procedures, Treatment 2 requires minimal downtime and offers gradual, natural-looking improvements. The treatment is suitable for individuals seeking to address signs of aging, improve skin quality, or enhance their overall complexion without the commitment and recovery time associated with surgical interventions.\",\"26816f50-cf23-4107-b380-4cc8fc57871b\":\"The science behind Treatment 2 is backed by years of clinical research and proven results. Our practitioners stay at the forefront of aesthetic medicine, continuously updating their techniques and knowledge to provide you with the most effective and advanced treatments available.\",\"7509c6f1-b682-433b-9708-0d83e83f3a1f\":[81],\"189b4eff-c4aa-4bd6-885c-24922e54375f\":\"\\\"The results exceeded my expectations. Dr. Rachel took time to understand exactly what I wanted and delivered natural-looking results that made me feel like myself again, just refreshed.\\\"  2\",\"a0af3f1d-586c-4a0f-a63b-23905a40f7f4\":\"Sarah Mitchell 2\",\"2b3e1715-32ff-447b-9460-6469aeb01c95\":\"Botox & Dermal Fillers 2\",\"662abfc6-cb86-492b-a40d-00775916402e\":\"S. M.\",\"780ba720-3833-46e6-89d7-7d24cc606852\":4,\"80b2559f-f6ea-4425-a80c-d4905608eff9\":\"Why Choose Our Harley Street Clinic? 2\",\"2e2b47ba-c967-4b16-8293-07e5c74319fe\":\"Located in the heart of London\'s prestigious Harley Street medical district, our clinic combines world-class expertise with state-of-the-art facilities. Our team of highly qualified practitioners brings together years of experience in aesthetic medicine, ensuring that every treatment is performed to the highest professional standards.  2\",\"bae8aad6-de36-441f-bb76-34f1e3a478b2\":\"Book Consultation 2\",\"3ca08555-77e8-454e-8700-705a90cc539c\":\"#\"}',1,'2026-02-21 15:57:52','2026-02-21 15:57:52','bb99a1bf-ba1d-4e26-a1d7-61eb172c9b6e'),
(1043,1043,1,'Who Should Consider This Treatment? 2','who-should-consider-this-treatment',NULL,'{\"b813f809-47c0-4f2e-9d84-af3f38d219d8\":\"Lorem Ipsum 2\",\"ec84beab-fa56-42e3-aba5-c6f50d7ff782\":\"Who Should Consider This Treatment? 2\",\"e7f2072c-cd79-4083-a671-932331be040a\":\"<p>Treatment 2 is an ideal solution for individuals seeking to improve their skin\'s appearance and address various aesthetic concerns without undergoing invasive surgical procedures. This treatment is particularly well-suited for those who want to enhance their natural beauty while maintaining their unique facial characteristics and expressions.</p><p> </p><h3>Ideal Candidates Include Those With:</h3><ul><li>Fine lines and wrinkles that have begun to appear on the face and neck</li><li>Uneven skin tone or texture, including hyperpigmentation and age spots</li><li>Loss of skin elasticity and firmness, particularly around the jawline and neck</li><li>Acne scars or other textural irregularities that affect skin smoothness</li><li>Dull or lackluster complexion that needs revitalization</li><li>Desire for a non-surgical approach to skin rejuvenation with minimal downtime</li></ul>\",\"118194fa-ddcc-47a9-a830-ee1ba1c92a86\":[]}',1,'2026-02-21 16:00:47','2026-02-21 16:07:21','1bd79fbc-718a-4e01-b3a7-8d75da96e716'),
(1044,1044,1,'Treatment 2','treatment-2','treatments/treatment-2','{\"15c485a1-c1dd-465e-93b2-21f693927c55\":[81]}',1,'2026-02-21 16:00:47','2026-02-21 16:00:47','af632cf0-420c-49d3-bda5-773c76b779bd'),
(1045,1045,1,'Who Should Consider This Treatment?','who-should-consider-this-treatment',NULL,'{\"b813f809-47c0-4f2e-9d84-af3f38d219d8\":\"Lorem Ipsum\",\"ec84beab-fa56-42e3-aba5-c6f50d7ff782\":\"Who Should Consider This Treatment?\",\"e7f2072c-cd79-4083-a671-932331be040a\":\"<p>Treatment 2 is an ideal solution for individuals seeking to improve their skin\'s appearance and address various aesthetic concerns without undergoing invasive surgical procedures. This treatment is particularly well-suited for those who want to enhance their natural beauty while maintaining their unique facial characteristics and expressions.</p><h3>Ideal Candidates Include Those With:</h3><ul><li>Fine lines and wrinkles that have begun to appear on the face and neck</li><li>Uneven skin tone or texture, including hyperpigmentation and age spots</li><li>Loss of skin elasticity and firmness, particularly around the jawline and neck</li><li>Acne scars or other textural irregularities that affect skin smoothness</li><li>Dull or lackluster complexion that needs revitalization</li><li>Desire for a non-surgical approach to skin rejuvenation with minimal downtime</li></ul>\"}',1,'2026-02-21 16:00:47','2026-02-21 16:00:47','a56e2d06-dd38-434f-b5ce-cd20cdd94667'),
(1048,1048,1,'Treatment 2','treatment-2','treatments/treatment-2','{\"15c485a1-c1dd-465e-93b2-21f693927c55\":[81]}',1,'2026-02-21 16:01:13','2026-02-21 16:01:13','f45752cf-e2d7-4a0b-83cb-bda3203906e3'),
(1049,1049,1,'Who Should Consider This Treatment? 2','who-should-consider-this-treatment',NULL,'{\"b813f809-47c0-4f2e-9d84-af3f38d219d8\":\"Lorem Ipsum 2\",\"ec84beab-fa56-42e3-aba5-c6f50d7ff782\":\"Who Should Consider This Treatment? 2\",\"e7f2072c-cd79-4083-a671-932331be040a\":\"<p>Treatment 2 is an ideal solution for individuals seeking to improve their skin\'s appearance and address various aesthetic concerns without undergoing invasive surgical procedures. This treatment is particularly well-suited for those who want to enhance their natural beauty while maintaining their unique facial characteristics and expressions.</p><h3>Ideal Candidates Include Those With:</h3><ul><li>Fine lines and wrinkles that have begun to appear on the face and neck</li><li>Uneven skin tone or texture, including hyperpigmentation and age spots</li><li>Loss of skin elasticity and firmness, particularly around the jawline and neck</li><li>Acne scars or other textural irregularities that affect skin smoothness</li><li>Dull or lackluster complexion that needs revitalization</li><li>Desire for a non-surgical approach to skin rejuvenation with minimal downtime</li></ul>\"}',1,'2026-02-21 16:01:13','2026-02-21 16:01:13','2a7c897d-6d83-42b8-9e68-5ff1494f9de5'),
(1052,1052,1,'Treatment 2','treatment-2','treatments/treatment-2','{\"15c485a1-c1dd-465e-93b2-21f693927c55\":[81]}',1,'2026-02-21 16:07:21','2026-02-21 16:07:21','a69af0da-42be-4b86-90a4-db243fa507f0'),
(1053,1053,1,'Who Should Consider This Treatment? 2','who-should-consider-this-treatment',NULL,'{\"b813f809-47c0-4f2e-9d84-af3f38d219d8\":\"Lorem Ipsum 2\",\"ec84beab-fa56-42e3-aba5-c6f50d7ff782\":\"Who Should Consider This Treatment? 2\",\"e7f2072c-cd79-4083-a671-932331be040a\":\"<p>Treatment 2 is an ideal solution for individuals seeking to improve their skin\'s appearance and address various aesthetic concerns without undergoing invasive surgical procedures. This treatment is particularly well-suited for those who want to enhance their natural beauty while maintaining their unique facial characteristics and expressions.</p><p> </p><h3>Ideal Candidates Include Those With:</h3><ul><li>Fine lines and wrinkles that have begun to appear on the face and neck</li><li>Uneven skin tone or texture, including hyperpigmentation and age spots</li><li>Loss of skin elasticity and firmness, particularly around the jawline and neck</li><li>Acne scars or other textural irregularities that affect skin smoothness</li><li>Dull or lackluster complexion that needs revitalization</li><li>Desire for a non-surgical approach to skin rejuvenation with minimal downtime</li></ul>\"}',1,'2026-02-21 16:07:21','2026-02-21 16:07:21','1ceaf048-2c6e-4751-811c-8b65079cd33f'),
(1057,1057,1,'Transformations','transformations',NULL,'{\"b711d73c-2e12-484e-aa49-7fbd53b17a66\":\"Transformations 2\",\"f6773126-ca9b-4379-9aa4-35fdc0de9bbd\":\"Real Results 2\",\"d5be8f8e-04d2-4f39-bd44-54d27923b9d5\":\"Swipe to reveal the transformation. See the remarkable results our patients have achieved.\",\"49644737-b16a-4ec0-9507-72c7d47013c5\":[112,99,89]}',1,'2026-02-21 16:08:29','2026-02-21 16:08:29','8c6eac7b-30a6-4c53-934f-92f09523a2e1'),
(1058,1058,1,'Treatment 2','treatment-2','treatments/treatment-2','{\"15c485a1-c1dd-465e-93b2-21f693927c55\":[81]}',1,'2026-02-21 16:08:29','2026-02-21 16:08:29','36aff079-7a73-4e22-9a4e-d225e3f1f59d'),
